{"id":22071,"date":"2024-10-23T11:46:13","date_gmt":"2024-10-23T11:46:13","guid":{"rendered":"https:\/\/www.rivera.gub.uy\/medioambiente\/?page_id=22071"},"modified":"2025-03-25T15:08:26","modified_gmt":"2025-03-25T15:08:26","slug":"microcentromascircular","status":"publish","type":"page","link":"https:\/\/www.rivera.gub.uy\/medioambiente\/microcentromascircular\/","title":{"rendered":"Microcentro M\u00e1s Circular"},"content":{"rendered":"<div id=\"pl-22071\"  class=\"panel-layout\" ><div id=\"pg-22071-0\"  class=\"panel-grid panel-no-style\" ><div id=\"pgc-22071-0-0\"  class=\"panel-grid-cell\" ><div id=\"panel-22071-0-0-0\" class=\"so-panel widget widget_sow-editor panel-first-child panel-last-child\" data-index=\"0\" ><div\n\t\t\t\n\t\t\tclass=\"so-widget-sow-editor so-widget-sow-editor-base\"\n\t\t\t\n\t\t>\n<div class=\"siteorigin-widget-tinymce textwidget\">\n\t<p><a href=\"https:\/\/www.rivera.gub.uy\/medioambiente\/wp-content\/uploads\/2024\/07\/Rivera-01-VF-h-frame-at-0m1s.jpg\"><img loading=\"lazy\" decoding=\"async\" class=\"aligncenter wp-image-21142 size-full\" src=\"https:\/\/www.rivera.gub.uy\/medioambiente\/wp-content\/uploads\/2024\/07\/Rivera-01-VF-h-frame-at-0m1s.jpg\" alt=\"Microcentro M\u00e1s Circular\" width=\"1920\" height=\"1080\" srcset=\"https:\/\/www.rivera.gub.uy\/medioambiente\/wp-content\/uploads\/2024\/07\/Rivera-01-VF-h-frame-at-0m1s.jpg 1920w, https:\/\/www.rivera.gub.uy\/medioambiente\/wp-content\/uploads\/2024\/07\/Rivera-01-VF-h-frame-at-0m1s-300x169.jpg 300w, https:\/\/www.rivera.gub.uy\/medioambiente\/wp-content\/uploads\/2024\/07\/Rivera-01-VF-h-frame-at-0m1s-1024x576.jpg 1024w, https:\/\/www.rivera.gub.uy\/medioambiente\/wp-content\/uploads\/2024\/07\/Rivera-01-VF-h-frame-at-0m1s-768x432.jpg 768w, https:\/\/www.rivera.gub.uy\/medioambiente\/wp-content\/uploads\/2024\/07\/Rivera-01-VF-h-frame-at-0m1s-1536x864.jpg 1536w, https:\/\/www.rivera.gub.uy\/medioambiente\/wp-content\/uploads\/2024\/07\/Rivera-01-VF-h-frame-at-0m1s-820x461.jpg 820w\" sizes=\"(max-width: 1920px) 100vw, 1920px\" \/><\/a><\/p>\n<blockquote>\n<p>El Proyecto Microcentro M\u00e1s Circular \u00abTransformando los residuos en valor\u00bb, tiene el prop\u00f3sito de mejorar la gesti\u00f3n de los residuos comerciales en el microcentro de la ciudad de Rivera, a trav\u00e9s de la implementaci\u00f3n de un nuevo sistema de recolecci\u00f3n que involucra a empresas, instituciones y colectivos de clasificadores.<\/p>\n<\/blockquote>\n<p>&nbsp;<\/p>\n<p><iframe loading=\"lazy\" title=\"Microcentro m\u00e1s circular\" width=\"1160\" height=\"653\" src=\"https:\/\/www.youtube.com\/embed\/videoseries?list=PLZjHXUFCaF6jU1yUmUUSDiMIwileBXM2f\" frameborder=\"0\" allow=\"accelerometer; autoplay; clipboard-write; encrypted-media; gyroscope; picture-in-picture; web-share\" referrerpolicy=\"strict-origin-when-cross-origin\" allowfullscreen><\/iframe><\/p>\n<\/div>\n<\/div><\/div><\/div><\/div><div id=\"pg-22071-1\"  class=\"panel-grid panel-no-style\" ><div id=\"pgc-22071-1-0\"  class=\"panel-grid-cell\" ><div id=\"panel-22071-1-0-0\" class=\"so-panel widget widget_sow-button panel-first-child panel-last-child\" data-index=\"1\" ><div\n\t\t\t\n\t\t\tclass=\"so-widget-sow-button so-widget-sow-button-wire-36e22cfc6189-22071\"\n\t\t\t\n\t\t><div class=\"ow-button-base ow-button-align-center\">\n\t<a\n\thref=\"https:\/\/drive.google.com\/file\/d\/1qG65CXHl7nMqcnvwQG43rBkEMu6Kxed1\/view?usp=sharing\"\n\t\tclass=\"ow-icon-placement-bottom ow-button-hover\" target=\"_blank\" rel=\"noopener noreferrer\" \t>\n\t\t<span>\n\t\t\t<span class=\"sow-icon-fontawesome sow-far\" data-sow-icon=\"&#xf358;\"\n\t\tstyle=\"\" \n\t\taria-hidden=\"true\"><\/span>\n\t\t\tGu\u00eda sobre gesti\u00f3n de residuos s\u00f3lidos\t\t<\/span>\n\t<\/a>\n<\/div>\n<\/div><\/div><\/div><\/div><\/div>","protected":false},"excerpt":{"rendered":"<p>El Proyecto Microcentro M\u00e1s Circular \u00abTransformando los residuos en valor\u00bb, tiene el prop\u00f3sito de mejorar la gesti\u00f3n de los residuos comerciales en el microcentro de la ciudad de Rivera, a trav\u00e9s de la implementaci\u00f3n de un nuevo sistema de recolecci\u00f3n que involucra a empresas, instituciones y colectivos de clasificadores. &nbsp; https:\/\/www.youtube.com\/playlist?list=PLZjHXUFCaF6jU1yUmUUSDiMIwileBXM2f<\/p>\n","protected":false},"author":1,"featured_media":0,"parent":0,"menu_order":0,"comment_status":"closed","ping_status":"closed","template":"","meta":{"footnotes":""},"_links":{"self":[{"href":"https:\/\/www.rivera.gub.uy\/medioambiente\/wp-json\/wp\/v2\/pages\/22071"}],"collection":[{"href":"https:\/\/www.rivera.gub.uy\/medioambiente\/wp-json\/wp\/v2\/pages"}],"about":[{"href":"https:\/\/www.rivera.gub.uy\/medioambiente\/wp-json\/wp\/v2\/types\/page"}],"author":[{"embeddable":true,"href":"https:\/\/www.rivera.gub.uy\/medioambiente\/wp-json\/wp\/v2\/users\/1"}],"replies":[{"embeddable":true,"href":"https:\/\/www.rivera.gub.uy\/medioambiente\/wp-json\/wp\/v2\/comments?post=22071"}],"version-history":[{"count":5,"href":"https:\/\/www.rivera.gub.uy\/medioambiente\/wp-json\/wp\/v2\/pages\/22071\/revisions"}],"predecessor-version":[{"id":23128,"href":"https:\/\/www.rivera.gub.uy\/medioambiente\/wp-json\/wp\/v2\/pages\/22071\/revisions\/23128"}],"wp:attachment":[{"href":"https:\/\/www.rivera.gub.uy\/medioambiente\/wp-json\/wp\/v2\/media?parent=22071"}],"curies":[{"name":"wp","href":"https:\/\/api.w.org\/{rel}","templated":true}]}}