{"id":2220,"date":"2021-06-15T13:28:21","date_gmt":"2021-06-15T13:28:21","guid":{"rendered":"https:\/\/www.rivera.gub.uy\/medioambiente\/?page_id=2220"},"modified":"2021-07-08T16:35:54","modified_gmt":"2021-07-08T16:35:54","slug":"mieles","status":"publish","type":"page","link":"https:\/\/www.rivera.gub.uy\/medioambiente\/mieles\/","title":{"rendered":"Proyecto Mieles de Rivera"},"content":{"rendered":"<p>&nbsp;<\/p>\n<p><a href=\"https:\/\/www.rivera.gub.uy\/medioambiente\/wp-content\/uploads\/2021\/07\/cabezal-mieles2.png\"><img loading=\"lazy\" decoding=\"async\" class=\"aligncenter wp-image-2260 size-full\" src=\"https:\/\/www.rivera.gub.uy\/medioambiente\/wp-content\/uploads\/2021\/07\/cabezal-mieles2.png\" alt=\"\" width=\"800\" height=\"350\" srcset=\"https:\/\/www.rivera.gub.uy\/medioambiente\/wp-content\/uploads\/2021\/07\/cabezal-mieles2.png 800w, https:\/\/www.rivera.gub.uy\/medioambiente\/wp-content\/uploads\/2021\/07\/cabezal-mieles2-300x131.png 300w, https:\/\/www.rivera.gub.uy\/medioambiente\/wp-content\/uploads\/2021\/07\/cabezal-mieles2-768x336.png 768w\" sizes=\"(max-width: 800px) 100vw, 800px\" \/><\/a><\/p>\n<blockquote><p>El proyecto \u201cImplantaci\u00f3n de una estrategia de Comercializaci\u00f3n de la producci\u00f3n departamental\u201d representa una iniciativa p\u00fablico-privada de desarrollo comercial a largo plazo pionera en el departamento de Rivera y regi\u00f3n.<\/p><\/blockquote>\n<p>Esta estrategia es impulsada por <strong>Intendencia Departamental de Rivera<\/strong>, Agencia Nacional de Desarrollo (ANDE), Ministerio de Ganader\u00eda Agricultura y Pesca (MGAP), Uruguay XXI, Asociaci\u00f3n Comercial e Industrial de Rivera (ACIR) y Intendencia Departamental de Cerro Largo.<\/p>\n<p>El objetivo del proyecto es que nuestros apicultores accedan a mercados que demanden sus productos de alta calidad, aprovechando las ventajas productivas que otorga el territorio como la ausencia de glifosato, obtenidas a partir de la producci\u00f3n en forestaciones de eucalipto.<\/p>\n<p>&nbsp;<\/p>\n<h3>Producto<\/h3>\n<hr \/>\n<p>Somos una marca gubernamental del departamento de Rivera que nuclea a apicultores del norte de Uruguay. Nuestros productores cuentan con un sistema de producci\u00f3n artesanal completamente trazable que permite rastrear cada etapa del proceso. Mieles de Rivera vela por la calidad de sus productos para poder otorgarle a sus clientes la perfecta combinaci\u00f3n de sabor y nutrici\u00f3n.<\/p>\n<p>La miel de eucalipto es la predominante en el territorio debido a las amplias superficies forestales de la regi\u00f3n y a la alta productividad de estas especies.<\/p>\n<p>&nbsp;<\/p>\n<blockquote><p>Caracter\u00edsticas organol\u00e9pticas de la miel de Eucalipto<\/p>\n<ul>\n<li>Sabor: Fuerte y ligeramente amaderado<\/li>\n<li>Olor: Bals\u00e1mico<\/li>\n<li>Color: Light Ambar y Extra Light Ambar<\/li>\n<\/ul>\n<\/blockquote>\n<h3>Propiedades<\/h3>\n<hr \/>\n<p>La producci\u00f3n org\u00e1nica y artesanal de nuestras mieles garantizan la inocuidad del producto que se adecua a las normas m\u00e1s exigentes de control.<\/p>\n<p>Si bien las mieles en general act\u00faan contra resfriados y gripes, la miel de eucalipto es m\u00e1s potente en el combate a estos cuadros por ser un alimento rico en vitaminas A, B y C. Esto le otorga a la miel propiedades antimicrobianas y antioxidantes que fortalecen el sistema inmunol\u00f3gico. Asimismo, la vitamina B en particular, contribuye con altos valores energ\u00e9ticos para el organismo, evitando la fatiga y el cansancio.<\/p>\n<p>El consumo de la miel de eucalipto ayuda en el combate y prevenci\u00f3n de enfermedades respiratorias como tos al\u00e9rgica, sinusitis, asma, bronquitis y faringitis. Adem\u00e1s, es un excelente expectorante natural.<\/p>\n<p>Sus propiedades antis\u00e9pticas y antiinflamatorias hacen de este tipo de miel un notable desinfectante del tracto urinario. Es recomendado para aquellas personas que sufren de cistitis, nefritis o tengan predisposici\u00f3n a formar c\u00e1lculos renales.<\/p>\n<p>&nbsp;<\/p>\n<p><iframe loading=\"lazy\" title=\"Consuma Miel de calidad, consuma Mieles de Rivera\" width=\"1160\" height=\"653\" src=\"https:\/\/www.youtube.com\/embed\/Z7IK2ZxcbjM?feature=oembed\" frameborder=\"0\" allow=\"accelerometer; autoplay; clipboard-write; encrypted-media; gyroscope; picture-in-picture\" allowfullscreen><\/iframe><\/p>\n<p>&nbsp;<\/p>\n<h3>Productores<\/h3>\n<hr \/>\n<p>El grupo est\u00e1 conformado 33 productores de los departamentos de Rivera, Tacuaremb\u00f3, Artigas y Cerro Largo que cuentan con un total de 8.000 colmenas, esto equivale aproximadamente a 240 toneladas de miel u 11 contenedores.<\/p>\n<p>&nbsp;<\/p>\n<h3>Cursos<\/h3>\n<hr \/>\n<p>Hemos realizado instancias de capacitaci\u00f3n en el \u00e1mbito productivo para garantizar la calidad de la miel de manera sostenida. Por otra parte, tambi\u00e9n se han brindado cursos relacionados al proceso de exportaci\u00f3n, los tr\u00e1mites necesarios, aspectos importantes de una negociaci\u00f3n y un an\u00e1lisis comercial del mercado internacional de la miel.<\/p>\n","protected":false},"excerpt":{"rendered":"<p>&nbsp; El proyecto \u201cImplantaci\u00f3n de una estrategia de Comercializaci\u00f3n de la producci\u00f3n departamental\u201d representa una iniciativa p\u00fablico-privada de desarrollo comercial a largo plazo pionera en el departamento de Rivera y regi\u00f3n. Esta estrategia es impulsada por Intendencia Departamental de Rivera, Agencia Nacional de Desarrollo (ANDE), Ministerio de Ganader\u00eda Agricultura y Pesca (MGAP), Uruguay XXI, Asociaci\u00f3n [&hellip;]<\/p>\n","protected":false},"author":1,"featured_media":0,"parent":0,"menu_order":0,"comment_status":"closed","ping_status":"closed","template":"","meta":{"footnotes":""},"_links":{"self":[{"href":"https:\/\/www.rivera.gub.uy\/medioambiente\/wp-json\/wp\/v2\/pages\/2220"}],"collection":[{"href":"https:\/\/www.rivera.gub.uy\/medioambiente\/wp-json\/wp\/v2\/pages"}],"about":[{"href":"https:\/\/www.rivera.gub.uy\/medioambiente\/wp-json\/wp\/v2\/types\/page"}],"author":[{"embeddable":true,"href":"https:\/\/www.rivera.gub.uy\/medioambiente\/wp-json\/wp\/v2\/users\/1"}],"replies":[{"embeddable":true,"href":"https:\/\/www.rivera.gub.uy\/medioambiente\/wp-json\/wp\/v2\/comments?post=2220"}],"version-history":[{"count":7,"href":"https:\/\/www.rivera.gub.uy\/medioambiente\/wp-json\/wp\/v2\/pages\/2220\/revisions"}],"predecessor-version":[{"id":2261,"href":"https:\/\/www.rivera.gub.uy\/medioambiente\/wp-json\/wp\/v2\/pages\/2220\/revisions\/2261"}],"wp:attachment":[{"href":"https:\/\/www.rivera.gub.uy\/medioambiente\/wp-json\/wp\/v2\/media?parent=2220"}],"curies":[{"name":"wp","href":"https:\/\/api.w.org\/{rel}","templated":true}]}}

<p>&nbsp;</p>
<p><a href="https://www.rivera.gub.uy/medioambiente/wp-content/uploads/2021/07/cabezal-mieles2.png"><img loading="lazy" decoding="async" class="aligncenter wp-image-2260 size-full" src="https://www.rivera.gub.uy/medioambiente/wp-content/uploads/2021/07/cabezal-mieles2.png" alt="" width="800" height="350" srcset="https://www.rivera.gub.uy/medioambiente/wp-content/uploads/2021/07/cabezal-mieles2.png 800w, https://www.rivera.gub.uy/medioambiente/wp-content/uploads/2021/07/cabezal-mieles2-300x131.png 300w, https://www.rivera.gub.uy/medioambiente/wp-content/uploads/2021/07/cabezal-mieles2-768x336.png 768w" sizes="(max-width: 800px) 100vw, 800px" /></a></p>
<blockquote><p>El proyecto “Implantación de una estrategia de Comercialización de la producción departamental” representa una iniciativa público-privada de desarrollo comercial a largo plazo pionera en el departamento de Rivera y región.</p></blockquote>
<p>Esta estrategia es impulsada por <strong>Intendencia Departamental de Rivera</strong>, Agencia Nacional de Desarrollo (ANDE), Ministerio de Ganadería Agricultura y Pesca (MGAP), Uruguay XXI, Asociación Comercial e Industrial de Rivera (ACIR) y Intendencia Departamental de Cerro Largo.</p>
<p>El objetivo del proyecto es que nuestros apicultores accedan a mercados que demanden sus productos de alta calidad, aprovechando las ventajas productivas que otorga el territorio como la ausencia de glifosato, obtenidas a partir de la producción en forestaciones de eucalipto.</p>
<p>&nbsp;</p>
<h3>Producto</h3>
<hr />
<p>Somos una marca gubernamental del departamento de Rivera que nuclea a apicultores del norte de Uruguay. Nuestros productores cuentan con un sistema de producción artesanal completamente trazable que permite rastrear cada etapa del proceso. Mieles de Rivera vela por la calidad de sus productos para poder otorgarle a sus clientes la perfecta combinación de sabor y nutrición.</p>
<p>La miel de eucalipto es la predominante en el territorio debido a las amplias superficies forestales de la región y a la alta productividad de estas especies.</p>
<p>&nbsp;</p>
<blockquote><p>Características organolépticas de la miel de Eucalipto</p>
<ul>
<li>Sabor: Fuerte y ligeramente amaderado</li>
<li>Olor: Balsámico</li>
<li>Color: Light Ambar y Extra Light Ambar</li>
</ul>
</blockquote>
<h3>Propiedades</h3>
<hr />
<p>La producción orgánica y artesanal de nuestras mieles garantizan la inocuidad del producto que se adecua a las normas más exigentes de control.</p>
<p>Si bien las mieles en general actúan contra resfriados y gripes, la miel de eucalipto es más potente en el combate a estos cuadros por ser un alimento rico en vitaminas A, B y C. Esto le otorga a la miel propiedades antimicrobianas y antioxidantes que fortalecen el sistema inmunológico. Asimismo, la vitamina B en particular, contribuye con altos valores energéticos para el organismo, evitando la fatiga y el cansancio.</p>
<p>El consumo de la miel de eucalipto ayuda en el combate y prevención de enfermedades respiratorias como tos alérgica, sinusitis, asma, bronquitis y faringitis. Además, es un excelente expectorante natural.</p>
<p>Sus propiedades antisépticas y antiinflamatorias hacen de este tipo de miel un notable desinfectante del tracto urinario. Es recomendado para aquellas personas que sufren de cistitis, nefritis o tengan predisposición a formar cálculos renales.</p>
<p>&nbsp;</p>
<p><iframe loading="lazy" title="Consuma Miel de calidad, consuma Mieles de Rivera" width="1160" height="653" src="https://www.youtube.com/embed/Z7IK2ZxcbjM?feature=oembed" frameborder="0" allow="accelerometer; autoplay; clipboard-write; encrypted-media; gyroscope; picture-in-picture" allowfullscreen></iframe></p>
<p>&nbsp;</p>
<h3>Productores</h3>
<hr />
<p>El grupo está conformado 33 productores de los departamentos de Rivera, Tacuarembó, Artigas y Cerro Largo que cuentan con un total de 8.000 colmenas, esto equivale aproximadamente a 240 toneladas de miel u 11 contenedores.</p>
<p>&nbsp;</p>
<h3>Cursos</h3>
<hr />
<p>Hemos realizado instancias de capacitación en el ámbito productivo para garantizar la calidad de la miel de manera sostenida. Por otra parte, también se han brindado cursos relacionados al proceso de exportación, los trámites necesarios, aspectos importantes de una negociación y un análisis comercial del mercado internacional de la miel.</p>

<p>&nbsp; El proyecto “Implantación de una estrategia de Comercialización de la producción departamental” representa una iniciativa público-privada de desarrollo comercial a largo plazo pionera en el departamento de Rivera y región. Esta estrategia es impulsada por Intendencia Departamental de Rivera, Agencia Nacional de Desarrollo (ANDE), Ministerio de Ganadería Agricultura y Pesca (MGAP), Uruguay XXI, Asociación [&hellip;]</p>
