{"id":2384,"date":"2021-11-09T16:39:15","date_gmt":"2021-11-09T16:39:15","guid":{"rendered":"https:\/\/www.rivera.gub.uy\/medioambiente\/?page_id=2384"},"modified":"2022-01-25T12:46:54","modified_gmt":"2022-01-25T12:46:54","slug":"division-fumigaciones","status":"publish","type":"page","link":"https:\/\/www.rivera.gub.uy\/medioambiente\/divisiones\/division-fumigaciones\/","title":{"rendered":"Divisi\u00f3n Vigilancia Sanitaria"},"content":{"rendered":"<p><a href=\"https:\/\/www.rivera.gub.uy\/medioambiente\/wp-content\/uploads\/2021\/11\/cabezal-fumigaciones.png\"><img loading=\"lazy\" decoding=\"async\" class=\"aligncenter wp-image-2386 size-full\" src=\"https:\/\/www.rivera.gub.uy\/medioambiente\/wp-content\/uploads\/2021\/11\/cabezal-fumigaciones.png\" alt=\"\" width=\"800\" height=\"350\" srcset=\"https:\/\/www.rivera.gub.uy\/medioambiente\/wp-content\/uploads\/2021\/11\/cabezal-fumigaciones.png 800w, https:\/\/www.rivera.gub.uy\/medioambiente\/wp-content\/uploads\/2021\/11\/cabezal-fumigaciones-300x131.png 300w, https:\/\/www.rivera.gub.uy\/medioambiente\/wp-content\/uploads\/2021\/11\/cabezal-fumigaciones-768x336.png 768w\" sizes=\"(max-width: 800px) 100vw, 800px\" \/><\/a><\/p>\n<blockquote><p>Divisi\u00f3n Vigilancia Sanitaria se especializa en el combate de plagas y vectores en el Departamento de Rivera, a trav\u00e9s del control mediante aplicaci\u00f3n de insecticida, raticida y fumigaciones. Tambi\u00e9n realiza tareas similares en forma programada, por los barrios de la ciudad y localidades del interior.<\/p><\/blockquote>\n<p>&nbsp;<\/p>\n<p><strong>Tareas llevadas a cabo:<\/strong><\/p>\n<ul>\n<li>Control de Plagas<\/li>\n<li>Fumigaciones puerta a puerta en cada barrio de la ciudad.<\/li>\n<li>Fumigaciones, colocaci\u00f3n de raticida y cucarachicida en c\u00e1maras s\u00e9pticas de la ciudad.<\/li>\n<li>Divisi\u00f3n responsable en el control de raticida, cucarachicida y fumigaciones en Instituciones P\u00fablicas.<\/li>\n<li>Control y combate a los camotines.<\/li>\n<li>Atenci\u00f3n al p\u00fablico en la Oficina.<\/li>\n<li>Recepci\u00f3n de solicitudes de la ciudadan\u00eda por medio de llamada <a href=\"tel:+59846231900\">telef\u00f3nica<\/a>, <a href=\"tel:+59899945000\">Whatsapp<\/a>, <a href=\"mailto:fumigaciones@rivera.gub.uy\">correo electr\u00f3nico\u00a0<\/a> y <a href=\"https:\/\/www.rivera.gub.uy\/portal\/tramites-generales\/solicitud-de-fumigacion\/\" target=\"_blank\" rel=\"noopener noreferrer\">formulario en l\u00ednea<\/a>.<\/li>\n<\/ul>\n<p>&nbsp;<\/p>\n<hr \/>\n<p style=\"text-align: center;\"><span style=\"font-size: medium;\">Director: Lunder Moraes<br \/>\n<\/span><span style=\"font-size: medium;\">Direcci\u00f3n: Tribuna Av. Italia &#8211; Estadio Municipal<br \/>\n<\/span><span style=\"font-size: medium;\">Horarios de atenci\u00f3n: lunes a viernes 07:30 a 14:30 horas<br \/>\n<\/span><span style=\"font-size: medium;\">Contacto: <a href=\"tel:+59899945000\">099 945 000<\/a><br \/>\n<\/span><span style=\"font-size: medium;\">e-mail: <a href=\"mailto:fumigaciones@rivera.gub.uy\">fumigaciones@rivera.gub.uy<\/a><\/span><\/p>\n","protected":false},"excerpt":{"rendered":"<p>Divisi\u00f3n Vigilancia Sanitaria se especializa en el combate de plagas y vectores en el Departamento de Rivera, a trav\u00e9s del control mediante aplicaci\u00f3n de insecticida, raticida y fumigaciones. Tambi\u00e9n realiza tareas similares en forma programada, por los barrios de la ciudad y localidades del interior. &nbsp; Tareas llevadas a cabo: Control de Plagas Fumigaciones puerta [&hellip;]<\/p>\n","protected":false},"author":1,"featured_media":0,"parent":11,"menu_order":0,"comment_status":"closed","ping_status":"closed","template":"","meta":{"footnotes":""},"_links":{"self":[{"href":"https:\/\/www.rivera.gub.uy\/medioambiente\/wp-json\/wp\/v2\/pages\/2384"}],"collection":[{"href":"https:\/\/www.rivera.gub.uy\/medioambiente\/wp-json\/wp\/v2\/pages"}],"about":[{"href":"https:\/\/www.rivera.gub.uy\/medioambiente\/wp-json\/wp\/v2\/types\/page"}],"author":[{"embeddable":true,"href":"https:\/\/www.rivera.gub.uy\/medioambiente\/wp-json\/wp\/v2\/users\/1"}],"replies":[{"embeddable":true,"href":"https:\/\/www.rivera.gub.uy\/medioambiente\/wp-json\/wp\/v2\/comments?post=2384"}],"version-history":[{"count":6,"href":"https:\/\/www.rivera.gub.uy\/medioambiente\/wp-json\/wp\/v2\/pages\/2384\/revisions"}],"predecessor-version":[{"id":2627,"href":"https:\/\/www.rivera.gub.uy\/medioambiente\/wp-json\/wp\/v2\/pages\/2384\/revisions\/2627"}],"up":[{"embeddable":true,"href":"https:\/\/www.rivera.gub.uy\/medioambiente\/wp-json\/wp\/v2\/pages\/11"}],"wp:attachment":[{"href":"https:\/\/www.rivera.gub.uy\/medioambiente\/wp-json\/wp\/v2\/media?parent=2384"}],"curies":[{"name":"wp","href":"https:\/\/api.w.org\/{rel}","templated":true}]}}