{"id":518,"date":"2017-04-07T14:46:49","date_gmt":"2017-04-07T14:46:49","guid":{"rendered":"http:\/\/www.rivera.gub.uy\/medioambiente\/?page_id=518"},"modified":"2023-05-11T12:13:50","modified_gmt":"2023-05-11T12:13:50","slug":"desarrollo-rural","status":"publish","type":"page","link":"https:\/\/www.rivera.gub.uy\/medioambiente\/divisiones\/desarrollo-rural\/","title":{"rendered":"Desarrollo Rural"},"content":{"rendered":"<p><img loading=\"lazy\" decoding=\"async\" class=\"size-medium wp-image-481 efecto aligncenter\" src=\"http:\/\/www.rivera.gub.uy\/medioambiente\/wp-content\/uploads\/2017\/07\/cabezal-desarrollo-rural.png\" alt=\"Direcci\u00f3n General de Desarrollo y Medio Ambiente - Intendencia de Rivera\" width=\"800\" height=\"350\" \/><\/p>\n<blockquote><p>Encargada de promover el desarrollo socio econ\u00f3mico de los productores rurales del Departamento, a trav\u00e9s de un equipo multidisciplinario, comprometido con la sustentabilidad y el cuidado de los recursos naturales.<\/p><\/blockquote>\n<p><strong>Tareas que realiza:<\/strong><\/p>\n<ul>\n<li>Prestaci\u00f3n de servicio de laboreos a productores familiares<\/li>\n<li>Asesoramiento t\u00e9cnico<\/li>\n<li>Coordinaciones de proyectos interinstitucionales<\/li>\n<li>Cursos y talleres de capacitaci\u00f3n<\/li>\n<li>Alumbramiento de agua (construcci\u00f3n de pozos de agua) en el medio rural.<\/li>\n<\/ul>\n<hr \/>\n<p style=\"text-align: center;\"><strong>Director:<\/strong> T\u00e9c. Agr. Ra\u00fal Armand Ug\u00f3n<br \/>\n<span style=\"font-weight: 400;\"><strong>Direcci\u00f3n:<\/strong> Pdte Gir\u00f3 1804 &#8211; Polo de Desarrollo Agropecuario<\/span><span style=\"font-weight: 400;\"><br \/>\n<\/span><span style=\"font-weight: 400;\"><strong>Tel:\u00a0<\/strong><a href=\"tel:59846202260\">46202260<\/a><\/span><span style=\"font-weight: 400;\"><br \/>\n<\/span><span style=\"font-weight: 400;\"><strong>Horarios de atenci\u00f3n<\/strong>: lunes a viernes 8:15 a 14:45<\/span><span style=\"font-weight: 400;\"><br \/>\n<\/span><span style=\"font-weight: 400;\"><strong>Mail:<\/strong>\u00a0<a href=\"mailto:desarrollorural@rivera.gub.uy\">desarrollorural@rivera.gub.uy<\/a><\/span><span style=\"font-weight: 400;\"><br \/>\n<\/span><\/p>\n","protected":false},"excerpt":{"rendered":"<p>Encargada de promover el desarrollo socio econ\u00f3mico de los productores rurales del Departamento, a trav\u00e9s de un equipo multidisciplinario, comprometido con la sustentabilidad y el cuidado de los recursos naturales. Tareas que realiza: Prestaci\u00f3n de servicio de laboreos a productores familiares Asesoramiento t\u00e9cnico Coordinaciones de proyectos interinstitucionales Cursos y talleres de capacitaci\u00f3n Alumbramiento de agua [&hellip;]<\/p>\n","protected":false},"author":2,"featured_media":0,"parent":11,"menu_order":0,"comment_status":"closed","ping_status":"closed","template":"","meta":{"footnotes":""},"_links":{"self":[{"href":"https:\/\/www.rivera.gub.uy\/medioambiente\/wp-json\/wp\/v2\/pages\/518"}],"collection":[{"href":"https:\/\/www.rivera.gub.uy\/medioambiente\/wp-json\/wp\/v2\/pages"}],"about":[{"href":"https:\/\/www.rivera.gub.uy\/medioambiente\/wp-json\/wp\/v2\/types\/page"}],"author":[{"embeddable":true,"href":"https:\/\/www.rivera.gub.uy\/medioambiente\/wp-json\/wp\/v2\/users\/2"}],"replies":[{"embeddable":true,"href":"https:\/\/www.rivera.gub.uy\/medioambiente\/wp-json\/wp\/v2\/comments?post=518"}],"version-history":[{"count":12,"href":"https:\/\/www.rivera.gub.uy\/medioambiente\/wp-json\/wp\/v2\/pages\/518\/revisions"}],"predecessor-version":[{"id":1990,"href":"https:\/\/www.rivera.gub.uy\/medioambiente\/wp-json\/wp\/v2\/pages\/518\/revisions\/1990"}],"up":[{"embeddable":true,"href":"https:\/\/www.rivera.gub.uy\/medioambiente\/wp-json\/wp\/v2\/pages\/11"}],"wp:attachment":[{"href":"https:\/\/www.rivera.gub.uy\/medioambiente\/wp-json\/wp\/v2\/media?parent=518"}],"curies":[{"name":"wp","href":"https:\/\/api.w.org\/{rel}","templated":true}]}}