{"id":526,"date":"2017-04-07T14:53:22","date_gmt":"2017-04-07T14:53:22","guid":{"rendered":"http:\/\/www.rivera.gub.uy\/medioambiente\/?page_id=526"},"modified":"2018-02-06T14:14:40","modified_gmt":"2018-02-06T14:14:40","slug":"estrategias-y-articulacion-regional","status":"publish","type":"page","link":"https:\/\/www.rivera.gub.uy\/medioambiente\/divisiones\/estrategias-y-articulacion-regional\/","title":{"rendered":"Estrategias y Articulaci\u00f3n Regional"},"content":{"rendered":"<p><img loading=\"lazy\" decoding=\"async\" class=\"size-medium wp-image-481 efecto aligncenter\" src=\"http:\/\/www.rivera.gub.uy\/medioambiente\/images\/cabezal-estrategias.png\" alt=\"Direcci\u00f3n General de Desarrollo y Medio Ambiente - Intendencia de Rivera\" width=\"800\" height=\"350\" \/><\/p>\n<blockquote><p>Encargada de la generaci\u00f3n de estrategias de desarrollo departamental y de su articulaci\u00f3n en clave regional con un fuerte contenido transfronterizo.<\/p><\/blockquote>\n<p><strong>Tareas que realiza:<\/strong><\/p>\n<ul>\n<li>Implementaci\u00f3n del pacto por el empleo entre el sector empresarial, institucional y obreros en conjunto con MTSS.<\/li>\n<li>Generaci\u00f3n de proyectos de desarrollo departamental y su postulaci\u00f3n a organismos nacionales e internacionales.<\/li>\n<li>Articulaci\u00f3n entre entes p\u00fablicos y privados, nacionales e internacionales para la concreci\u00f3n de acciones que apunten al desarrollo econ\u00f3mico local.<\/li>\n<li>Implementaci\u00f3n de proyectos de desarrollo local como artesanas del Valle del Lunarejo y trazando rumbos con j\u00f3venes rurales de ruta 27.<\/li>\n<\/ul>\n<hr \/>\n<p style=\"text-align: center;\"><strong>Director:<\/strong> Dr. Rodrigo Vargas<br \/>\n<span style=\"font-weight: 400;\"><strong>Direcci\u00f3n:<\/strong> Agraciada 570 piso 1<br \/>\n<\/span><span style=\"font-weight: 400;\"><strong>Tel:<\/strong> <a href=\"tel:59846231900\">4623 1900<\/a> int. 128<br \/>\n<\/span><strong>E-mail:<\/strong> <a href=\"mailto:estrategias@rivera.gub.uy\">estrategias@rivera.gub.uy<\/a><\/p>\n","protected":false},"excerpt":{"rendered":"<p>Encargada de la generaci\u00f3n de estrategias de desarrollo departamental y de su articulaci\u00f3n en clave regional con un fuerte contenido transfronterizo. Tareas que realiza: Implementaci\u00f3n del pacto por el empleo entre el sector empresarial, institucional y obreros en conjunto con MTSS. Generaci\u00f3n de proyectos de desarrollo departamental y su postulaci\u00f3n a organismos nacionales e internacionales. [&hellip;]<\/p>\n","protected":false},"author":2,"featured_media":0,"parent":11,"menu_order":0,"comment_status":"closed","ping_status":"closed","template":"","meta":{"footnotes":""},"_links":{"self":[{"href":"https:\/\/www.rivera.gub.uy\/medioambiente\/wp-json\/wp\/v2\/pages\/526"}],"collection":[{"href":"https:\/\/www.rivera.gub.uy\/medioambiente\/wp-json\/wp\/v2\/pages"}],"about":[{"href":"https:\/\/www.rivera.gub.uy\/medioambiente\/wp-json\/wp\/v2\/types\/page"}],"author":[{"embeddable":true,"href":"https:\/\/www.rivera.gub.uy\/medioambiente\/wp-json\/wp\/v2\/users\/2"}],"replies":[{"embeddable":true,"href":"https:\/\/www.rivera.gub.uy\/medioambiente\/wp-json\/wp\/v2\/comments?post=526"}],"version-history":[{"count":8,"href":"https:\/\/www.rivera.gub.uy\/medioambiente\/wp-json\/wp\/v2\/pages\/526\/revisions"}],"predecessor-version":[{"id":1088,"href":"https:\/\/www.rivera.gub.uy\/medioambiente\/wp-json\/wp\/v2\/pages\/526\/revisions\/1088"}],"up":[{"embeddable":true,"href":"https:\/\/www.rivera.gub.uy\/medioambiente\/wp-json\/wp\/v2\/pages\/11"}],"wp:attachment":[{"href":"https:\/\/www.rivera.gub.uy\/medioambiente\/wp-json\/wp\/v2\/media?parent=526"}],"curies":[{"name":"wp","href":"https:\/\/api.w.org\/{rel}","templated":true}]}}

Estrategias y Articulación Regional

<p><img loading="lazy" decoding="async" class="size-medium wp-image-481 efecto aligncenter" src="http://www.rivera.gub.uy/medioambiente/images/cabezal-estrategias.png" alt="Dirección General de Desarrollo y Medio Ambiente - Intendencia de Rivera" width="800" height="350" /></p>
<blockquote><p>Encargada de la generación de estrategias de desarrollo departamental y de su articulación en clave regional con un fuerte contenido transfronterizo.</p></blockquote>
<p><strong>Tareas que realiza:</strong></p>
<ul>
<li>Implementación del pacto por el empleo entre el sector empresarial, institucional y obreros en conjunto con MTSS.</li>
<li>Generación de proyectos de desarrollo departamental y su postulación a organismos nacionales e internacionales.</li>
<li>Articulación entre entes públicos y privados, nacionales e internacionales para la concreción de acciones que apunten al desarrollo económico local.</li>
<li>Implementación de proyectos de desarrollo local como artesanas del Valle del Lunarejo y trazando rumbos con jóvenes rurales de ruta 27.</li>
</ul>
<hr />
<p style="text-align: center;"><strong>Director:</strong> Dr. Rodrigo Vargas<br />
<span style="font-weight: 400;"><strong>Dirección:</strong> Agraciada 570 piso 1<br />
</span><span style="font-weight: 400;"><strong>Tel:</strong> <a href="tel:59846231900">4623 1900</a> int. 128<br />
</span><strong>E-mail:</strong> <a href="mailto:estrategias@rivera.gub.uy">estrategias@rivera.gub.uy</a></p>

<p>Encargada de la generación de estrategias de desarrollo departamental y de su articulación en clave regional con un fuerte contenido transfronterizo. Tareas que realiza: Implementación del pacto por el empleo entre el sector empresarial, institucional y obreros en conjunto con MTSS. Generación de proyectos de desarrollo departamental y su postulación a organismos nacionales e internacionales. [&hellip;]</p>
