{"id":532,"date":"2017-04-07T15:32:15","date_gmt":"2017-04-07T15:32:15","guid":{"rendered":"http:\/\/www.rivera.gub.uy\/medioambiente\/?page_id=532"},"modified":"2023-05-11T12:28:23","modified_gmt":"2023-05-11T12:28:23","slug":"parques-y-jardines","status":"publish","type":"page","link":"https:\/\/www.rivera.gub.uy\/medioambiente\/divisiones\/parques-y-jardines\/","title":{"rendered":"Parques y Jardines"},"content":{"rendered":"<p><img loading=\"lazy\" decoding=\"async\" class=\"size-medium wp-image-481 efecto aligncenter\" src=\"http:\/\/www.rivera.gub.uy\/medioambiente\/images\/cabezal-parquesyjardines.png\" alt=\"Direcci\u00f3n General de Desarrollo y Medio Ambiente - Intendencia de Rivera\" width=\"800\" height=\"350\" \/><\/p>\n<blockquote><p>Encargada del mantenimiento de las \u00e1reas verdes del departamento de Rivera<\/p><\/blockquote>\n<p><strong>Tareas que realiza:<\/strong><\/p>\n<ul>\n<li>Creaci\u00f3n y mantenimiento de espacios verdes.<\/li>\n<li>Realiza la poda y\/o manejo de copa del ornato p\u00fablico anualmente.<\/li>\n<li>Realiza desmalezados en coordinaci\u00f3n con Divisi\u00f3n Higiene.<\/li>\n<li>Apoyo a CEOED en eventos clim\u00e1ticos adversos y por solicitudes de personas de escasos recursos dentro de su predio por ca\u00edda de \u00e1rboles.<\/li>\n<li>Asesoramiento y apoyo a Centros Educativos e Instituciones.<\/li>\n<\/ul>\n<hr \/>\n<p style=\"text-align: center;\"><strong>Director:<\/strong> Sergio Chagas<br \/>\n<span style=\"font-weight: 400;\"><strong>Direcci\u00f3n:<\/strong> Av. Italia 1101<br \/>\n<\/span><span style=\"font-weight: 400;\"><strong>Horario de atenci\u00f3n:<\/strong> Lunes a viernes de 8:15 a 15:00<br \/>\n<\/span><span style=\"font-weight: 400;\"><strong>Tel:<\/strong> <a href=\"tel:59846222404\">4622 2404<\/a><br \/>\n<\/span><span style=\"font-weight: 400;\"><strong>Email:<\/strong>\u00a0<a href=\"mailto:parquesyjardines@rivera.gub.uy\">parquesyjardines@rivera.gub.uy<\/a><\/span><a href=\"mailto:parquesyjardinessch@gmail.com\"><span style=\"font-weight: 400;\"><br \/>\n<\/span><\/a><\/p>\n","protected":false},"excerpt":{"rendered":"<p>Encargada del mantenimiento de las \u00e1reas verdes del departamento de Rivera Tareas que realiza: Creaci\u00f3n y mantenimiento de espacios verdes. Realiza la poda y\/o manejo de copa del ornato p\u00fablico anualmente. Realiza desmalezados en coordinaci\u00f3n con Divisi\u00f3n Higiene. Apoyo a CEOED en eventos clim\u00e1ticos adversos y por solicitudes de personas de escasos recursos dentro de [&hellip;]<\/p>\n","protected":false},"author":2,"featured_media":0,"parent":11,"menu_order":0,"comment_status":"closed","ping_status":"closed","template":"","meta":{"footnotes":""},"_links":{"self":[{"href":"https:\/\/www.rivera.gub.uy\/medioambiente\/wp-json\/wp\/v2\/pages\/532"}],"collection":[{"href":"https:\/\/www.rivera.gub.uy\/medioambiente\/wp-json\/wp\/v2\/pages"}],"about":[{"href":"https:\/\/www.rivera.gub.uy\/medioambiente\/wp-json\/wp\/v2\/types\/page"}],"author":[{"embeddable":true,"href":"https:\/\/www.rivera.gub.uy\/medioambiente\/wp-json\/wp\/v2\/users\/2"}],"replies":[{"embeddable":true,"href":"https:\/\/www.rivera.gub.uy\/medioambiente\/wp-json\/wp\/v2\/comments?post=532"}],"version-history":[{"count":10,"href":"https:\/\/www.rivera.gub.uy\/medioambiente\/wp-json\/wp\/v2\/pages\/532\/revisions"}],"predecessor-version":[{"id":6459,"href":"https:\/\/www.rivera.gub.uy\/medioambiente\/wp-json\/wp\/v2\/pages\/532\/revisions\/6459"}],"up":[{"embeddable":true,"href":"https:\/\/www.rivera.gub.uy\/medioambiente\/wp-json\/wp\/v2\/pages\/11"}],"wp:attachment":[{"href":"https:\/\/www.rivera.gub.uy\/medioambiente\/wp-json\/wp\/v2\/media?parent=532"}],"curies":[{"name":"wp","href":"https:\/\/api.w.org\/{rel}","templated":true}]}}

<p><img loading="lazy" decoding="async" class="size-medium wp-image-481 efecto aligncenter" src="http://www.rivera.gub.uy/medioambiente/images/cabezal-parquesyjardines.png" alt="Dirección General de Desarrollo y Medio Ambiente - Intendencia de Rivera" width="800" height="350" /></p>
<blockquote><p>Encargada del mantenimiento de las áreas verdes del departamento de Rivera</p></blockquote>
<p><strong>Tareas que realiza:</strong></p>
<ul>
<li>Creación y mantenimiento de espacios verdes.</li>
<li>Realiza la poda y/o manejo de copa del ornato público anualmente.</li>
<li>Realiza desmalezados en coordinación con División Higiene.</li>
<li>Apoyo a CEOED en eventos climáticos adversos y por solicitudes de personas de escasos recursos dentro de su predio por caída de árboles.</li>
<li>Asesoramiento y apoyo a Centros Educativos e Instituciones.</li>
</ul>
<hr />
<p style="text-align: center;"><strong>Director:</strong> Sergio Chagas<br />
<span style="font-weight: 400;"><strong>Dirección:</strong> Av. Italia 1101<br />
</span><span style="font-weight: 400;"><strong>Horario de atención:</strong> Lunes a viernes de 8:15 a 15:00<br />
</span><span style="font-weight: 400;"><strong>Tel:</strong> <a href="tel:59846222404">4622 2404</a><br />
</span><span style="font-weight: 400;"><strong>Email:</strong> <a href="mailto:parquesyjardines@rivera.gub.uy">parquesyjardines@rivera.gub.uy</a></span><a href="mailto:parquesyjardinessch@gmail.com"><span style="font-weight: 400;"><br />
</span></a></p>

<p>Encargada del mantenimiento de las áreas verdes del departamento de Rivera Tareas que realiza: Creación y mantenimiento de espacios verdes. Realiza la poda y/o manejo de copa del ornato público anualmente. Realiza desmalezados en coordinación con División Higiene. Apoyo a CEOED en eventos climáticos adversos y por solicitudes de personas de escasos recursos dentro de [&hellip;]</p>
