{"id":535,"date":"2017-04-07T15:34:08","date_gmt":"2017-04-07T15:34:08","guid":{"rendered":"http:\/\/www.rivera.gub.uy\/medioambiente\/?page_id=535"},"modified":"2025-10-10T17:51:34","modified_gmt":"2025-10-10T17:51:34","slug":"higiene","status":"publish","type":"page","link":"https:\/\/www.rivera.gub.uy\/medioambiente\/divisiones\/higiene\/","title":{"rendered":"Higiene"},"content":{"rendered":"<p><img loading=\"lazy\" decoding=\"async\" class=\"size-medium wp-image-481 efecto aligncenter\" src=\"http:\/\/www.rivera.gub.uy\/medioambiente\/images\/cabezal-higiene.png\" alt=\"Direcci\u00f3n General de Desarrollo y Medio Ambiente - Intendencia de Rivera\" width=\"800\" height=\"350\" \/><\/p>\n<blockquote><p>Encargada de la higiene urbana y de la gesti\u00f3n integral de los residuos s\u00f3lidos, en forma ambientalmente adecuada.<\/p><\/blockquote>\n<p><strong>Tareas que realiza:<\/strong><\/p>\n<ul>\n<li>Realizar la recolecci\u00f3n domiciliaria, el barrido urbano, mantenimiento de papeleras, recolecci\u00f3n selectiva, recolecci\u00f3n de residuos extraordinarios por calendario.<\/li>\n<li>Implantar programas de levantes por calendario, elaborando compost con las podas y restos de vegetales (Planta de Compostaje), Plan de Gesti\u00f3n de Envases, contenedores de pilas en desuso, Centro de Acopio de Aceites y Lubricantes Usados, Centro de Acopio de Neum\u00e1ticos Fuera de Uso.<\/li>\n<li>Realizar una apropiada disposici\u00f3n final de los residuos urbanos.<\/li>\n<li>Levante de animales muertos.<\/li>\n<li>Servicio de Barom\u00e9trica Municipal.<\/li>\n<\/ul>\n<hr \/>\n<p style=\"text-align: center;\"><strong>Director:<\/strong> Oscar Daniel Borba<br \/>\n<span style=\"font-weight: 400;\"><strong>Direcci\u00f3n:<\/strong> Av. Italia 1101<br \/>\n<\/span><span style=\"font-weight: 400;\"><strong>Horario de atenci\u00f3n:<\/strong> Lunes a viernes de 8:15 a 15:00<br \/>\n<\/span><span style=\"font-weight: 400;\"><strong>Tel:<\/strong> <a href=\"tel:59846231900\">4623 1900<\/a>\u00a0 int. 303<br \/>\n<\/span> <span style=\"font-weight: 400;\"><strong>Email:<\/strong>\u00a0<a href=\"mailto:higiene@rivera.gub.uy\">higiene@rivera.gub.uy<\/a><\/span> <span style=\"font-weight: 400;\"><br \/>\n<\/span><\/p>\n","protected":false},"excerpt":{"rendered":"<p>Encargada de la higiene urbana y de la gesti\u00f3n integral de los residuos s\u00f3lidos, en forma ambientalmente adecuada. Tareas que realiza: Realizar la recolecci\u00f3n domiciliaria, el barrido urbano, mantenimiento de papeleras, recolecci\u00f3n selectiva, recolecci\u00f3n de residuos extraordinarios por calendario. Implantar programas de levantes por calendario, elaborando compost con las podas y restos de vegetales (Planta [&hellip;]<\/p>\n","protected":false},"author":2,"featured_media":0,"parent":11,"menu_order":0,"comment_status":"closed","ping_status":"closed","template":"","meta":{"footnotes":""},"_links":{"self":[{"href":"https:\/\/www.rivera.gub.uy\/medioambiente\/wp-json\/wp\/v2\/pages\/535"}],"collection":[{"href":"https:\/\/www.rivera.gub.uy\/medioambiente\/wp-json\/wp\/v2\/pages"}],"about":[{"href":"https:\/\/www.rivera.gub.uy\/medioambiente\/wp-json\/wp\/v2\/types\/page"}],"author":[{"embeddable":true,"href":"https:\/\/www.rivera.gub.uy\/medioambiente\/wp-json\/wp\/v2\/users\/2"}],"replies":[{"embeddable":true,"href":"https:\/\/www.rivera.gub.uy\/medioambiente\/wp-json\/wp\/v2\/comments?post=535"}],"version-history":[{"count":13,"href":"https:\/\/www.rivera.gub.uy\/medioambiente\/wp-json\/wp\/v2\/pages\/535\/revisions"}],"predecessor-version":[{"id":24441,"href":"https:\/\/www.rivera.gub.uy\/medioambiente\/wp-json\/wp\/v2\/pages\/535\/revisions\/24441"}],"up":[{"embeddable":true,"href":"https:\/\/www.rivera.gub.uy\/medioambiente\/wp-json\/wp\/v2\/pages\/11"}],"wp:attachment":[{"href":"https:\/\/www.rivera.gub.uy\/medioambiente\/wp-json\/wp\/v2\/media?parent=535"}],"curies":[{"name":"wp","href":"https:\/\/api.w.org\/{rel}","templated":true}]}}

<p><img loading="lazy" decoding="async" class="size-medium wp-image-481 efecto aligncenter" src="http://www.rivera.gub.uy/medioambiente/images/cabezal-higiene.png" alt="Dirección General de Desarrollo y Medio Ambiente - Intendencia de Rivera" width="800" height="350" /></p>
<blockquote><p>Encargada de la higiene urbana y de la gestión integral de los residuos sólidos, en forma ambientalmente adecuada.</p></blockquote>
<p><strong>Tareas que realiza:</strong></p>
<ul>
<li>Realizar la recolección domiciliaria, el barrido urbano, mantenimiento de papeleras, recolección selectiva, recolección de residuos extraordinarios por calendario.</li>
<li>Implantar programas de levantes por calendario, elaborando compost con las podas y restos de vegetales (Planta de Compostaje), Plan de Gestión de Envases, contenedores de pilas en desuso, Centro de Acopio de Aceites y Lubricantes Usados, Centro de Acopio de Neumáticos Fuera de Uso.</li>
<li>Realizar una apropiada disposición final de los residuos urbanos.</li>
<li>Levante de animales muertos.</li>
<li>Servicio de Barométrica Municipal.</li>
</ul>
<hr />
<p style="text-align: center;"><strong>Director:</strong> Oscar Daniel Borba<br />
<span style="font-weight: 400;"><strong>Dirección:</strong> Av. Italia 1101<br />
</span><span style="font-weight: 400;"><strong>Horario de atención:</strong> Lunes a viernes de 8:15 a 15:00<br />
</span><span style="font-weight: 400;"><strong>Tel:</strong> <a href="tel:59846231900">4623 1900</a>  int. 303<br />
</span> <span style="font-weight: 400;"><strong>Email:</strong> <a href="mailto:higiene@rivera.gub.uy">higiene@rivera.gub.uy</a></span> <span style="font-weight: 400;"><br />
</span></p>

<p>Encargada de la higiene urbana y de la gestión integral de los residuos sólidos, en forma ambientalmente adecuada. Tareas que realiza: Realizar la recolección domiciliaria, el barrido urbano, mantenimiento de papeleras, recolección selectiva, recolección de residuos extraordinarios por calendario. Implantar programas de levantes por calendario, elaborando compost con las podas y restos de vegetales (Planta [&hellip;]</p>
