{"id":764,"date":"2017-07-12T18:23:33","date_gmt":"2017-07-12T18:23:33","guid":{"rendered":"http:\/\/www.rivera.gub.uy\/medioambiente\/?page_id=764"},"modified":"2017-08-03T13:59:41","modified_gmt":"2017-08-03T13:59:41","slug":"areas-verdes","status":"publish","type":"page","link":"https:\/\/www.rivera.gub.uy\/medioambiente\/estrategias\/areas-verdes\/","title":{"rendered":"\u00c1reas verdes"},"content":{"rendered":"<p><img loading=\"lazy\" decoding=\"async\" class=\"size-medium wp-image-481 efecto aligncenter\" src=\"http:\/\/www.rivera.gub.uy\/medioambiente\/wp-content\/uploads\/2017\/07\/cabezal-estrategias-areasverdes.png\" alt=\"Direcci\u00f3n General de Desarrollo y Medio Ambiente - Intendencia de Rivera\" width=\"800\" height=\"350\" \/><\/p>\n<blockquote><p>Desde la d\u00e9cada de los 70, la IDR se encarga del mantenimiento de las \u00e1reas verdes en el departamento. Ello implica la generaci\u00f3n de espacios verdes, la poda del ornato p\u00fablico (5.000 \u00e1rboles\/a\u00f1o), el arrancado de \u00e1rboles (120 \u00e1rboles\/a\u00f1o) y su reposici\u00f3n, el aseo de canteros en avenidas y jardines de plazas.<\/p><\/blockquote>\n<p>Otra de las acciones es la de brindar asesoramiento a centros educativos y poblaci\u00f3n en general. En un mediano plazo Rivera pretende transformarse en una de las ciudades m\u00e1s verdes del Uruguay, y para ello en este \u00f9ltimo a\u00f1o se ha duplicado el personal abocado a esta \u00e0rea. Esta incorporaci\u00f3n de personal, mediante cooperativas sociales que prioricen la equidad de g\u00e9nero en sus cuadros, demuestra c\u00f3mo la estrategia de mantenimiento de \u00e1reas verdes municipal est\u00e1 estrechamente vinculada a las pol\u00edticas propulsadas por el actual gobierno riverense.<\/p>\n<p style=\"text-align: center;\"><img loading=\"lazy\" decoding=\"async\" class=\"alignnone size-full wp-image-801\" src=\"http:\/\/www.rivera.gub.uy\/medioambiente\/wp-content\/uploads\/2017\/07\/estrategias-areas-verdes-001.jpg\" alt=\"\" width=\"1000\" height=\"602\" srcset=\"https:\/\/www.rivera.gub.uy\/medioambiente\/wp-content\/uploads\/2017\/07\/estrategias-areas-verdes-001.jpg 1000w, https:\/\/www.rivera.gub.uy\/medioambiente\/wp-content\/uploads\/2017\/07\/estrategias-areas-verdes-001-300x181.jpg 300w, https:\/\/www.rivera.gub.uy\/medioambiente\/wp-content\/uploads\/2017\/07\/estrategias-areas-verdes-001-768x462.jpg 768w, https:\/\/www.rivera.gub.uy\/medioambiente\/wp-content\/uploads\/2017\/07\/estrategias-areas-verdes-001-820x494.jpg 820w\" sizes=\"(max-width: 1000px) 100vw, 1000px\" \/><\/p>\n","protected":false},"excerpt":{"rendered":"<p>Desde la d\u00e9cada de los 70, la IDR se encarga del mantenimiento de las \u00e1reas verdes en el departamento. Ello implica la generaci\u00f3n de espacios verdes, la poda del ornato p\u00fablico (5.000 \u00e1rboles\/a\u00f1o), el arrancado de \u00e1rboles (120 \u00e1rboles\/a\u00f1o) y su reposici\u00f3n, el aseo de canteros en avenidas y jardines de plazas. Otra de las [&hellip;]<\/p>\n","protected":false},"author":2,"featured_media":0,"parent":546,"menu_order":0,"comment_status":"closed","ping_status":"closed","template":"","meta":{"footnotes":""},"_links":{"self":[{"href":"https:\/\/www.rivera.gub.uy\/medioambiente\/wp-json\/wp\/v2\/pages\/764"}],"collection":[{"href":"https:\/\/www.rivera.gub.uy\/medioambiente\/wp-json\/wp\/v2\/pages"}],"about":[{"href":"https:\/\/www.rivera.gub.uy\/medioambiente\/wp-json\/wp\/v2\/types\/page"}],"author":[{"embeddable":true,"href":"https:\/\/www.rivera.gub.uy\/medioambiente\/wp-json\/wp\/v2\/users\/2"}],"replies":[{"embeddable":true,"href":"https:\/\/www.rivera.gub.uy\/medioambiente\/wp-json\/wp\/v2\/comments?post=764"}],"version-history":[{"count":5,"href":"https:\/\/www.rivera.gub.uy\/medioambiente\/wp-json\/wp\/v2\/pages\/764\/revisions"}],"predecessor-version":[{"id":803,"href":"https:\/\/www.rivera.gub.uy\/medioambiente\/wp-json\/wp\/v2\/pages\/764\/revisions\/803"}],"up":[{"embeddable":true,"href":"https:\/\/www.rivera.gub.uy\/medioambiente\/wp-json\/wp\/v2\/pages\/546"}],"wp:attachment":[{"href":"https:\/\/www.rivera.gub.uy\/medioambiente\/wp-json\/wp\/v2\/media?parent=764"}],"curies":[{"name":"wp","href":"https:\/\/api.w.org\/{rel}","templated":true}]}}

Áreas verdes

<p><img loading="lazy" decoding="async" class="size-medium wp-image-481 efecto aligncenter" src="http://www.rivera.gub.uy/medioambiente/wp-content/uploads/2017/07/cabezal-estrategias-areasverdes.png" alt="Dirección General de Desarrollo y Medio Ambiente - Intendencia de Rivera" width="800" height="350" /></p>
<blockquote><p>Desde la década de los 70, la IDR se encarga del mantenimiento de las áreas verdes en el departamento. Ello implica la generación de espacios verdes, la poda del ornato público (5.000 árboles/año), el arrancado de árboles (120 árboles/año) y su reposición, el aseo de canteros en avenidas y jardines de plazas.</p></blockquote>
<p>Otra de las acciones es la de brindar asesoramiento a centros educativos y población en general. En un mediano plazo Rivera pretende transformarse en una de las ciudades más verdes del Uruguay, y para ello en este ùltimo año se ha duplicado el personal abocado a esta àrea. Esta incorporación de personal, mediante cooperativas sociales que prioricen la equidad de género en sus cuadros, demuestra cómo la estrategia de mantenimiento de áreas verdes municipal está estrechamente vinculada a las políticas propulsadas por el actual gobierno riverense.</p>
<p style="text-align: center;"><img loading="lazy" decoding="async" class="alignnone size-full wp-image-801" src="http://www.rivera.gub.uy/medioambiente/wp-content/uploads/2017/07/estrategias-areas-verdes-001.jpg" alt="" width="1000" height="602" srcset="https://www.rivera.gub.uy/medioambiente/wp-content/uploads/2017/07/estrategias-areas-verdes-001.jpg 1000w, https://www.rivera.gub.uy/medioambiente/wp-content/uploads/2017/07/estrategias-areas-verdes-001-300x181.jpg 300w, https://www.rivera.gub.uy/medioambiente/wp-content/uploads/2017/07/estrategias-areas-verdes-001-768x462.jpg 768w, https://www.rivera.gub.uy/medioambiente/wp-content/uploads/2017/07/estrategias-areas-verdes-001-820x494.jpg 820w" sizes="(max-width: 1000px) 100vw, 1000px" /></p>

<p>Desde la década de los 70, la IDR se encarga del mantenimiento de las áreas verdes en el departamento. Ello implica la generación de espacios verdes, la poda del ornato público (5.000 árboles/año), el arrancado de árboles (120 árboles/año) y su reposición, el aseo de canteros en avenidas y jardines de plazas. Otra de las [&hellip;]</p>
