{"id":768,"date":"2017-07-12T18:24:23","date_gmt":"2017-07-12T18:24:23","guid":{"rendered":"http:\/\/www.rivera.gub.uy\/medioambiente\/?page_id=768"},"modified":"2017-08-03T13:59:41","modified_gmt":"2017-08-03T13:59:41","slug":"agua-y-cambio-climatico","status":"publish","type":"page","link":"https:\/\/www.rivera.gub.uy\/medioambiente\/estrategias\/agua-y-cambio-climatico\/","title":{"rendered":"Agua y cambio clim\u00e1tico"},"content":{"rendered":"<p><img loading=\"lazy\" decoding=\"async\" class=\"size-medium wp-image-481 efecto aligncenter\" src=\"http:\/\/www.rivera.gub.uy\/medioambiente\/wp-content\/uploads\/2017\/07\/cabezal-estrategias-agua-y-cambio-climatico.png\" alt=\"Direcci\u00f3n General de Desarrollo y Medio Ambiente - Intendencia de Rivera\" width=\"800\" height=\"350\" \/><\/p>\n<blockquote><p>El objetivo estrat\u00e9gico de trabajo en esta \u00e0rea se basa en el dise\u00f1o e implementaci\u00f3n de un programa departamental de mitigaci\u00f3n y adaptaci\u00f3n al cambio clim\u00e1tico donde se pretende llevar adelante tres programas uno de gesti\u00f3n de los recursos h\u00eddricos, acciones de conservaci\u00f3n de suelos, manejo y conservaci\u00f3n de pastos naturales y un tercer programa de uso eficiente de monte nativo.<\/p><\/blockquote>\n<p>Sumado a ello, la estrategia para la gesti\u00f3n del recurso \u201cagua\u201d del gobierno departamental tiene por objetivo propiciar el acceso al agua potable para consumo humano y animal, en cantidad y calidad, con posibilidades de riego y otros usos prediales.<\/p>\n<p style=\"text-align: center;\"><img loading=\"lazy\" decoding=\"async\" class=\"alignnone size-full wp-image-815\" src=\"http:\/\/www.rivera.gub.uy\/medioambiente\/wp-content\/uploads\/2017\/07\/estrategias-agua-y-cambio-climatico-001.jpg\" alt=\"\" width=\"1000\" height=\"576\" srcset=\"https:\/\/www.rivera.gub.uy\/medioambiente\/wp-content\/uploads\/2017\/07\/estrategias-agua-y-cambio-climatico-001.jpg 1000w, https:\/\/www.rivera.gub.uy\/medioambiente\/wp-content\/uploads\/2017\/07\/estrategias-agua-y-cambio-climatico-001-300x173.jpg 300w, https:\/\/www.rivera.gub.uy\/medioambiente\/wp-content\/uploads\/2017\/07\/estrategias-agua-y-cambio-climatico-001-768x442.jpg 768w, https:\/\/www.rivera.gub.uy\/medioambiente\/wp-content\/uploads\/2017\/07\/estrategias-agua-y-cambio-climatico-001-820x472.jpg 820w\" sizes=\"(max-width: 1000px) 100vw, 1000px\" \/><\/p>\n","protected":false},"excerpt":{"rendered":"<p>El objetivo estrat\u00e9gico de trabajo en esta \u00e0rea se basa en el dise\u00f1o e implementaci\u00f3n de un programa departamental de mitigaci\u00f3n y adaptaci\u00f3n al cambio clim\u00e1tico donde se pretende llevar adelante tres programas uno de gesti\u00f3n de los recursos h\u00eddricos, acciones de conservaci\u00f3n de suelos, manejo y conservaci\u00f3n de pastos naturales y un tercer programa [&hellip;]<\/p>\n","protected":false},"author":2,"featured_media":0,"parent":546,"menu_order":0,"comment_status":"closed","ping_status":"closed","template":"","meta":{"footnotes":""},"_links":{"self":[{"href":"https:\/\/www.rivera.gub.uy\/medioambiente\/wp-json\/wp\/v2\/pages\/768"}],"collection":[{"href":"https:\/\/www.rivera.gub.uy\/medioambiente\/wp-json\/wp\/v2\/pages"}],"about":[{"href":"https:\/\/www.rivera.gub.uy\/medioambiente\/wp-json\/wp\/v2\/types\/page"}],"author":[{"embeddable":true,"href":"https:\/\/www.rivera.gub.uy\/medioambiente\/wp-json\/wp\/v2\/users\/2"}],"replies":[{"embeddable":true,"href":"https:\/\/www.rivera.gub.uy\/medioambiente\/wp-json\/wp\/v2\/comments?post=768"}],"version-history":[{"count":4,"href":"https:\/\/www.rivera.gub.uy\/medioambiente\/wp-json\/wp\/v2\/pages\/768\/revisions"}],"predecessor-version":[{"id":816,"href":"https:\/\/www.rivera.gub.uy\/medioambiente\/wp-json\/wp\/v2\/pages\/768\/revisions\/816"}],"up":[{"embeddable":true,"href":"https:\/\/www.rivera.gub.uy\/medioambiente\/wp-json\/wp\/v2\/pages\/546"}],"wp:attachment":[{"href":"https:\/\/www.rivera.gub.uy\/medioambiente\/wp-json\/wp\/v2\/media?parent=768"}],"curies":[{"name":"wp","href":"https:\/\/api.w.org\/{rel}","templated":true}]}}

Agua y cambio climático

<p><img loading="lazy" decoding="async" class="size-medium wp-image-481 efecto aligncenter" src="http://www.rivera.gub.uy/medioambiente/wp-content/uploads/2017/07/cabezal-estrategias-agua-y-cambio-climatico.png" alt="Dirección General de Desarrollo y Medio Ambiente - Intendencia de Rivera" width="800" height="350" /></p>
<blockquote><p>El objetivo estratégico de trabajo en esta àrea se basa en el diseño e implementación de un programa departamental de mitigación y adaptación al cambio climático donde se pretende llevar adelante tres programas uno de gestión de los recursos hídricos, acciones de conservación de suelos, manejo y conservación de pastos naturales y un tercer programa de uso eficiente de monte nativo.</p></blockquote>
<p>Sumado a ello, la estrategia para la gestión del recurso “agua” del gobierno departamental tiene por objetivo propiciar el acceso al agua potable para consumo humano y animal, en cantidad y calidad, con posibilidades de riego y otros usos prediales.</p>
<p style="text-align: center;"><img loading="lazy" decoding="async" class="alignnone size-full wp-image-815" src="http://www.rivera.gub.uy/medioambiente/wp-content/uploads/2017/07/estrategias-agua-y-cambio-climatico-001.jpg" alt="" width="1000" height="576" srcset="https://www.rivera.gub.uy/medioambiente/wp-content/uploads/2017/07/estrategias-agua-y-cambio-climatico-001.jpg 1000w, https://www.rivera.gub.uy/medioambiente/wp-content/uploads/2017/07/estrategias-agua-y-cambio-climatico-001-300x173.jpg 300w, https://www.rivera.gub.uy/medioambiente/wp-content/uploads/2017/07/estrategias-agua-y-cambio-climatico-001-768x442.jpg 768w, https://www.rivera.gub.uy/medioambiente/wp-content/uploads/2017/07/estrategias-agua-y-cambio-climatico-001-820x472.jpg 820w" sizes="(max-width: 1000px) 100vw, 1000px" /></p>

<p>El objetivo estratégico de trabajo en esta àrea se basa en el diseño e implementación de un programa departamental de mitigación y adaptación al cambio climático donde se pretende llevar adelante tres programas uno de gestión de los recursos hídricos, acciones de conservación de suelos, manejo y conservación de pastos naturales y un tercer programa [&hellip;]</p>
