{"id":770,"date":"2017-07-12T18:24:44","date_gmt":"2017-07-12T18:24:44","guid":{"rendered":"http:\/\/www.rivera.gub.uy\/medioambiente\/?page_id=770"},"modified":"2024-08-15T13:17:16","modified_gmt":"2024-08-15T13:17:16","slug":"areas-protegidas","status":"publish","type":"page","link":"https:\/\/www.rivera.gub.uy\/medioambiente\/estrategias\/areas-protegidas\/","title":{"rendered":"\u00c1reas protegidas"},"content":{"rendered":"<div id=\"pl-770\"  class=\"panel-layout\" ><div id=\"pg-770-0\"  class=\"panel-grid panel-no-style\" ><div id=\"pgc-770-0-0\"  class=\"panel-grid-cell\" ><div id=\"panel-770-0-0-0\" class=\"so-panel widget widget_sow-editor panel-first-child\" data-index=\"0\" ><div\n\t\t\t\n\t\t\tclass=\"so-widget-sow-editor so-widget-sow-editor-base\"\n\t\t\t\n\t\t>\n<div class=\"siteorigin-widget-tinymce textwidget\">\n\t<p><img loading=\"lazy\" decoding=\"async\" class=\"size-medium wp-image-481 efecto aligncenter\" src=\"http:\/\/www.rivera.gub.uy\/medioambiente\/wp-content\/uploads\/2017\/07\/cabezal-estrategias-areas-protegidas.png\" alt=\"Direcci\u00f3n General de Desarrollo y Medio Ambiente - Intendencia de Rivera\" width=\"800\" height=\"350\" \/><\/p>\n<blockquote>\n<p>Rivera tiene el privilegio de tener en su territorio departamental una Reserva de Biosfera de 110.882 hect\u00e1reas, declarada por UNESCO en 2014 denominada \u201cBioma Pampa - Quebradas del Norte\u201d, y al mismo tiempo un \u00e1rea protegida de 30.000 hect\u00e1reas que desde 2009 integra el Sistema Nacional de \u00c1reas Protegidas (DINAMA \u2013MVOTMA) como Paisaje Protegido Categor\u00eda V para la Uni\u00f3n Internacional para la Conservaci\u00f3n de la Naturaleza, denominado \u201cValle del Lunarejo\u201d.<\/p>\n<\/blockquote>\n<p>Se busca consolidar el concepto de conservaci\u00f3n de la naturaleza, y al mismo tiempo el uso sustentable de esos recursos naturales a favor de la poblaci\u00f3n de esas \u00e1reas, promoviendo el empoderamiento de ese capital ambiental y cultural por parte de los propios beneficiarios.<\/p>\n<p>Son pilares de todo esto, el desarrollo sustentable de los sistemas productivos y la generaci\u00f3n de ingresos a trav\u00e9s de la mejora de los productos tur\u00edsticos que se ofrecen, incluyendo artesan\u00edas y servicios, as\u00ed como la recuperaci\u00f3n de \u00e1reas naturales degradadas, mantenimiento y mejora de las caracter\u00edsticas del paisaje, favoreciendo el desarrollo del corredor biol\u00f3gico ya existente, estimulando la biodiversidad y la variaci\u00f3n gen\u00e9tica de especies aut\u00f3ctonas.<\/p>\n<div id=\"accordion-1\" class=\"accordion no-js\"><\/p>\n<p>\n\t\t\t\t\t<h3 role=\"button\" id=\"accordion-1-t1\" class=\"accordion-title js-accordion-controller\" aria-controls=\"accordion-1-c1\" aria-expanded=\"false\" tabindex=\"0\">\n\t\t\t\tReserva de biosfera: Bioma Pampa \u2013 Quebradas del Norte\t\t\t<\/h3>\n\t\t\n\t\t<div id=\"accordion-1-c1\" class=\"accordion-content\" aria-hidden=\"true\">\n\t\t\t<\/p>\n<p>Bioma Pampa \u2013 Quebradas del Norte, llamada as\u00ed por las dos tipos de paisajes predominantes presentes en el \u00e1rea de la reserva: la pampa y los bosques de quebradas. Es una de los pocas reservas que tiene ecosistema de pastizales naturales entre sus objetivos de conservaci\u00f3n. La reserva tiene una superficie de 110.882 hect\u00e1reas y comprende un mosaico de ecosistemas variados. Desde 2014 la regi\u00f3n lleva el t\u00edtulo e intenta de actuar como modelo en las \u00e1reas del uso sostenible del suelo, la protecci\u00f3n de los ecosistemas y la preservaci\u00f3n de las tradiciones locales. La gente de la reserva est\u00e1 influenciada en sus tradiciones y forma de vida por la cultura gaucha t\u00edpica de la regi\u00f3n.<\/p>\n<p>Como reserva de biosfera declarada por la UNESCO las tres funciones principales de la reserva son:<\/p>\n<ol>\n<li>conservaci\u00f3n de los ecosistemas, las especies y los paisajes<\/li>\n<li>desarrollo sostenible desde los puntos de vista sociocultural y ecol\u00f3gico<\/li>\n<li>apoyo log\u00edstico a proyectos diferentes de educaci\u00f3n, sensibilizaci\u00f3n, investigaci\u00f3n y capacitaci\u00f3n sobre el medio ambiente.<\/li>\n<\/ol>\n<p>Adem\u00e1s en cada reserva hay una divisi\u00f3n en zonas, as\u00ed tambi\u00e9n en esta reserva:<a href=\"https:\/\/www.rivera.gub.uy\/medioambiente\/wp-content\/uploads\/2019\/07\/Zonificaci\u00f3n.jpg\"><img loading=\"lazy\" decoding=\"async\" class=\"size-medium wp-image-1675 alignright\" src=\"https:\/\/www.rivera.gub.uy\/medioambiente\/wp-content\/uploads\/2019\/07\/Zonificaci\u00f3n-234x300.jpg\" alt=\"\" width=\"234\" height=\"300\" srcset=\"https:\/\/www.rivera.gub.uy\/medioambiente\/wp-content\/uploads\/2019\/07\/Zonificaci\u00f3n-234x300.jpg 234w, https:\/\/www.rivera.gub.uy\/medioambiente\/wp-content\/uploads\/2019\/07\/Zonificaci\u00f3n-768x984.jpg 768w, https:\/\/www.rivera.gub.uy\/medioambiente\/wp-content\/uploads\/2019\/07\/Zonificaci\u00f3n-799x1024.jpg 799w, https:\/\/www.rivera.gub.uy\/medioambiente\/wp-content\/uploads\/2019\/07\/Zonificaci\u00f3n-820x1050.jpg 820w, https:\/\/www.rivera.gub.uy\/medioambiente\/wp-content\/uploads\/2019\/07\/Zonificaci\u00f3n.jpg 1289w\" sizes=\"(max-width: 234px) 100vw, 234px\" \/><\/a><\/p>\n<ul>\n<li>una<strong> zona n\u00facleo<\/strong>, compuesta por un ecosistema protegido estrictamente, y que contribuye a la conservaci\u00f3n de los paisajes, ecosistemas, especies y variaciones gen\u00e9ticas. Una reserva de biosfera puede tener una o m\u00e1s zonas n\u00facleo jur\u00eddicamente constituidas, en donde se permiten realizar investigaciones y otras actividades poco perturbadoras. En nuestra reserva de biosfera la zona n\u00facleo es la superficie parecida con los limites del \u00e1rea protegida Valle del Lunarejo<\/li>\n<li>una<strong> zona tamp\u00f3n<\/strong> ,que rodea el n\u00facleo o colinda con \u00e9l, y donde se realizan actividades compatibles con pr\u00e1cticas ecol\u00f3gicas acertadas que pueden contribuir a la investigaci\u00f3n, el seguimiento, la capacitaci\u00f3n y la educaci\u00f3n cient\u00edfica. En esta zona se pueden realizar actividades como la educaci\u00f3n ambiental, la recreaci\u00f3n, el turismo ecol\u00f3gico y la investigaci\u00f3n aplicada y b\u00e1sica.<\/li>\n<li>una<strong> zona de transiciones<\/strong> la franja de la reserva donde se autoriza un mayor n\u00famero de actividades para promover un desarrollo econ\u00f3mico y humano sostenible desde los puntos de vista social, cultural y ecol\u00f3gico. Es considerada una zona de uso m\u00faltiple, en la que pueden desarrollarse actividades de aprovechamiento sostenible de los recursos como la agricultura.<\/li>\n<\/ul>\n<p>Toda la reserva de biosfera presenta una gran diversidad biol\u00f3gica y cumple la funci\u00f3n de corredor para ingreso de especies de origen sub tropical hacia el territorio uruguayo. Dentro se destacan la presencia de especies raras de anfibios y reptiles para el pa\u00eds.<\/p>\n<p>La reserva re\u00fane caracter\u00edsticas singulares del paisaje con el mosaico de ecosistemas variados que constituyen el h\u00e1bitat de innumerables especies de flora y fauna. Dentro de la reserva se puede destacar el monte primario de quebrada con una estructura de tipo selv\u00e1tica sub tropical y su fauna asociada unida a la belleza paisaj\u00edstica.<\/p>\n<p>El bioma pampa se caracteriza por su riqueza de especies de gram\u00edneas y su aporte al proceso de nidificaci\u00f3n de muchas especies de aves. Adem\u00e1s constituye el relicto m\u00e1s al sur de flora tropical proveniente de la mata atl\u00e1ntica. La interfase entre ambos tipos de paisaje representa una riqueza esc\u00e9nica propia.<\/p>\n<p>\t\t<\/div>\n\n\t\t<\/p>\n<p>\n\t\t\t\t\t<h3 role=\"button\" id=\"accordion-1-t2\" class=\"accordion-title js-accordion-controller\" aria-controls=\"accordion-1-c2\" aria-expanded=\"false\" tabindex=\"0\">\n\t\t\t\tPaisaje protegido: Valle del Lunarejo\t\t\t<\/h3>\n\t\t\n\t\t<div id=\"accordion-1-c2\" class=\"accordion-content\" aria-hidden=\"true\">\n\t\t\t<\/p>\n<p><figure id=\"attachment_1673\" aria-describedby=\"caption-attachment-1673\" style=\"width: 300px\" class=\"wp-caption alignright\"><a href=\"https:\/\/www.rivera.gub.uy\/medioambiente\/wp-content\/uploads\/2019\/07\/mapa1.jpg\"><img loading=\"lazy\" decoding=\"async\" class=\"wp-image-1673 size-medium\" src=\"https:\/\/www.rivera.gub.uy\/medioambiente\/wp-content\/uploads\/2019\/07\/mapa1-300x252.jpg\" alt=\"\" width=\"300\" height=\"252\" srcset=\"https:\/\/www.rivera.gub.uy\/medioambiente\/wp-content\/uploads\/2019\/07\/mapa1-300x252.jpg 300w, https:\/\/www.rivera.gub.uy\/medioambiente\/wp-content\/uploads\/2019\/07\/mapa1-768x646.jpg 768w, https:\/\/www.rivera.gub.uy\/medioambiente\/wp-content\/uploads\/2019\/07\/mapa1-1024x861.jpg 1024w, https:\/\/www.rivera.gub.uy\/medioambiente\/wp-content\/uploads\/2019\/07\/mapa1-820x689.jpg 820w, https:\/\/www.rivera.gub.uy\/medioambiente\/wp-content\/uploads\/2019\/07\/mapa1.jpg 1789w\" sizes=\"(max-width: 300px) 100vw, 300px\" \/><\/a><figcaption id=\"caption-attachment-1673\" class=\"wp-caption-text\">Imagen extra\u00edda del Plan de Manejo - Paisaje Protegido Valle del Lunarejo - SNAP Uruguay, Dic. 2016<\/figcaption><\/figure><\/p>\n<p>El Valle del Lunarejo se encuentra completamente dentro de la reserva de biosfera Bioma Pampa \u2013 Quebradas del Norte. La zona n\u00facleo de la reserva de biosfera forma parte del Valle del Lunarejo. Es un territorio de unas 30 mil hect\u00e1reas ubicado en el extremo noroeste del departamento de Rivera, pr\u00f3ximo a las divisorias con Artigas y Salto y a la zona conocida como Rinc\u00f3n de Artigas en el l\u00edmite contestado con Brasil.<\/p>\n<p>El Paisaje Protegido Valle del Lunarejo constituye una zona de conservaci\u00f3n ambiental con caracter\u00edsticas geomorfol\u00f3gicas y biol\u00f3gicas \u00fanicas en el pa\u00eds. Este paisaje incluye pastizales, cerros y quebradas con monte nativo (de fuerte pendiente) donde coexisten cuevas, paredones verticales y saltos de agua con exuberante vegetaci\u00f3n sub tropical. Estos valores coinciden en el territorio con un sistema tradicional de uso de la tierra: la ganader\u00eda extensiva con predominio de sistemas de producci\u00f3n familiar. Como Paisaje Protegido el Valle del Lunarejo integra el Sistema Nacional de \u00c1reas Protegidas desde 2009 y es co-administrada por la Intendencia Departamental de Rivera y el Ministerio de Vivienda, Ordenamiento Territorial y Medio Ambiente.<\/p>\n<p><strong>Unidades paisaj\u00edsticas<\/strong><\/p>\n<p>En el Valle del Lunarejo existen diferentes unidades de paisaje, cada una de estas unidades presenta uno o varios ambientes; los mismos se definieron fundamentalmente en consideraci\u00f3n del sustrato vegetal que los conforma. Las cinco principales unidades son las Altiplanicies, las Quebradas, las Lomadas y colinas, las Planicies bajas y la Forestal.<\/p>\n<p>Aparte de las unidades de paisaje, el Valle del Lunarejo tambi\u00e9n contiene una riqueza de especies. En total hay m\u00e1s de 250 especies registradas de anfibios, reptiles, aves y mam\u00edferos. Bastantes de ellas presentan un alto nivel de amenaza de extinci\u00f3n en Uruguay (Por ejemplo, el coat\u00ed, el tat\u00fa carreta y la v\u00edbora de cascabel sudamericana). Por eso la conservaci\u00f3n del h\u00e1bitat de muchas de esas especies en el Valle del Lunarejo juega un papel muy importante.<\/p>\n<p>\t\t<\/div>\n\n\t\t<\/p>\n<p><\/div>\n<div id='gallery-1' class='gallery galleryid-770 gallery-columns-3 gallery-size-thumbnail'><figure class='gallery-item'>\n\t\t\t<div class='gallery-icon landscape'>\n\t\t\t\t<a href='https:\/\/www.rivera.gub.uy\/medioambiente\/wp-content\/uploads\/2017\/07\/estrategias-areas-protegidas-001.jpg'><img loading=\"lazy\" decoding=\"async\" width=\"150\" height=\"150\" src=\"https:\/\/www.rivera.gub.uy\/medioambiente\/wp-content\/uploads\/2017\/07\/estrategias-areas-protegidas-001-150x150.jpg\" class=\"attachment-thumbnail size-thumbnail\" alt=\"\" \/><\/a>\n\t\t\t<\/div><\/figure><figure class='gallery-item'>\n\t\t\t<div class='gallery-icon landscape'>\n\t\t\t\t<a href='https:\/\/www.rivera.gub.uy\/medioambiente\/wp-content\/uploads\/2017\/07\/estrategias-areas-protegidas-002.jpg'><img loading=\"lazy\" decoding=\"async\" width=\"150\" height=\"150\" src=\"https:\/\/www.rivera.gub.uy\/medioambiente\/wp-content\/uploads\/2017\/07\/estrategias-areas-protegidas-002-150x150.jpg\" class=\"attachment-thumbnail size-thumbnail\" alt=\"\" \/><\/a>\n\t\t\t<\/div><\/figure><figure class='gallery-item'>\n\t\t\t<div class='gallery-icon landscape'>\n\t\t\t\t<a href='https:\/\/www.rivera.gub.uy\/medioambiente\/wp-content\/uploads\/2017\/07\/estrategias-areas-protegidas-003.jpg'><img loading=\"lazy\" decoding=\"async\" width=\"150\" height=\"150\" src=\"https:\/\/www.rivera.gub.uy\/medioambiente\/wp-content\/uploads\/2017\/07\/estrategias-areas-protegidas-003-150x150.jpg\" class=\"attachment-thumbnail size-thumbnail\" alt=\"\" \/><\/a>\n\t\t\t<\/div><\/figure><figure class='gallery-item'>\n\t\t\t<div class='gallery-icon landscape'>\n\t\t\t\t<a href='https:\/\/www.rivera.gub.uy\/medioambiente\/wp-content\/uploads\/2017\/07\/estrategias-areas-protegidas-004.jpg'><img loading=\"lazy\" decoding=\"async\" width=\"150\" height=\"150\" src=\"https:\/\/www.rivera.gub.uy\/medioambiente\/wp-content\/uploads\/2017\/07\/estrategias-areas-protegidas-004-150x150.jpg\" class=\"attachment-thumbnail size-thumbnail\" alt=\"\" \/><\/a>\n\t\t\t<\/div><\/figure><figure class='gallery-item'>\n\t\t\t<div class='gallery-icon landscape'>\n\t\t\t\t<a href='https:\/\/www.rivera.gub.uy\/medioambiente\/wp-content\/uploads\/2017\/07\/estrategias-areas-protegidas-005.jpg'><img loading=\"lazy\" decoding=\"async\" width=\"150\" height=\"150\" src=\"https:\/\/www.rivera.gub.uy\/medioambiente\/wp-content\/uploads\/2017\/07\/estrategias-areas-protegidas-005-150x150.jpg\" class=\"attachment-thumbnail size-thumbnail\" alt=\"\" \/><\/a>\n\t\t\t<\/div><\/figure><figure class='gallery-item'>\n\t\t\t<div class='gallery-icon landscape'>\n\t\t\t\t<a href='https:\/\/www.rivera.gub.uy\/medioambiente\/wp-content\/uploads\/2017\/07\/estrategias-areas-protegidas-006.jpg'><img loading=\"lazy\" decoding=\"async\" width=\"150\" height=\"150\" src=\"https:\/\/www.rivera.gub.uy\/medioambiente\/wp-content\/uploads\/2017\/07\/estrategias-areas-protegidas-006-150x150.jpg\" class=\"attachment-thumbnail size-thumbnail\" alt=\"\" \/><\/a>\n\t\t\t<\/div><\/figure>\n\t\t<\/div>\n\n<p>&nbsp;<\/p>\n<\/div>\n<\/div><\/div><div id=\"panel-770-0-0-1\" class=\"so-panel widget widget_sow-editor\" data-index=\"1\" ><div\n\t\t\t\n\t\t\tclass=\"so-widget-sow-editor so-widget-sow-editor-base\"\n\t\t\t\n\t\t><h3 class=\"widget-title\">Gu\u00eda de la Reserva de Biosfera Bioma Pampa- Quebradas del Norte<\/h3>\n<div class=\"siteorigin-widget-tinymce textwidget\">\n\t<p>La gu\u00eda de la Reserva de Biosfera Bioma Pampa- Quebradas del Norte de su zona n\u00facleo el Paisaje Protegido Valle del Lunarejo, brinda la informaci\u00f3n \u00fatil para la estad\u00eda en el Valle. Facilita el proceso de entrar en contacto con la variedad de establecimientos y emprendimientos que trabajan en el ecoturismo, ofreciendo experiencias \u00fanicas para conocer la naturaleza y las tradiciones del norte del Uruguay de una manera sostenible.<\/p>\n<p>Dicha gu\u00eda fue elaborada por Emily Scholz, voluntaria de \u201cKulturweit\u201d, pasante de Divisi\u00f3n Medio Ambiente de la IDR.<\/p>\n<p>&nbsp;<\/p>\n<div id=\"accordion-2\" class=\"accordion no-js\"><\/p>\n<p>\n\t\t\t\t\t<h3 role=\"button\" id=\"accordion-2-t1\" class=\"accordion-title js-accordion-controller\" aria-controls=\"accordion-2-c1\" aria-expanded=\"false\" tabindex=\"0\">\n\t\t\t\tMapa de Establecimientos\t\t\t<\/h3>\n\t\t\n\t\t<div id=\"accordion-2-c1\" class=\"accordion-content\" aria-hidden=\"true\">\n\t\t\t<\/p>\n<p><iframe loading=\"lazy\" src=\"https:\/\/www.google.com\/maps\/d\/embed?mid=1xoO-vJ3LcWeL-IQDOFUyR08caIufJ7E&ehbc=2E312F\" width=\"640\" height=\"480\"><\/iframe><\/p>\n<p>\t\t<\/div>\n\n\t\t<\/p>\n<p><\/div>\n<\/div>\n<\/div><\/div><div id=\"panel-770-0-0-2\" class=\"so-panel widget widget_sow-button panel-last-child\" data-index=\"2\" ><div\n\t\t\t\n\t\t\tclass=\"so-widget-sow-button so-widget-sow-button-wire-b9d3bc31f734-770\"\n\t\t\t\n\t\t><div class=\"ow-button-base ow-button-align-center\">\n\t<a\n\thref=\"https:\/\/www.rivera.gub.uy\/medioambiente\/wp-content\/uploads\/2024\/08\/Guia_Valle-del-Lunarejo_v2024_final-1.pdf\"\n\t\tclass=\"ow-icon-placement-left ow-button-hover\" target=\"_blank\" rel=\"noopener noreferrer\" download=\"\" \t>\n\t\t<span>\n\t\t\t<span class=\"sow-icon-fontawesome sow-far\" data-sow-icon=\"&#xf358;\"\n\t\tstyle=\"\" \n\t\taria-hidden=\"true\"><\/span>\n\t\t\tDescarga tu gu\u00eda\t\t<\/span>\n\t<\/a>\n<\/div>\n<\/div><\/div><\/div><\/div><div id=\"pg-770-1\"  class=\"panel-grid panel-no-style\" ><div id=\"pgc-770-1-0\"  class=\"panel-grid-cell\" ><div id=\"panel-770-1-0-0\" class=\"so-panel widget widget_sow-editor panel-first-child panel-last-child\" data-index=\"3\" ><div\n\t\t\t\n\t\t\tclass=\"so-widget-sow-editor so-widget-sow-editor-base\"\n\t\t\t\n\t\t>\n<div class=\"siteorigin-widget-tinymce textwidget\">\n\t<p>&nbsp;<\/p>\n<hr \/>\n<p style=\"text-align: center;\"><strong>Direcci\u00f3n<\/strong>: Bouchacourt 1013 (Estadio Municipal)<br \/>\n<strong>Horarios de atenci\u00f3n<\/strong>: Lunes a viernes 8:15 a 14:45<br \/>\n<strong>Tel<\/strong>: <a href=\"tel:59846231900\" target=\"_blank\" rel=\"noopener noreferrer\">4623 1900<\/a> int. 130<br \/>\n<strong>Email<\/strong>: <a href=\"mailto:medioambiente@rivera.gub.uy\" target=\"_blank\" rel=\"noopener noreferrer\">medioambiente@rivera.gub.uy<\/a><br \/>\n<strong>Web<\/strong>: <a href=\"https:\/\/reservapampaquebradasdelnorte.weebly.com\/\" target=\"_blank\" rel=\"noopener noreferrer\">Reserva de Biosfera: Bioma Pampa - Quebradas del Norte<\/a><\/p>\n<\/div>\n<\/div><\/div><\/div><\/div><\/div>","protected":false},"excerpt":{"rendered":"<p>Rivera tiene el privilegio de tener en su territorio departamental una Reserva de Biosfera de 110.882 hect\u00e1reas, declarada por UNESCO en 2014 denominada \u201cBioma Pampa &#8211; Quebradas del Norte\u201d, y al mismo tiempo un \u00e1rea protegida de 30.000 hect\u00e1reas que desde 2009 integra el Sistema Nacional de \u00c1reas Protegidas (DINAMA \u2013MVOTMA) como Paisaje Protegido Categor\u00eda [&hellip;]<\/p>\n","protected":false},"author":2,"featured_media":0,"parent":546,"menu_order":0,"comment_status":"closed","ping_status":"closed","template":"","meta":{"footnotes":""},"_links":{"self":[{"href":"https:\/\/www.rivera.gub.uy\/medioambiente\/wp-json\/wp\/v2\/pages\/770"}],"collection":[{"href":"https:\/\/www.rivera.gub.uy\/medioambiente\/wp-json\/wp\/v2\/pages"}],"about":[{"href":"https:\/\/www.rivera.gub.uy\/medioambiente\/wp-json\/wp\/v2\/types\/page"}],"author":[{"embeddable":true,"href":"https:\/\/www.rivera.gub.uy\/medioambiente\/wp-json\/wp\/v2\/users\/2"}],"replies":[{"embeddable":true,"href":"https:\/\/www.rivera.gub.uy\/medioambiente\/wp-json\/wp\/v2\/comments?post=770"}],"version-history":[{"count":31,"href":"https:\/\/www.rivera.gub.uy\/medioambiente\/wp-json\/wp\/v2\/pages\/770\/revisions"}],"predecessor-version":[{"id":21447,"href":"https:\/\/www.rivera.gub.uy\/medioambiente\/wp-json\/wp\/v2\/pages\/770\/revisions\/21447"}],"up":[{"embeddable":true,"href":"https:\/\/www.rivera.gub.uy\/medioambiente\/wp-json\/wp\/v2\/pages\/546"}],"wp:attachment":[{"href":"https:\/\/www.rivera.gub.uy\/medioambiente\/wp-json\/wp\/v2\/media?parent=770"}],"curies":[{"name":"wp","href":"https:\/\/api.w.org\/{rel}","templated":true}]}}