{"id":772,"date":"2017-07-12T18:25:13","date_gmt":"2017-07-12T18:25:13","guid":{"rendered":"http:\/\/www.rivera.gub.uy\/medioambiente\/?page_id=772"},"modified":"2017-07-12T20:00:01","modified_gmt":"2017-07-12T20:00:01","slug":"desarrollo-empresarial","status":"publish","type":"page","link":"https:\/\/www.rivera.gub.uy\/medioambiente\/estrategias\/desarrollo-empresarial\/","title":{"rendered":"Desarrollo empresarial"},"content":{"rendered":"<p><img loading=\"lazy\" decoding=\"async\" class=\"size-medium wp-image-481 efecto aligncenter\" src=\"http:\/\/www.rivera.gub.uy\/medioambiente\/wp-content\/uploads\/2017\/07\/cabezal-estrategias-desarrollo-empresarial.png\" alt=\"Direcci\u00f3n General de Desarrollo y Medio Ambiente - Intendencia de Rivera\" width=\"800\" height=\"350\" \/><\/p>\n<blockquote><p>Se vienen implantando estrategias con la misi\u00f3n de impulsar el desarrollo econ\u00f3mico local end\u00f3geno del departamento de Rivera, en clave regional e impulsando las ventajas que implica el pertenecer a una regi\u00f3n de frontera.<\/p><\/blockquote>\n<p>Sumado a ello, se busca fortalecer la regi\u00f3n mediante la promoci\u00f3n, instalaci\u00f3n e implementaci\u00f3n de inversiones, infraestructura, as\u00ed como tambi\u00e9n la formaci\u00f3n de recursos humanos en \u00e1reas industriales, agrarias y ambientales. A su vez, existe una clara apuesta a dotar a Rivera de la infraestructura y log\u00edstica necesarias para el desarrollo; como la puesta en marcha del aeropuerto binacional, la generaci\u00f3n de un puerto libre, la implantaci\u00f3n de un Parque Industrial, la rehabilitaci\u00f3n de una Zona Franca, entre otros. Por \u00faltimo, la estrategia de mejora de la calidad de empleo a trav\u00e9s de la formalizaci\u00f3n y sostenibilidad del empleo con \u00e9nfasis en trabajadores activos, hombres, mujeres y j\u00f3venes del medio urbano y rural.<\/p>\n<div id='gallery-1' class='gallery galleryid-772 gallery-columns-2 gallery-size-medium'><figure class='gallery-item'>\n\t\t\t<div class='gallery-icon landscape'>\n\t\t\t\t<a href='https:\/\/www.rivera.gub.uy\/medioambiente\/wp-content\/uploads\/2017\/07\/estrategias-desarrollo-empresarial-001.jpg'><img loading=\"lazy\" decoding=\"async\" width=\"300\" height=\"200\" src=\"https:\/\/www.rivera.gub.uy\/medioambiente\/wp-content\/uploads\/2017\/07\/estrategias-desarrollo-empresarial-001-300x200.jpg\" class=\"attachment-medium size-medium\" alt=\"\" srcset=\"https:\/\/www.rivera.gub.uy\/medioambiente\/wp-content\/uploads\/2017\/07\/estrategias-desarrollo-empresarial-001-300x200.jpg 300w, https:\/\/www.rivera.gub.uy\/medioambiente\/wp-content\/uploads\/2017\/07\/estrategias-desarrollo-empresarial-001-768x511.jpg 768w, https:\/\/www.rivera.gub.uy\/medioambiente\/wp-content\/uploads\/2017\/07\/estrategias-desarrollo-empresarial-001-600x400.jpg 600w, https:\/\/www.rivera.gub.uy\/medioambiente\/wp-content\/uploads\/2017\/07\/estrategias-desarrollo-empresarial-001-820x545.jpg 820w, https:\/\/www.rivera.gub.uy\/medioambiente\/wp-content\/uploads\/2017\/07\/estrategias-desarrollo-empresarial-001-272x182.jpg 272w, https:\/\/www.rivera.gub.uy\/medioambiente\/wp-content\/uploads\/2017\/07\/estrategias-desarrollo-empresarial-001.jpg 1000w\" sizes=\"(max-width: 300px) 100vw, 300px\" \/><\/a>\n\t\t\t<\/div><\/figure><figure class='gallery-item'>\n\t\t\t<div class='gallery-icon landscape'>\n\t\t\t\t<a href='https:\/\/www.rivera.gub.uy\/medioambiente\/wp-content\/uploads\/2017\/07\/estrategias-desarrollo-empresarial-002.jpg'><img loading=\"lazy\" decoding=\"async\" width=\"300\" height=\"200\" src=\"https:\/\/www.rivera.gub.uy\/medioambiente\/wp-content\/uploads\/2017\/07\/estrategias-desarrollo-empresarial-002-300x200.jpg\" class=\"attachment-medium size-medium\" alt=\"\" srcset=\"https:\/\/www.rivera.gub.uy\/medioambiente\/wp-content\/uploads\/2017\/07\/estrategias-desarrollo-empresarial-002-300x200.jpg 300w, https:\/\/www.rivera.gub.uy\/medioambiente\/wp-content\/uploads\/2017\/07\/estrategias-desarrollo-empresarial-002-768x512.jpg 768w, https:\/\/www.rivera.gub.uy\/medioambiente\/wp-content\/uploads\/2017\/07\/estrategias-desarrollo-empresarial-002-600x400.jpg 600w, https:\/\/www.rivera.gub.uy\/medioambiente\/wp-content\/uploads\/2017\/07\/estrategias-desarrollo-empresarial-002-820x547.jpg 820w, https:\/\/www.rivera.gub.uy\/medioambiente\/wp-content\/uploads\/2017\/07\/estrategias-desarrollo-empresarial-002-272x182.jpg 272w, https:\/\/www.rivera.gub.uy\/medioambiente\/wp-content\/uploads\/2017\/07\/estrategias-desarrollo-empresarial-002.jpg 1000w\" sizes=\"(max-width: 300px) 100vw, 300px\" \/><\/a>\n\t\t\t<\/div><\/figure>\n\t\t<\/div>\n\n","protected":false},"excerpt":{"rendered":"<p>Se vienen implantando estrategias con la misi\u00f3n de impulsar el desarrollo econ\u00f3mico local end\u00f3geno del departamento de Rivera, en clave regional e impulsando las ventajas que implica el pertenecer a una regi\u00f3n de frontera. Sumado a ello, se busca fortalecer la regi\u00f3n mediante la promoci\u00f3n, instalaci\u00f3n e implementaci\u00f3n de inversiones, infraestructura, as\u00ed como tambi\u00e9n la [&hellip;]<\/p>\n","protected":false},"author":1,"featured_media":0,"parent":546,"menu_order":0,"comment_status":"closed","ping_status":"closed","template":"","meta":{"footnotes":""},"_links":{"self":[{"href":"https:\/\/www.rivera.gub.uy\/medioambiente\/wp-json\/wp\/v2\/pages\/772"}],"collection":[{"href":"https:\/\/www.rivera.gub.uy\/medioambiente\/wp-json\/wp\/v2\/pages"}],"about":[{"href":"https:\/\/www.rivera.gub.uy\/medioambiente\/wp-json\/wp\/v2\/types\/page"}],"author":[{"embeddable":true,"href":"https:\/\/www.rivera.gub.uy\/medioambiente\/wp-json\/wp\/v2\/users\/1"}],"replies":[{"embeddable":true,"href":"https:\/\/www.rivera.gub.uy\/medioambiente\/wp-json\/wp\/v2\/comments?post=772"}],"version-history":[{"count":3,"href":"https:\/\/www.rivera.gub.uy\/medioambiente\/wp-json\/wp\/v2\/pages\/772\/revisions"}],"predecessor-version":[{"id":830,"href":"https:\/\/www.rivera.gub.uy\/medioambiente\/wp-json\/wp\/v2\/pages\/772\/revisions\/830"}],"up":[{"embeddable":true,"href":"https:\/\/www.rivera.gub.uy\/medioambiente\/wp-json\/wp\/v2\/pages\/546"}],"wp:attachment":[{"href":"https:\/\/www.rivera.gub.uy\/medioambiente\/wp-json\/wp\/v2\/media?parent=772"}],"curies":[{"name":"wp","href":"https:\/\/api.w.org\/{rel}","templated":true}]}}

<p><img loading="lazy" decoding="async" class="size-medium wp-image-481 efecto aligncenter" src="http://www.rivera.gub.uy/medioambiente/wp-content/uploads/2017/07/cabezal-estrategias-desarrollo-empresarial.png" alt="Dirección General de Desarrollo y Medio Ambiente - Intendencia de Rivera" width="800" height="350" /></p>
<blockquote><p>Se vienen implantando estrategias con la misión de impulsar el desarrollo económico local endógeno del departamento de Rivera, en clave regional e impulsando las ventajas que implica el pertenecer a una región de frontera.</p></blockquote>
<p>Sumado a ello, se busca fortalecer la región mediante la promoción, instalación e implementación de inversiones, infraestructura, así como también la formación de recursos humanos en áreas industriales, agrarias y ambientales. A su vez, existe una clara apuesta a dotar a Rivera de la infraestructura y logística necesarias para el desarrollo; como la puesta en marcha del aeropuerto binacional, la generación de un puerto libre, la implantación de un Parque Industrial, la rehabilitación de una Zona Franca, entre otros. Por último, la estrategia de mejora de la calidad de empleo a través de la formalización y sostenibilidad del empleo con énfasis en trabajadores activos, hombres, mujeres y jóvenes del medio urbano y rural.</p>
<div id='gallery-1' class='gallery galleryid-772 gallery-columns-2 gallery-size-medium'><figure class='gallery-item'>
			<div class='gallery-icon landscape'>
				<a href='https://www.rivera.gub.uy/medioambiente/wp-content/uploads/2017/07/estrategias-desarrollo-empresarial-001.jpg'><img loading="lazy" decoding="async" width="300" height="200" src="https://www.rivera.gub.uy/medioambiente/wp-content/uploads/2017/07/estrategias-desarrollo-empresarial-001-300x200.jpg" class="attachment-medium size-medium" alt="" srcset="https://www.rivera.gub.uy/medioambiente/wp-content/uploads/2017/07/estrategias-desarrollo-empresarial-001-300x200.jpg 300w, https://www.rivera.gub.uy/medioambiente/wp-content/uploads/2017/07/estrategias-desarrollo-empresarial-001-768x511.jpg 768w, https://www.rivera.gub.uy/medioambiente/wp-content/uploads/2017/07/estrategias-desarrollo-empresarial-001-600x400.jpg 600w, https://www.rivera.gub.uy/medioambiente/wp-content/uploads/2017/07/estrategias-desarrollo-empresarial-001-820x545.jpg 820w, https://www.rivera.gub.uy/medioambiente/wp-content/uploads/2017/07/estrategias-desarrollo-empresarial-001-272x182.jpg 272w, https://www.rivera.gub.uy/medioambiente/wp-content/uploads/2017/07/estrategias-desarrollo-empresarial-001.jpg 1000w" sizes="(max-width: 300px) 100vw, 300px" /></a>
			</div></figure><figure class='gallery-item'>
			<div class='gallery-icon landscape'>
				<a href='https://www.rivera.gub.uy/medioambiente/wp-content/uploads/2017/07/estrategias-desarrollo-empresarial-002.jpg'><img loading="lazy" decoding="async" width="300" height="200" src="https://www.rivera.gub.uy/medioambiente/wp-content/uploads/2017/07/estrategias-desarrollo-empresarial-002-300x200.jpg" class="attachment-medium size-medium" alt="" srcset="https://www.rivera.gub.uy/medioambiente/wp-content/uploads/2017/07/estrategias-desarrollo-empresarial-002-300x200.jpg 300w, https://www.rivera.gub.uy/medioambiente/wp-content/uploads/2017/07/estrategias-desarrollo-empresarial-002-768x512.jpg 768w, https://www.rivera.gub.uy/medioambiente/wp-content/uploads/2017/07/estrategias-desarrollo-empresarial-002-600x400.jpg 600w, https://www.rivera.gub.uy/medioambiente/wp-content/uploads/2017/07/estrategias-desarrollo-empresarial-002-820x547.jpg 820w, https://www.rivera.gub.uy/medioambiente/wp-content/uploads/2017/07/estrategias-desarrollo-empresarial-002-272x182.jpg 272w, https://www.rivera.gub.uy/medioambiente/wp-content/uploads/2017/07/estrategias-desarrollo-empresarial-002.jpg 1000w" sizes="(max-width: 300px) 100vw, 300px" /></a>
			</div></figure>
		</div>

<p>Se vienen implantando estrategias con la misión de impulsar el desarrollo económico local endógeno del departamento de Rivera, en clave regional e impulsando las ventajas que implica el pertenecer a una región de frontera. Sumado a ello, se busca fortalecer la región mediante la promoción, instalación e implementación de inversiones, infraestructura, así como también la [&hellip;]</p>
