{"id":9,"date":"2017-04-04T20:26:16","date_gmt":"2017-04-04T20:26:16","guid":{"rendered":"http:\/\/www.rivera.gub.uy\/medioambiente\/?page_id=9"},"modified":"2017-08-03T16:25:57","modified_gmt":"2017-08-03T16:25:57","slug":"nosotros","status":"publish","type":"page","link":"https:\/\/www.rivera.gub.uy\/medioambiente\/nosotros\/","title":{"rendered":"Nosotros"},"content":{"rendered":"<p><img loading=\"lazy\" decoding=\"async\" class=\"size-medium wp-image-481 efecto aligncenter\" src=\"http:\/\/www.rivera.gub.uy\/medioambiente\/wp-content\/uploads\/2017\/07\/cabezal-nosotros.png\" alt=\"Direcci\u00f3n General de Desarrollo y Medio Ambiente - Intendencia de Rivera\" width=\"800\" height=\"350\" \/><\/p>\n<blockquote>\n<h3>Misi\u00f3n<\/h3>\n<p>Gobernar con la poblaci\u00f3n como eje principal de la gesti\u00f3n, liderando un proceso democr\u00e1tico, participativo, con equidad y transparencia, consolidando el desarrollo integral del departamento.<\/p>\n<h3>Visi\u00f3n<\/h3>\n<p>Ser una Intendencia din\u00e1mica, l\u00edder en el Uruguay en resultados de gesti\u00f3n, alcanzando niveles de excelencia t\u00e9cnica y operativa, fortaleciendo el bienestar de la sociedad, la cohesi\u00f3n social y el desarrollo de la regi\u00f3n y del pa\u00eds.<\/p><\/blockquote>\n<p>La Direcci\u00f3n General de Desarrollo y Medio Ambiente tiene roles y competencias que apuntan al desarrollo integral del departamento de Rivera; al mismo tiempo la preservaci\u00f3n y el uso sustentable del ambiente. Trabaja por el crecimiento econ\u00f3mico y laboral de la sociedad urbana y rural, con visi\u00f3n regional y en concordancia con las pol\u00edticas de inclusi\u00f3n social y equidad de g\u00e9nero sin perder de vista el fomento del empleo, la capacitaci\u00f3n ciudadana y la propuesta de estrategias para el desarrollo; representa como actor clave a la Intendencia Departamental en la Agencia local de Desarrollo.<\/p>\n<p>Gestiona los recursos naturales del departamento \u2013 Reserva de Biosfera y \u00c1rea Protegida \u2013 con \u00e9nfasis en el recurso agua del Acu\u00edfero Guaran\u00ed y las cuencas superficiales; atiende \u00e1reas verdes y jardines de los centros urbanos y lleva adelante hace muchos a\u00f1os la gesti\u00f3n integral de residuos con su recolecci\u00f3n, barrido de calles, atenci\u00f3n de varios residuos especiales incluyendo elaboraci\u00f3n de compost vegetal, y la gesti\u00f3n del Relleno Sanitario como sitio de disposici\u00f3n final. La Direcci\u00f3n atiende tambi\u00e9n tareas como control integrado de plagas y vectores, en hogares y predios del departamento de Rivera.<\/p>\n<div id=\"accordion-1\" class=\"accordion no-js\"><\/p>\n<p>\n\t\t\t\t\t<h4 role=\"button\" id=\"accordion-1-t1\" class=\"accordion-title js-accordion-controller\" aria-controls=\"accordion-1-c1\" aria-expanded=\"false\" tabindex=\"0\">\n\t\t\t\tVer m\u00e1s\t\t\t<\/h4>\n\t\t\n\t\t<div id=\"accordion-1-c1\" class=\"accordion-content\" aria-hidden=\"true\">\n\t\t\t<\/p>\n<p>En la planificaci\u00f3n quinquenal de la DGDMA, se amalgaman la concepci\u00f3n de la situaci\u00f3n social y econ\u00f3mica de Rivera, del pa\u00eds y la regi\u00f3n, con su ubicaci\u00f3n geogr\u00e1fica y pol\u00edtica, que sumado al importante aprendizaje adquirido en los \u00faltimos a\u00f1os, por los actores relevantes del departamento del contexto p\u00fablico y privado, de los tres niveles de gobierno: municipal, departamental y nacional, as\u00ed como el de los niveles educativo, ejecutivo y legislativo que nos llevan a proponer un presupuesto quinquenal que refleja una visi\u00f3n de desarrollo del departamento y la regi\u00f3n m\u00e1s all\u00e1 del per\u00edodo que abarca el mismo. Pero que visa acciones concretas para incidir en los \u00edndices de Rivera, que a pesar del esfuerzo realizado por los gobiernos departamentales y nacionales, a\u00fan nos muestra entre los departamentos con mayores porcentajes de personas pobres del Uruguay.<\/p>\n<p>Se reconoce en esta planificaci\u00f3n la ubicaci\u00f3n estrat\u00e9gica de Rivera en el Mercosur y Latinoam\u00e9rica y la gran ventaja que puede brindar integrarse fuertemente a una visi\u00f3n de pertenecer a una regi\u00f3n de frontera y alejarse de la visi\u00f3n de departamento fronterizo o lim\u00edtrofe de Uruguay, que posiciona a Rivera en una situaci\u00f3n de borde o periferia.<br \/>\nDesde la direcci\u00f3n general somos conscientes del importante rol que nos compete como gobierno departamental, en regir el avance y reconocimiento por parte de los gobiernos nacionales de Uruguay y Brasil hacia la construcci\u00f3n de pol\u00edticas especiales de frontera que nos permitan desarrollarnos como regi\u00f3n, que nos proporcionen ventajas competitivas que nos permitan vencer las diferencias de ofertas educativas e innovadoras que poseen otras regiones de Brasil y Uruguay por estar cercanas a los aglomerados urbanos de las capitales nacionales (Uruguay) y estaduales (Brasil); y que finalmente permitan lograr una mayor equidad en la distribuci\u00f3n de las riquezas y oportunidades en el Uruguay, llevando a los pobladores de estas regiones hacia una posici\u00f3n de mayor bienestar y buen vivir.<\/p>\n<p>Es por eso fundamental para el gobierno departamental el trabajo codo a codo con el gobierno nacional, alineando pol\u00edticas y promoviendo el cambio de rumbo de las mismas con la visi\u00f3n que brinda la cercan\u00eda con nuestra gente y el territorio, leyendo en forma permanente las demandas de la poblaci\u00f3n y los requerimientos del mismo. Es en este sentido que se ver\u00e1n fortalecidas las acciones conjuntas con ministerios, agencias, institutos, entes aut\u00f3nomos, OPP, universidades y entidades educativas, basados en la experiencia pasada y en la construcci\u00f3n positiva de nuevas alianzas que nos permitan orientar estrategias y recursos para el desarrollo de Rivera y la regi\u00f3n. En este sentido el fortalecimiento de \u00e1mbitos como el Consejo Agropecuario Departamental y las Mesas de Desarrollo Rural.<\/p>\n<p>Se trabaja fomentando e incentivando el intercambio con Naciones Unidas, BID y con la cooperaci\u00f3n internacional, estos apoyos han sido fundamentales en varios de los logros obtenidos y ser\u00e1n relevantes en la estrategia planteada. Esta forma de trabajo estrecha con el gobierno nacional, tambi\u00e9n se ver\u00e1 reflejada en una pol\u00edtica de acercamiento y construcci\u00f3n de estrategias con el gobierno legislativo departamental, resaltando las estrategias de desarrollo, medio ambiente y legislaci\u00f3n, que se buscar\u00e1 desarrollar y evaluar as\u00ed como el conjunto de las acciones que ser\u00e1n la base de la pol\u00edtica del desarrollo sustentable en Rivera.<\/p>\n<p>El trabajo en clave regional, con las intendencias cercanas y vecinas, desarrollando acciones en conjunto de temas prioritarios para la regi\u00f3n, ser\u00e1 sin dudas una de las formas fuertes de intervenci\u00f3n en el territorio. De la misma forma actuaremos con los gobiernos de municipios vecinos de Brasil. Resaltamos en este sentido el importante acercamiento que estamos teniendo con la Intendencia de Tacuaremb\u00f3, con quienes ya se acord\u00f3 el trabajo conjunto en el programa de desarrollo de proveedores, en la gesti\u00f3n y cuidado del medio ambiente con el apoyo hacia la incorporaci\u00f3n del \u00e1rea protegida Laureles Ca\u00f1as al SNAP, el desarrollo de un plan de gesti\u00f3n de cuenca y uso de suelos para los departamentos de Rivera y Tacuaremb\u00f3 orientado hacia la adaptaci\u00f3n y respuesta al cambio clim\u00e1tico y la gesti\u00f3n integral de residuos s\u00f3lidos de ambos departamentos.<\/p>\n<p>\t\t<\/div>\n\n\t\t<\/p>\n<p><\/div>\n<p>&nbsp;<\/p>\n","protected":false},"excerpt":{"rendered":"<p>Misi\u00f3n Gobernar con la poblaci\u00f3n como eje principal de la gesti\u00f3n, liderando un proceso democr\u00e1tico, participativo, con equidad y transparencia, consolidando el desarrollo integral del departamento. Visi\u00f3n Ser una Intendencia din\u00e1mica, l\u00edder en el Uruguay en resultados de gesti\u00f3n, alcanzando niveles de excelencia t\u00e9cnica y operativa, fortaleciendo el bienestar de la sociedad, la cohesi\u00f3n social [&hellip;]<\/p>\n","protected":false},"author":2,"featured_media":0,"parent":0,"menu_order":0,"comment_status":"closed","ping_status":"closed","template":"","meta":{"footnotes":""},"_links":{"self":[{"href":"https:\/\/www.rivera.gub.uy\/medioambiente\/wp-json\/wp\/v2\/pages\/9"}],"collection":[{"href":"https:\/\/www.rivera.gub.uy\/medioambiente\/wp-json\/wp\/v2\/pages"}],"about":[{"href":"https:\/\/www.rivera.gub.uy\/medioambiente\/wp-json\/wp\/v2\/types\/page"}],"author":[{"embeddable":true,"href":"https:\/\/www.rivera.gub.uy\/medioambiente\/wp-json\/wp\/v2\/users\/2"}],"replies":[{"embeddable":true,"href":"https:\/\/www.rivera.gub.uy\/medioambiente\/wp-json\/wp\/v2\/comments?post=9"}],"version-history":[{"count":26,"href":"https:\/\/www.rivera.gub.uy\/medioambiente\/wp-json\/wp\/v2\/pages\/9\/revisions"}],"predecessor-version":[{"id":889,"href":"https:\/\/www.rivera.gub.uy\/medioambiente\/wp-json\/wp\/v2\/pages\/9\/revisions\/889"}],"wp:attachment":[{"href":"https:\/\/www.rivera.gub.uy\/medioambiente\/wp-json\/wp\/v2\/media?parent=9"}],"curies":[{"name":"wp","href":"https:\/\/api.w.org\/{rel}","templated":true}]}}

<p><img loading="lazy" decoding="async" class="size-medium wp-image-481 efecto aligncenter" src="http://www.rivera.gub.uy/medioambiente/wp-content/uploads/2017/07/cabezal-nosotros.png" alt="Dirección General de Desarrollo y Medio Ambiente - Intendencia de Rivera" width="800" height="350" /></p>
<blockquote>
<h3>Misión</h3>
<p>Gobernar con la población como eje principal de la gestión, liderando un proceso democrático, participativo, con equidad y transparencia, consolidando el desarrollo integral del departamento.</p>
<h3>Visión</h3>
<p>Ser una Intendencia dinámica, líder en el Uruguay en resultados de gestión, alcanzando niveles de excelencia técnica y operativa, fortaleciendo el bienestar de la sociedad, la cohesión social y el desarrollo de la región y del país.</p></blockquote>
<p>La Dirección General de Desarrollo y Medio Ambiente tiene roles y competencias que apuntan al desarrollo integral del departamento de Rivera; al mismo tiempo la preservación y el uso sustentable del ambiente. Trabaja por el crecimiento económico y laboral de la sociedad urbana y rural, con visión regional y en concordancia con las políticas de inclusión social y equidad de género sin perder de vista el fomento del empleo, la capacitación ciudadana y la propuesta de estrategias para el desarrollo; representa como actor clave a la Intendencia Departamental en la Agencia local de Desarrollo.</p>
<p>Gestiona los recursos naturales del departamento – Reserva de Biosfera y Área Protegida – con énfasis en el recurso agua del Acuífero Guaraní y las cuencas superficiales; atiende áreas verdes y jardines de los centros urbanos y lleva adelante hace muchos años la gestión integral de residuos con su recolección, barrido de calles, atención de varios residuos especiales incluyendo elaboración de compost vegetal, y la gestión del Relleno Sanitario como sitio de disposición final. La Dirección atiende también tareas como control integrado de plagas y vectores, en hogares y predios del departamento de Rivera.</p>
<div id="accordion-1" class="accordion no-js"></p>
<p>
					<h4 role="button" id="accordion-1-t1" class="accordion-title js-accordion-controller" aria-controls="accordion-1-c1" aria-expanded="false" tabindex="0">
				Ver más			</h4>
		
		<div id="accordion-1-c1" class="accordion-content" aria-hidden="true">
			</p>
<p>En la planificación quinquenal de la DGDMA, se amalgaman la concepción de la situación social y económica de Rivera, del país y la región, con su ubicación geográfica y política, que sumado al importante aprendizaje adquirido en los últimos años, por los actores relevantes del departamento del contexto público y privado, de los tres niveles de gobierno: municipal, departamental y nacional, así como el de los niveles educativo, ejecutivo y legislativo que nos llevan a proponer un presupuesto quinquenal que refleja una visión de desarrollo del departamento y la región más allá del período que abarca el mismo. Pero que visa acciones concretas para incidir en los índices de Rivera, que a pesar del esfuerzo realizado por los gobiernos departamentales y nacionales, aún nos muestra entre los departamentos con mayores porcentajes de personas pobres del Uruguay.</p>
<p>Se reconoce en esta planificación la ubicación estratégica de Rivera en el Mercosur y Latinoamérica y la gran ventaja que puede brindar integrarse fuertemente a una visión de pertenecer a una región de frontera y alejarse de la visión de departamento fronterizo o limítrofe de Uruguay, que posiciona a Rivera en una situación de borde o periferia.<br />
Desde la dirección general somos conscientes del importante rol que nos compete como gobierno departamental, en regir el avance y reconocimiento por parte de los gobiernos nacionales de Uruguay y Brasil hacia la construcción de políticas especiales de frontera que nos permitan desarrollarnos como región, que nos proporcionen ventajas competitivas que nos permitan vencer las diferencias de ofertas educativas e innovadoras que poseen otras regiones de Brasil y Uruguay por estar cercanas a los aglomerados urbanos de las capitales nacionales (Uruguay) y estaduales (Brasil); y que finalmente permitan lograr una mayor equidad en la distribución de las riquezas y oportunidades en el Uruguay, llevando a los pobladores de estas regiones hacia una posición de mayor bienestar y buen vivir.</p>
<p>Es por eso fundamental para el gobierno departamental el trabajo codo a codo con el gobierno nacional, alineando políticas y promoviendo el cambio de rumbo de las mismas con la visión que brinda la cercanía con nuestra gente y el territorio, leyendo en forma permanente las demandas de la población y los requerimientos del mismo. Es en este sentido que se verán fortalecidas las acciones conjuntas con ministerios, agencias, institutos, entes autónomos, OPP, universidades y entidades educativas, basados en la experiencia pasada y en la construcción positiva de nuevas alianzas que nos permitan orientar estrategias y recursos para el desarrollo de Rivera y la región. En este sentido el fortalecimiento de ámbitos como el Consejo Agropecuario Departamental y las Mesas de Desarrollo Rural.</p>
<p>Se trabaja fomentando e incentivando el intercambio con Naciones Unidas, BID y con la cooperación internacional, estos apoyos han sido fundamentales en varios de los logros obtenidos y serán relevantes en la estrategia planteada. Esta forma de trabajo estrecha con el gobierno nacional, también se verá reflejada en una política de acercamiento y construcción de estrategias con el gobierno legislativo departamental, resaltando las estrategias de desarrollo, medio ambiente y legislación, que se buscará desarrollar y evaluar así como el conjunto de las acciones que serán la base de la política del desarrollo sustentable en Rivera.</p>
<p>El trabajo en clave regional, con las intendencias cercanas y vecinas, desarrollando acciones en conjunto de temas prioritarios para la región, será sin dudas una de las formas fuertes de intervención en el territorio. De la misma forma actuaremos con los gobiernos de municipios vecinos de Brasil. Resaltamos en este sentido el importante acercamiento que estamos teniendo con la Intendencia de Tacuarembó, con quienes ya se acordó el trabajo conjunto en el programa de desarrollo de proveedores, en la gestión y cuidado del medio ambiente con el apoyo hacia la incorporación del área protegida Laureles Cañas al SNAP, el desarrollo de un plan de gestión de cuenca y uso de suelos para los departamentos de Rivera y Tacuarembó orientado hacia la adaptación y respuesta al cambio climático y la gestión integral de residuos sólidos de ambos departamentos.</p>
<p>		</div>

		</p>
<p></div>
<p>&nbsp;</p>

<p>Misión Gobernar con la población como eje principal de la gestión, liderando un proceso democrático, participativo, con equidad y transparencia, consolidando el desarrollo integral del departamento. Visión Ser una Intendencia dinámica, líder en el Uruguay en resultados de gestión, alcanzando niveles de excelencia técnica y operativa, fortaleciendo el bienestar de la sociedad, la cohesión social [&hellip;]</p>
