{"id":17,"date":"2017-06-02T20:27:10","date_gmt":"2017-06-02T20:27:10","guid":{"rendered":"http:\/\/rivera.gub.uy\/obras\/?page_id=17"},"modified":"2024-04-29T12:18:13","modified_gmt":"2024-04-29T12:18:13","slug":"alumbrado-publico","status":"publish","type":"page","link":"https:\/\/www.rivera.gub.uy\/obras\/divisiones\/alumbrado-publico\/","title":{"rendered":"Alumbrado P\u00fablico"},"content":{"rendered":"<p><a href=\"http:\/\/rivera.gub.uy\/obras\/wp-content\/uploads\/2017\/06\/alumbradoportada.png\"><img loading=\"lazy\" decoding=\"async\" class=\"aligncenter wp-image-584 size-full\" src=\"http:\/\/rivera.gub.uy\/obras\/wp-content\/uploads\/2017\/06\/alumbradoportada.png\" alt=\"\" width=\"800\" height=\"350\" srcset=\"https:\/\/www.rivera.gub.uy\/obras\/wp-content\/uploads\/2017\/06\/alumbradoportada.png 800w, https:\/\/www.rivera.gub.uy\/obras\/wp-content\/uploads\/2017\/06\/alumbradoportada-300x131.png 300w, https:\/\/www.rivera.gub.uy\/obras\/wp-content\/uploads\/2017\/06\/alumbradoportada-768x336.png 768w\" sizes=\"(max-width: 800px) 100vw, 800px\" \/><\/a><\/p>\n<blockquote><p>Se encargan de atender las demandas de alumbrado p\u00fablico en todo el departamento, aportando a la seguridad en las v\u00edas de tr\u00e1nsito y poblaci\u00f3n en general.<\/p><\/blockquote>\n<ul>\n<li>Atendemos una red (en expansi\u00f3n) en todo el departamento proporcionando a la poblaci\u00f3n el mejor nivel de iluminaci\u00f3n, buscando una mejora contin\u00faa a trav\u00e9s de tecnolog\u00edas eficientes (calidad, celeridad y a menor costo)<\/li>\n<li>Atendemos a la ciudadan\u00eda en sus demandas, con un servicio de atenci\u00f3n al p\u00fablico certificado por el LSQA en la Norma ISO 9001:2008<\/li>\n<li>AMPLIACI\u00d3N DE REDES EL\u00c9CTRICAS: incremento de luminarias en las redes ya existentes.<\/li>\n<li>MANTENIMIENTO PREVENTIVOS: realizados con la finalidad de optimizar la vida \u00fatil de los equipos.<\/li>\n<li>MANTENIMIENTO CORRECTIVO: reparaciones de los inconvenientes detectados a trav\u00e9s de inspecciones que se realizan regularmente, y de las solicitudes de los contribuyentes.<\/li>\n<li>ELABORACI\u00d3N DE PROYECTOS PARA OBRAS NUEVAS Y DE MEJORAS EN LAS YA EXISTENTES: aplicando tecnolog\u00edas de punta a nivel internacional.<\/li>\n<li>APOYO A OTRAS DEPENDENCIAS DE LA I.D.R.: con veh\u00edculos y personal (Parques y Jardines, C.E.C.O.E.T. , Turismo (Carnaval, eventos varios), Deportes, SS.II. etc.)<\/li>\n<li>CONSTRUCCI\u00d3N DE REDES EL\u00c9CTRICAS: La ejecuci\u00f3n de las obras con el tendido de l\u00edneas a\u00e9reas y subterr\u00e1neas, de acuerdo a los proyectos realizados por la Unidad de Proyectos.<\/li>\n<\/ul>\n<hr \/>\n<p style=\"text-align: center;\"><strong>Director:<\/strong> Mart\u00ed Molins<br \/>\nAv. It\u00e1lia 1103 &#8211; Estadio Municipal<br \/>\n<strong>Tel.<\/strong> 4623 1900 int. 307 | <strong>Wsp:<\/strong> <a href=\"tel:+59891906900\">91 906 900<\/a><br \/>\n<strong>Horario de atenci\u00f3n:<\/strong> de Lunes a Viernes de 07:00 a 14:15 horas.<br \/>\n<strong>E-mail:<\/strong> <a href=\"mailto:alumbrado@rivera.gub.uy\">alumbrado@rivera.gub.uy<\/a><\/p>\n<hr \/>\n<p>\u00daltima actualizaci\u00f3n: 29\/4\/2024<\/p>\n","protected":false},"excerpt":{"rendered":"<p>Se encargan de atender las demandas de alumbrado p\u00fablico en todo el departamento, aportando a la seguridad en las v\u00edas de tr\u00e1nsito y poblaci\u00f3n en general. Atendemos una red (en expansi\u00f3n) en todo el departamento proporcionando a la poblaci\u00f3n el mejor nivel de iluminaci\u00f3n, buscando una mejora contin\u00faa a trav\u00e9s de tecnolog\u00edas eficientes (calidad, celeridad [&hellip;]<\/p>\n","protected":false},"author":2,"featured_media":0,"parent":10,"menu_order":0,"comment_status":"closed","ping_status":"closed","template":"","meta":{"footnotes":""},"_links":{"self":[{"href":"https:\/\/www.rivera.gub.uy\/obras\/wp-json\/wp\/v2\/pages\/17"}],"collection":[{"href":"https:\/\/www.rivera.gub.uy\/obras\/wp-json\/wp\/v2\/pages"}],"about":[{"href":"https:\/\/www.rivera.gub.uy\/obras\/wp-json\/wp\/v2\/types\/page"}],"author":[{"embeddable":true,"href":"https:\/\/www.rivera.gub.uy\/obras\/wp-json\/wp\/v2\/users\/2"}],"replies":[{"embeddable":true,"href":"https:\/\/www.rivera.gub.uy\/obras\/wp-json\/wp\/v2\/comments?post=17"}],"version-history":[{"count":14,"href":"https:\/\/www.rivera.gub.uy\/obras\/wp-json\/wp\/v2\/pages\/17\/revisions"}],"predecessor-version":[{"id":1269,"href":"https:\/\/www.rivera.gub.uy\/obras\/wp-json\/wp\/v2\/pages\/17\/revisions\/1269"}],"up":[{"embeddable":true,"href":"https:\/\/www.rivera.gub.uy\/obras\/wp-json\/wp\/v2\/pages\/10"}],"wp:attachment":[{"href":"https:\/\/www.rivera.gub.uy\/obras\/wp-json\/wp\/v2\/media?parent=17"}],"curies":[{"name":"wp","href":"https:\/\/api.w.org\/{rel}","templated":true}]}}