{"id":7,"date":"2017-06-02T20:16:44","date_gmt":"2017-06-02T20:16:44","guid":{"rendered":"http:\/\/rivera.gub.uy\/obras\/?page_id=7"},"modified":"2025-05-21T16:17:48","modified_gmt":"2025-05-21T16:17:48","slug":"nosotros","status":"publish","type":"page","link":"https:\/\/www.rivera.gub.uy\/obras\/nosotros\/","title":{"rendered":"Nosotros"},"content":{"rendered":"<p style=\"text-align: center;\"><img loading=\"lazy\" decoding=\"async\" class=\"alignnone size-full wp-image-145\" src=\"http:\/\/rivera.gub.uy\/obras\/wp-content\/uploads\/2017\/06\/nosotros.png\" alt=\"Direcci\u00f3n General de Obras - Nosotros\" width=\"800\" height=\"350\" srcset=\"https:\/\/www.rivera.gub.uy\/obras\/wp-content\/uploads\/2017\/06\/nosotros.png 800w, https:\/\/www.rivera.gub.uy\/obras\/wp-content\/uploads\/2017\/06\/nosotros-300x131.png 300w, https:\/\/www.rivera.gub.uy\/obras\/wp-content\/uploads\/2017\/06\/nosotros-768x336.png 768w\" sizes=\"(max-width: 800px) 100vw, 800px\" \/><\/p>\n<h3>Quienes somos<\/h3>\n<p>La Direcci\u00f3n General de Obras tiene la responsabilidad de desarrollar en el territorio la planificaci\u00f3n estrat\u00e9gica del desarrollo urbano de la capital departamental, municipios, pueblos y el interior con un enfoque de sostenibilidad y accesibilidad como se llevan a cabo en las grandes capitales del mundo.<\/p>\n<h3>Qu\u00e9 hacemos<\/h3>\n<p>Con un equipo de t\u00e9cnicos y asesores desarrollamos proyectos en tres niveles a lo largo del territorio: Rivera Ciudad, Rivera Municipios e Interior . Articulando con instituciones y organismos nacionales e internacionales proponiendo la mejora del h\u00e1bitat urbano de las distintas comunidades haciendo de las mismas m\u00e1s funcionales teniendo como objetivo la mejora de la calidad de vida del ciudadano, con la misma modalidad de trabajo al que se implementa en el desarrollo de las ciudades inteligentes.<br \/>\nCon un doble desaf\u00edo mejorar y aumentar la funcionalidad de las ciudades que les permita desarrollarse estrat\u00e9gicamente en el territorio y la regi\u00f3n pero tambi\u00e9n dar respuesta a la superaci\u00f3n de la pobreza sobre la base de una pol\u00edtica y gesti\u00f3n urbanas que tengan como objetivo principal la inclusi\u00f3n e integraci\u00f3n de los sectores m\u00e1s desfavorecidos de la poblaci\u00f3n.<\/p>\n<hr \/>\n<h3 style=\"text-align: center;\">Director General<\/h3>\n<p style=\"text-align: center;\"><a href=\"https:\/\/www.rivera.gub.uy\/obras\/wp-content\/uploads\/2021\/01\/martin-minisitio.png\"><img loading=\"lazy\" decoding=\"async\" class=\"aligncenter wp-image-1072 size-medium\" src=\"https:\/\/www.rivera.gub.uy\/obras\/wp-content\/uploads\/2021\/01\/martin-minisitio-300x300.png\" alt=\"\" width=\"300\" height=\"300\" srcset=\"https:\/\/www.rivera.gub.uy\/obras\/wp-content\/uploads\/2021\/01\/martin-minisitio-300x300.png 300w, https:\/\/www.rivera.gub.uy\/obras\/wp-content\/uploads\/2021\/01\/martin-minisitio-1024x1024.png 1024w, https:\/\/www.rivera.gub.uy\/obras\/wp-content\/uploads\/2021\/01\/martin-minisitio-150x150.png 150w, https:\/\/www.rivera.gub.uy\/obras\/wp-content\/uploads\/2021\/01\/martin-minisitio-768x768.png 768w, https:\/\/www.rivera.gub.uy\/obras\/wp-content\/uploads\/2021\/01\/martin-minisitio-820x820.png 820w, https:\/\/www.rivera.gub.uy\/obras\/wp-content\/uploads\/2021\/01\/martin-minisitio.png 1080w\" sizes=\"(max-width: 300px) 100vw, 300px\" \/><\/a><\/p>\n","protected":false},"excerpt":{"rendered":"<p>Quienes somos La Direcci\u00f3n General de Obras tiene la responsabilidad de desarrollar en el territorio la planificaci\u00f3n estrat\u00e9gica del desarrollo urbano de la capital departamental, municipios, pueblos y el interior con un enfoque de sostenibilidad y accesibilidad como se llevan a cabo en las grandes capitales del mundo. Qu\u00e9 hacemos Con un equipo de t\u00e9cnicos [&hellip;]<\/p>\n","protected":false},"author":2,"featured_media":0,"parent":0,"menu_order":0,"comment_status":"closed","ping_status":"closed","template":"","meta":{"footnotes":""},"_links":{"self":[{"href":"https:\/\/www.rivera.gub.uy\/obras\/wp-json\/wp\/v2\/pages\/7"}],"collection":[{"href":"https:\/\/www.rivera.gub.uy\/obras\/wp-json\/wp\/v2\/pages"}],"about":[{"href":"https:\/\/www.rivera.gub.uy\/obras\/wp-json\/wp\/v2\/types\/page"}],"author":[{"embeddable":true,"href":"https:\/\/www.rivera.gub.uy\/obras\/wp-json\/wp\/v2\/users\/2"}],"replies":[{"embeddable":true,"href":"https:\/\/www.rivera.gub.uy\/obras\/wp-json\/wp\/v2\/comments?post=7"}],"version-history":[{"count":18,"href":"https:\/\/www.rivera.gub.uy\/obras\/wp-json\/wp\/v2\/pages\/7\/revisions"}],"predecessor-version":[{"id":11009,"href":"https:\/\/www.rivera.gub.uy\/obras\/wp-json\/wp\/v2\/pages\/7\/revisions\/11009"}],"wp:attachment":[{"href":"https:\/\/www.rivera.gub.uy\/obras\/wp-json\/wp\/v2\/media?parent=7"}],"curies":[{"name":"wp","href":"https:\/\/api.w.org\/{rel}","templated":true}]}}

<p style="text-align: center;"><img loading="lazy" decoding="async" class="alignnone size-full wp-image-145" src="http://rivera.gub.uy/obras/wp-content/uploads/2017/06/nosotros.png" alt="Dirección General de Obras - Nosotros" width="800" height="350" srcset="https://www.rivera.gub.uy/obras/wp-content/uploads/2017/06/nosotros.png 800w, https://www.rivera.gub.uy/obras/wp-content/uploads/2017/06/nosotros-300x131.png 300w, https://www.rivera.gub.uy/obras/wp-content/uploads/2017/06/nosotros-768x336.png 768w" sizes="(max-width: 800px) 100vw, 800px" /></p>
<h3>Quienes somos</h3>
<p>La Dirección General de Obras tiene la responsabilidad de desarrollar en el territorio la planificación estratégica del desarrollo urbano de la capital departamental, municipios, pueblos y el interior con un enfoque de sostenibilidad y accesibilidad como se llevan a cabo en las grandes capitales del mundo.</p>
<h3>Qué hacemos</h3>
<p>Con un equipo de técnicos y asesores desarrollamos proyectos en tres niveles a lo largo del territorio: Rivera Ciudad, Rivera Municipios e Interior . Articulando con instituciones y organismos nacionales e internacionales proponiendo la mejora del hábitat urbano de las distintas comunidades haciendo de las mismas más funcionales teniendo como objetivo la mejora de la calidad de vida del ciudadano, con la misma modalidad de trabajo al que se implementa en el desarrollo de las ciudades inteligentes.<br />
Con un doble desafío mejorar y aumentar la funcionalidad de las ciudades que les permita desarrollarse estratégicamente en el territorio y la región pero también dar respuesta a la superación de la pobreza sobre la base de una política y gestión urbanas que tengan como objetivo principal la inclusión e integración de los sectores más desfavorecidos de la población.</p>
<hr />
<h3 style="text-align: center;">Director General</h3>
<p style="text-align: center;"><a href="https://www.rivera.gub.uy/obras/wp-content/uploads/2021/01/martin-minisitio.png"><img loading="lazy" decoding="async" class="aligncenter wp-image-1072 size-medium" src="https://www.rivera.gub.uy/obras/wp-content/uploads/2021/01/martin-minisitio-300x300.png" alt="" width="300" height="300" srcset="https://www.rivera.gub.uy/obras/wp-content/uploads/2021/01/martin-minisitio-300x300.png 300w, https://www.rivera.gub.uy/obras/wp-content/uploads/2021/01/martin-minisitio-1024x1024.png 1024w, https://www.rivera.gub.uy/obras/wp-content/uploads/2021/01/martin-minisitio-150x150.png 150w, https://www.rivera.gub.uy/obras/wp-content/uploads/2021/01/martin-minisitio-768x768.png 768w, https://www.rivera.gub.uy/obras/wp-content/uploads/2021/01/martin-minisitio-820x820.png 820w, https://www.rivera.gub.uy/obras/wp-content/uploads/2021/01/martin-minisitio.png 1080w" sizes="(max-width: 300px) 100vw, 300px" /></a></p>

<p>Quienes somos La Dirección General de Obras tiene la responsabilidad de desarrollar en el territorio la planificación estratégica del desarrollo urbano de la capital departamental, municipios, pueblos y el interior con un enfoque de sostenibilidad y accesibilidad como se llevan a cabo en las grandes capitales del mundo. Qué hacemos Con un equipo de técnicos [&hellip;]</p>
