{"id":27956,"date":"2021-01-04T10:14:07","date_gmt":"2021-01-04T13:14:07","guid":{"rendered":"https:\/\/www.rivera.gub.uy\/portal\/?page_id=27956"},"modified":"2021-09-07T11:23:58","modified_gmt":"2021-09-07T14:23:58","slug":"hacienda","status":"publish","type":"page","link":"https:\/\/www.rivera.gub.uy\/portal\/hacienda\/","title":{"rendered":"Direcci\u00f3n General de Hacienda"},"content":{"rendered":"<div id=\"pl-27956\"  class=\"panel-layout\" ><div id=\"pg-27956-0\"  class=\"panel-grid panel-no-style\" ><div id=\"pgc-27956-0-0\"  class=\"panel-grid-cell\" ><div id=\"panel-27956-0-0-0\" class=\"so-panel widget widget_sow-editor panel-first-child panel-last-child\" data-index=\"0\" ><div\n\t\t\t\n\t\t\tclass=\"so-widget-sow-editor so-widget-sow-editor-base\"\n\t\t\t\n\t\t>\n<div class=\"siteorigin-widget-tinymce textwidget\">\n\t<p><a href=\"https:\/\/www.rivera.gub.uy\/portal\/wp-content\/uploads\/2021\/01\/cabezal-hacienda.jpg\"><img loading=\"lazy\" decoding=\"async\" class=\"aligncenter wp-image-27991 size-full\" src=\"https:\/\/www.rivera.gub.uy\/portal\/wp-content\/uploads\/2021\/01\/cabezal-hacienda.jpg\" alt=\"\" width=\"800\" height=\"350\" srcset=\"https:\/\/www.rivera.gub.uy\/portal\/wp-content\/uploads\/2021\/01\/cabezal-hacienda.jpg 800w, https:\/\/www.rivera.gub.uy\/portal\/wp-content\/uploads\/2021\/01\/cabezal-hacienda-150x66.jpg 150w, https:\/\/www.rivera.gub.uy\/portal\/wp-content\/uploads\/2021\/01\/cabezal-hacienda-300x131.jpg 300w, https:\/\/www.rivera.gub.uy\/portal\/wp-content\/uploads\/2021\/01\/cabezal-hacienda-768x336.jpg 768w\" sizes=\"auto, (max-width: 800px) 100vw, 800px\" \/><\/a><\/p>\n<blockquote>\n<p>La Direcci\u00f3n General de Hacienda\u00a0 lleva adelante la gesti\u00f3n administrativa fundamentada en la transparencia, la responsabilidad, la veracidad, exactitud y confiabilidad, y la competencia en el desempe\u00f1o de las tareas. Para ello implementa pol\u00edticas estrat\u00e9gicas claras y bien definidas orientadas a la ciudadan\u00eda y funcionariado, que aseguren la concreci\u00f3n y consolidaci\u00f3n del plan de gobierno departamental.<\/p>\n<\/blockquote>\n<\/div>\n<\/div><\/div><\/div><\/div><div id=\"pg-27956-1\"  class=\"panel-grid panel-no-style\" ><div id=\"pgc-27956-1-0\"  class=\"panel-grid-cell\" ><div id=\"panel-27956-1-0-0\" class=\"so-panel widget widget_sow-image panel-first-child panel-last-child\" data-index=\"1\" ><div\n\t\t\t\n\t\t\tclass=\"so-widget-sow-image so-widget-sow-image-default-113ccd71f3e6-27956\"\n\t\t\t\n\t\t>\n<div class=\"sow-image-container\">\n\t\t\t<a href=\"https:\/\/www.rivera.gub.uy\/portal\/compras-y-licitaciones\/\"\n\t\t\ttarget=\"_blank\" rel=\"noopener noreferrer\" \t\t>\n\t\t\t<img \n\tsrc=\"https:\/\/www.rivera.gub.uy\/portal\/wp-content\/uploads\/2021\/01\/icono-masinfo-188x188.png\" width=\"188\" height=\"188\" srcset=\"https:\/\/www.rivera.gub.uy\/portal\/wp-content\/uploads\/2021\/01\/icono-masinfo-188x188.png 188w, https:\/\/www.rivera.gub.uy\/portal\/wp-content\/uploads\/2021\/01\/icono-masinfo-94x94.png 94w, https:\/\/www.rivera.gub.uy\/portal\/wp-content\/uploads\/2021\/01\/icono-masinfo.png 400w\" sizes=\"(max-width: 188px) 100vw, 188px\" title=\"Compras y Licitaciones\" alt=\"\" \t\tclass=\"so-widget-image\"\/>\n\t\t\t<\/a><\/div>\n\n<h3 class=\"widget-title\">Compras y Licitaciones<\/h3><\/div><\/div><\/div><div id=\"pgc-27956-1-1\"  class=\"panel-grid-cell\" ><div id=\"panel-27956-1-1-0\" class=\"so-panel widget widget_sow-image panel-first-child panel-last-child\" data-index=\"2\" ><div\n\t\t\t\n\t\t\tclass=\"so-widget-sow-image so-widget-sow-image-default-113ccd71f3e6-27956\"\n\t\t\t\n\t\t>\n<div class=\"sow-image-container\">\n\t\t\t<a href=\"https:\/\/www.rivera.gub.uy\/portal\/contribucion\/\"\n\t\t\ttarget=\"_blank\" rel=\"noopener noreferrer\" \t\t>\n\t\t\t<img \n\tsrc=\"https:\/\/www.rivera.gub.uy\/portal\/wp-content\/uploads\/2021\/01\/icono-masinfo-188x188.png\" width=\"188\" height=\"188\" srcset=\"https:\/\/www.rivera.gub.uy\/portal\/wp-content\/uploads\/2021\/01\/icono-masinfo-188x188.png 188w, https:\/\/www.rivera.gub.uy\/portal\/wp-content\/uploads\/2021\/01\/icono-masinfo-94x94.png 94w, https:\/\/www.rivera.gub.uy\/portal\/wp-content\/uploads\/2021\/01\/icono-masinfo.png 400w\" sizes=\"(max-width: 188px) 100vw, 188px\" title=\"Contribuci\u00f3n\" alt=\"\" \t\tclass=\"so-widget-image\"\/>\n\t\t\t<\/a><\/div>\n\n<h3 class=\"widget-title\">Contribuci\u00f3n<\/h3><\/div><\/div><\/div><\/div><div id=\"pg-27956-2\"  class=\"panel-grid panel-no-style\" ><div id=\"pgc-27956-2-0\"  class=\"panel-grid-cell\" ><div id=\"panel-27956-2-0-0\" class=\"so-panel widget widget_sow-image panel-first-child panel-last-child\" data-index=\"3\" ><div\n\t\t\t\n\t\t\tclass=\"so-widget-sow-image so-widget-sow-image-default-113ccd71f3e6-27956\"\n\t\t\t\n\t\t>\n<div class=\"sow-image-container\">\n\t\t\t<a href=\"https:\/\/www.rivera.gub.uy\/portal\/tasas\/\"\n\t\t\ttarget=\"_blank\" rel=\"noopener noreferrer\" \t\t>\n\t\t\t<img \n\tsrc=\"https:\/\/www.rivera.gub.uy\/portal\/wp-content\/uploads\/2021\/01\/icono-masinfo-188x188.png\" width=\"188\" height=\"188\" srcset=\"https:\/\/www.rivera.gub.uy\/portal\/wp-content\/uploads\/2021\/01\/icono-masinfo-188x188.png 188w, https:\/\/www.rivera.gub.uy\/portal\/wp-content\/uploads\/2021\/01\/icono-masinfo-94x94.png 94w, https:\/\/www.rivera.gub.uy\/portal\/wp-content\/uploads\/2021\/01\/icono-masinfo.png 400w\" sizes=\"(max-width: 188px) 100vw, 188px\" title=\"Tasas\" alt=\"\" \t\tclass=\"so-widget-image\"\/>\n\t\t\t<\/a><\/div>\n\n<h3 class=\"widget-title\">Tasas<\/h3><\/div><\/div><\/div><div id=\"pgc-27956-2-1\"  class=\"panel-grid-cell\" ><div id=\"panel-27956-2-1-0\" class=\"so-panel widget widget_sow-image panel-first-child panel-last-child\" data-index=\"4\" ><div\n\t\t\t\n\t\t\tclass=\"so-widget-sow-image so-widget-sow-image-default-113ccd71f3e6-27956\"\n\t\t\t\n\t\t>\n<div class=\"sow-image-container\">\n\t\t\t<a href=\"https:\/\/www.gub.uy\/tramites\/solicitud-certificado-unico-departamental-rivera\"\n\t\t\ttarget=\"_blank\" rel=\"noopener noreferrer\" \t\t>\n\t\t\t<img \n\tsrc=\"https:\/\/www.rivera.gub.uy\/portal\/wp-content\/uploads\/2021\/01\/icono-masinfo-188x188.png\" width=\"188\" height=\"188\" srcset=\"https:\/\/www.rivera.gub.uy\/portal\/wp-content\/uploads\/2021\/01\/icono-masinfo-188x188.png 188w, https:\/\/www.rivera.gub.uy\/portal\/wp-content\/uploads\/2021\/01\/icono-masinfo-94x94.png 94w, https:\/\/www.rivera.gub.uy\/portal\/wp-content\/uploads\/2021\/01\/icono-masinfo.png 400w\" sizes=\"(max-width: 188px) 100vw, 188px\" title=\"Certificado \u00danico Departamental\" alt=\"\" \t\tclass=\"so-widget-image\"\/>\n\t\t\t<\/a><\/div>\n\n<h3 class=\"widget-title\">Certificado \u00danico Departamental<\/h3><\/div><\/div><\/div><\/div><div id=\"pg-27956-3\"  class=\"panel-grid panel-no-style\" ><div id=\"pgc-27956-3-0\"  class=\"panel-grid-cell\" ><div id=\"panel-27956-3-0-0\" class=\"so-panel widget widget_pagesinwidgets_page_section pagesinwidgets_page_section panel-first-child panel-last-child\" data-index=\"5\" ><h3 class=\"widget-title widgettitle\">Tr\u00e1mites<\/h3>\t\t\t<div class=\"homepage_section\">\r\n\t\t\t\t<ul>\n<li><a href=\"https:\/\/www.gub.uy\/tramites\/altas-bajas-padron-rivera\" target=\"_blank\" rel=\"noopener noreferrer\">Altas y Bajas de Padr\u00f3n<\/a><\/li>\n<li><a href=\"https:\/\/www.gub.uy\/tramites\/convenio-pago-deuda-vencida-rivera\" target=\"_blank\" rel=\"noopener noreferrer\">Convenio de pago por deuda vencida<\/a><\/li>\n<li><a href=\"https:\/\/www.gub.uy\/tramites\/impuestos-remates-semovientes-dicose-rivera\" target=\"_blank\" rel=\"noopener noreferrer\">Impuestos a los Remates de Semovientes (DICOSE)<\/a><\/li>\n<li><a href=\"https:\/\/www.gub.uy\/tramites\/impuestos-cementerio-necropolis-rivera\" target=\"_blank\" rel=\"noopener noreferrer\">Impuestos al Cementerio (Necr\u00f3polis)<\/a><\/li>\n<li><a href=\"https:\/\/www.gub.uy\/tramites\/pago-contribucion-inmobiliaria-rivera\" target=\"_blank\" rel=\"noopener noreferrer\">Pago de Contribuci\u00f3n Inmobiliaria<\/a><\/li>\n<li><a href=\"https:\/\/www.gub.uy\/tramites\/registro-proveedores-rivera\" target=\"_blank\" rel=\"noopener noreferrer\">Registro de Proveedores<\/a><\/li>\n<li><a href=\"https:\/\/www.gub.uy\/tramites\/solicitud-certificado-unico-departamental-rivera\" target=\"_blank\" rel=\"noopener noreferrer\">Solicitud de Certificado \u00danico Departamental<\/a><\/li>\n<\/ul>\n\t\t\t\t<\/div>\r\n\t\t\t<\/div><\/div><\/div><\/div>","protected":false},"excerpt":{"rendered":"<p>La Direcci\u00f3n General de Hacienda\u00a0 lleva adelante la gesti\u00f3n administrativa fundamentada en la transparencia, la responsabilidad, la veracidad, exactitud y confiabilidad, y la competencia en el desempe\u00f1o de las tareas. Para ello implementa pol\u00edticas estrat\u00e9gicas claras y bien definidas orientadas a la ciudadan\u00eda y funcionariado, que aseguren la concreci\u00f3n y consolidaci\u00f3n del plan de gobierno [&hellip;]<\/p>\n","protected":false},"author":7,"featured_media":0,"parent":0,"menu_order":0,"comment_status":"closed","ping_status":"closed","template":"","meta":{"footnotes":""},"class_list":["post-27956","page","type-page","status-publish","hentry"],"_links":{"self":[{"href":"https:\/\/www.rivera.gub.uy\/portal\/wp-json\/wp\/v2\/pages\/27956","targetHints":{"allow":["GET"]}}],"collection":[{"href":"https:\/\/www.rivera.gub.uy\/portal\/wp-json\/wp\/v2\/pages"}],"about":[{"href":"https:\/\/www.rivera.gub.uy\/portal\/wp-json\/wp\/v2\/types\/page"}],"author":[{"embeddable":true,"href":"https:\/\/www.rivera.gub.uy\/portal\/wp-json\/wp\/v2\/users\/7"}],"replies":[{"embeddable":true,"href":"https:\/\/www.rivera.gub.uy\/portal\/wp-json\/wp\/v2\/comments?post=27956"}],"version-history":[{"count":41,"href":"https:\/\/www.rivera.gub.uy\/portal\/wp-json\/wp\/v2\/pages\/27956\/revisions"}],"predecessor-version":[{"id":27985,"href":"https:\/\/www.rivera.gub.uy\/portal\/wp-json\/wp\/v2\/pages\/27956\/revisions\/27985"}],"wp:attachment":[{"href":"https:\/\/www.rivera.gub.uy\/portal\/wp-json\/wp\/v2\/media?parent=27956"}],"curies":[{"name":"wp","href":"https:\/\/api.w.org\/{rel}","templated":true}]}}