{"id":28082,"date":"2021-01-11T13:08:21","date_gmt":"2021-01-11T16:08:21","guid":{"rendered":"https:\/\/www.rivera.gub.uy\/portal\/?page_id=28082"},"modified":"2025-04-02T13:10:04","modified_gmt":"2025-04-02T16:10:04","slug":"secretaria-general","status":"publish","type":"page","link":"https:\/\/www.rivera.gub.uy\/portal\/secretaria-general\/","title":{"rendered":"Secretar\u00eda General"},"content":{"rendered":"<div id=\"pl-28082\"  class=\"panel-layout\" ><div id=\"pg-28082-0\"  class=\"panel-grid panel-no-style\" ><div id=\"pgc-28082-0-0\"  class=\"panel-grid-cell\" ><div id=\"panel-28082-0-0-0\" class=\"so-panel widget widget_sow-editor panel-first-child panel-last-child\" data-index=\"0\" ><div\n\t\t\t\n\t\t\tclass=\"so-widget-sow-editor so-widget-sow-editor-base\"\n\t\t\t\n\t\t>\n<div class=\"siteorigin-widget-tinymce textwidget\">\n\t<p><a href=\"https:\/\/www.rivera.gub.uy\/portal\/wp-content\/uploads\/2021\/01\/cabezal-sg.png\"><img loading=\"lazy\" decoding=\"async\" class=\"aligncenter wp-image-28083 size-full\" src=\"https:\/\/www.rivera.gub.uy\/portal\/wp-content\/uploads\/2021\/01\/cabezal-sg.png\" alt=\"\" width=\"800\" height=\"350\" srcset=\"https:\/\/www.rivera.gub.uy\/portal\/wp-content\/uploads\/2021\/01\/cabezal-sg.png 800w, https:\/\/www.rivera.gub.uy\/portal\/wp-content\/uploads\/2021\/01\/cabezal-sg-150x66.png 150w, https:\/\/www.rivera.gub.uy\/portal\/wp-content\/uploads\/2021\/01\/cabezal-sg-300x131.png 300w, https:\/\/www.rivera.gub.uy\/portal\/wp-content\/uploads\/2021\/01\/cabezal-sg-768x336.png 768w\" sizes=\"auto, (max-width: 800px) 100vw, 800px\" \/><\/a><\/p>\n<blockquote>\n<p>Secretar\u00eda General coordina y gerencia los servicios de car\u00e1cter transversal a la instituci\u00f3n, siendo el soporte de la gesti\u00f3n departamental en lo relativo a capital humano, administrativo, procesos, controles, tecnolog\u00eda y comunicaci\u00f3n.<\/p>\n<\/blockquote>\n<\/div>\n<\/div><\/div><\/div><\/div><div id=\"pg-28082-1\"  class=\"panel-grid panel-no-style\" ><div id=\"pgc-28082-1-0\"  class=\"panel-grid-cell\" ><div id=\"panel-28082-1-0-0\" class=\"so-panel widget widget_sow-image panel-first-child panel-last-child\" data-index=\"1\" ><div\n\t\t\t\n\t\t\tclass=\"so-widget-sow-image so-widget-sow-image-default-113ccd71f3e6-28082\"\n\t\t\t\n\t\t>\n<div class=\"sow-image-container\">\n\t\t\t<a href=\"https:\/\/www.rivera.gub.uy\/portal\/consulte-su-expediente-electronico\/\"\n\t\t\ttarget=\"_blank\" rel=\"noopener noreferrer\" \t\t>\n\t\t\t<img \n\tsrc=\"https:\/\/www.rivera.gub.uy\/portal\/wp-content\/uploads\/2021\/01\/icono-masinfo-188x188.png\" width=\"188\" height=\"188\" srcset=\"https:\/\/www.rivera.gub.uy\/portal\/wp-content\/uploads\/2021\/01\/icono-masinfo-188x188.png 188w, https:\/\/www.rivera.gub.uy\/portal\/wp-content\/uploads\/2021\/01\/icono-masinfo-94x94.png 94w, https:\/\/www.rivera.gub.uy\/portal\/wp-content\/uploads\/2021\/01\/icono-masinfo.png 400w\" sizes=\"(max-width: 188px) 100vw, 188px\" title=\"Expediente Electr\u00f3nico\" alt=\"\" \t\tclass=\"so-widget-image\"\/>\n\t\t\t<\/a><\/div>\n\n<h3 class=\"widget-title\">Expediente Electr\u00f3nico<\/h3><\/div><\/div><\/div><div id=\"pgc-28082-1-1\"  class=\"panel-grid-cell\" ><div id=\"panel-28082-1-1-0\" class=\"so-panel widget widget_sow-image panel-first-child panel-last-child\" data-index=\"2\" ><div\n\t\t\t\n\t\t\tclass=\"so-widget-sow-image so-widget-sow-image-default-113ccd71f3e6-28082\"\n\t\t\t\n\t\t>\n<div class=\"sow-image-container\">\n\t\t\t<a href=\"https:\/\/www.rivera.gub.uy\/portal\/solicitud-de-partidas\/\"\n\t\t\ttarget=\"_blank\" rel=\"noopener noreferrer\" \t\t>\n\t\t\t<img \n\tsrc=\"https:\/\/www.rivera.gub.uy\/portal\/wp-content\/uploads\/2021\/01\/icono-masinfo-188x188.png\" width=\"188\" height=\"188\" srcset=\"https:\/\/www.rivera.gub.uy\/portal\/wp-content\/uploads\/2021\/01\/icono-masinfo-188x188.png 188w, https:\/\/www.rivera.gub.uy\/portal\/wp-content\/uploads\/2021\/01\/icono-masinfo-94x94.png 94w, https:\/\/www.rivera.gub.uy\/portal\/wp-content\/uploads\/2021\/01\/icono-masinfo.png 400w\" sizes=\"(max-width: 188px) 100vw, 188px\" title=\"Registro Civil\" alt=\"\" \t\tclass=\"so-widget-image\"\/>\n\t\t\t<\/a><\/div>\n\n<h3 class=\"widget-title\">Registro Civil<\/h3><\/div><\/div><\/div><\/div><div id=\"pg-28082-2\"  class=\"panel-grid panel-no-style\" ><div id=\"pgc-28082-2-0\"  class=\"panel-grid-cell\" ><div id=\"panel-28082-2-0-0\" class=\"so-panel widget widget_sow-image panel-first-child panel-last-child\" data-index=\"3\" ><div\n\t\t\t\n\t\t\tclass=\"so-widget-sow-image so-widget-sow-image-default-113ccd71f3e6-28082\"\n\t\t\t\n\t\t>\n<div class=\"sow-image-container\">\n\t\t\t<a href=\"https:\/\/www.rivera.gub.uy\/portal\/participacion\/\"\n\t\t\ttarget=\"_blank\" rel=\"noopener noreferrer\" \t\t>\n\t\t\t<img \n\tsrc=\"https:\/\/www.rivera.gub.uy\/portal\/wp-content\/uploads\/2021\/01\/icono-masinfo-188x188.png\" width=\"188\" height=\"188\" srcset=\"https:\/\/www.rivera.gub.uy\/portal\/wp-content\/uploads\/2021\/01\/icono-masinfo-188x188.png 188w, https:\/\/www.rivera.gub.uy\/portal\/wp-content\/uploads\/2021\/01\/icono-masinfo-94x94.png 94w, https:\/\/www.rivera.gub.uy\/portal\/wp-content\/uploads\/2021\/01\/icono-masinfo.png 400w\" sizes=\"(max-width: 188px) 100vw, 188px\" title=\"Unidad Coordinadora de Asuntos Sociales y Comunitarios\" alt=\"\" \t\tclass=\"so-widget-image\"\/>\n\t\t\t<\/a><\/div>\n\n<h3 class=\"widget-title\">Unidad Coordinadora de Asuntos Sociales y Comunitarios<\/h3><\/div><\/div><\/div><div id=\"pgc-28082-2-1\"  class=\"panel-grid-cell\" ><div id=\"panel-28082-2-1-0\" class=\"so-panel widget widget_sow-image panel-first-child panel-last-child\" data-index=\"4\" ><div\n\t\t\t\n\t\t\tclass=\"so-widget-sow-image so-widget-sow-image-default-113ccd71f3e6-28082\"\n\t\t\t\n\t\t>\n<div class=\"sow-image-container\">\n\t\t\t<a href=\"https:\/\/www.rivera.gub.uy\/portal\/category\/llamados-a-concursos\/\"\n\t\t\ttarget=\"_blank\" rel=\"noopener noreferrer\" \t\t>\n\t\t\t<img \n\tsrc=\"https:\/\/www.rivera.gub.uy\/portal\/wp-content\/uploads\/2021\/01\/icono-masinfo-188x188.png\" width=\"188\" height=\"188\" srcset=\"https:\/\/www.rivera.gub.uy\/portal\/wp-content\/uploads\/2021\/01\/icono-masinfo-188x188.png 188w, https:\/\/www.rivera.gub.uy\/portal\/wp-content\/uploads\/2021\/01\/icono-masinfo-94x94.png 94w, https:\/\/www.rivera.gub.uy\/portal\/wp-content\/uploads\/2021\/01\/icono-masinfo.png 400w\" sizes=\"(max-width: 188px) 100vw, 188px\" title=\"RRHH\" alt=\"\" \t\tclass=\"so-widget-image\"\/>\n\t\t\t<\/a><\/div>\n\n<h3 class=\"widget-title\">RRHH<\/h3><\/div><\/div><\/div><\/div><div id=\"pg-28082-3\"  class=\"panel-grid panel-no-style\" ><div id=\"pgc-28082-3-0\"  class=\"panel-grid-cell\" ><div id=\"panel-28082-3-0-0\" class=\"so-panel widget widget_sow-image panel-first-child panel-last-child\" data-index=\"5\" ><div\n\t\t\t\n\t\t\tclass=\"so-widget-sow-image so-widget-sow-image-default-113ccd71f3e6-28082\"\n\t\t\t\n\t\t>\n<div class=\"sow-image-container\">\n\t\t\t<a href=\"https:\/\/www.rivera.gub.uy\/portal\/transparencia\/\"\n\t\t\ttarget=\"_blank\" rel=\"noopener noreferrer\" \t\t>\n\t\t\t<img \n\tsrc=\"https:\/\/www.rivera.gub.uy\/portal\/wp-content\/uploads\/2021\/01\/icono-masinfo-188x188.png\" width=\"188\" height=\"188\" srcset=\"https:\/\/www.rivera.gub.uy\/portal\/wp-content\/uploads\/2021\/01\/icono-masinfo-188x188.png 188w, https:\/\/www.rivera.gub.uy\/portal\/wp-content\/uploads\/2021\/01\/icono-masinfo-94x94.png 94w, https:\/\/www.rivera.gub.uy\/portal\/wp-content\/uploads\/2021\/01\/icono-masinfo.png 400w\" sizes=\"(max-width: 188px) 100vw, 188px\" title=\"Transparencia\" alt=\"\" \t\tclass=\"so-widget-image\"\/>\n\t\t\t<\/a><\/div>\n\n<h3 class=\"widget-title\">Transparencia<\/h3><\/div><\/div><\/div><div id=\"pgc-28082-3-1\"  class=\"panel-grid-cell\" ><div id=\"panel-28082-3-1-0\" class=\"so-panel widget widget_sow-image panel-first-child panel-last-child\" data-index=\"6\" ><div\n\t\t\t\n\t\t\tclass=\"so-widget-sow-image so-widget-sow-image-default-113ccd71f3e6-28082\"\n\t\t\t\n\t\t>\n<div class=\"sow-image-container\">\n\t\t\t<a href=\"https:\/\/www.rivera.gub.uy\/portal\/gestion-de-calidad\/\"\n\t\t\ttarget=\"_blank\" rel=\"noopener noreferrer\" \t\t>\n\t\t\t<img \n\tsrc=\"https:\/\/www.rivera.gub.uy\/portal\/wp-content\/uploads\/2021\/01\/icono-masinfo-188x188.png\" width=\"188\" height=\"188\" srcset=\"https:\/\/www.rivera.gub.uy\/portal\/wp-content\/uploads\/2021\/01\/icono-masinfo-188x188.png 188w, https:\/\/www.rivera.gub.uy\/portal\/wp-content\/uploads\/2021\/01\/icono-masinfo-94x94.png 94w, https:\/\/www.rivera.gub.uy\/portal\/wp-content\/uploads\/2021\/01\/icono-masinfo.png 400w\" sizes=\"(max-width: 188px) 100vw, 188px\" title=\"Gesti\u00f3n de Calidad \" alt=\"\" \t\tclass=\"so-widget-image\"\/>\n\t\t\t<\/a><\/div>\n\n<h3 class=\"widget-title\">Gesti\u00f3n de Calidad <\/h3><\/div><\/div><\/div><\/div><div id=\"pg-28082-4\"  class=\"panel-grid panel-no-style\" ><div id=\"pgc-28082-4-0\"  class=\"panel-grid-cell\" ><div id=\"panel-28082-4-0-0\" class=\"so-panel widget widget_sow-editor panel-first-child panel-last-child\" data-index=\"7\" ><div\n\t\t\t\n\t\t\tclass=\"so-widget-sow-editor so-widget-sow-editor-base\"\n\t\t\t\n\t\t>\n<div class=\"siteorigin-widget-tinymce textwidget\">\n\t<p><a href=\"https:\/\/www.rivera.gub.uy\/portal\/deportes\/\" target=\"_blank\" rel=\"noopener noreferrer\"><img loading=\"lazy\" decoding=\"async\" class=\"aligncenter wp-image-41412 size-medium\" src=\"https:\/\/www.rivera.gub.uy\/portal\/wp-content\/uploads\/2023\/01\/pdf_Mesa-de-trabajo-1-188x188.png\" alt=\"\" width=\"188\" height=\"188\" srcset=\"https:\/\/www.rivera.gub.uy\/portal\/wp-content\/uploads\/2023\/01\/pdf_Mesa-de-trabajo-1-188x188.png 188w, https:\/\/www.rivera.gub.uy\/portal\/wp-content\/uploads\/2023\/01\/pdf_Mesa-de-trabajo-1-94x94.png 94w, https:\/\/www.rivera.gub.uy\/portal\/wp-content\/uploads\/2023\/01\/pdf_Mesa-de-trabajo-1-768x768.png 768w, https:\/\/www.rivera.gub.uy\/portal\/wp-content\/uploads\/2023\/01\/pdf_Mesa-de-trabajo-1-626x626.png 626w, https:\/\/www.rivera.gub.uy\/portal\/wp-content\/uploads\/2023\/01\/pdf_Mesa-de-trabajo-1-820x820.png 820w\" sizes=\"auto, (max-width: 188px) 100vw, 188px\" \/><\/a><\/p>\n<\/div>\n<\/div><\/div><\/div><\/div><div id=\"pg-28082-5\"  class=\"panel-grid panel-no-style\" ><div id=\"pgc-28082-5-0\"  class=\"panel-grid-cell\" ><div id=\"panel-28082-5-0-0\" class=\"so-panel widget widget_sow-editor panel-first-child panel-last-child\" data-index=\"8\" ><div\n\t\t\t\n\t\t\tclass=\"so-widget-sow-editor so-widget-sow-editor-base\"\n\t\t\t\n\t\t><h3 class=\"widget-title\">Tr\u00e1mites<\/h3>\n<div class=\"siteorigin-widget-tinymce textwidget\">\n\t<ul>\n<li><a href=\"https:\/\/www.gub.uy\/tramites\/exoneracion-contribucion-inmobiliaria-pasivos-rivera\" target=\"_blank\" rel=\"noopener noreferrer\">Exoneraci\u00f3n de Contribuci\u00f3n Inmobiliaria para Pasivos\u00a0<\/a><\/li>\n<li><a href=\"https:\/\/www.gub.uy\/tramites\/exoneracion-impuestos-vehiculos-rivera\" target=\"_blank\" rel=\"noopener noreferrer\">Exoneraci\u00f3n de impuestos de veh\u00edculos\u00a0<\/a><\/li>\n<li><a href=\"https:\/\/www.gub.uy\/tramites\/exoneracion-patente-rodado-contribucion-inmobiliaria-rivera\" target=\"_blank\" rel=\"noopener noreferrer\">Exoneraci\u00f3n de Patente de Rodado y Contribuci\u00f3n Inmobiliaria<\/a><\/li>\n<li><a href=\"https:\/\/www.gub.uy\/tramites\/registro-autoescuela-rivera\" target=\"_blank\" rel=\"noopener noreferrer\">Registro de Autoescuela<\/a><\/li>\n<li><a href=\"https:\/\/www.gub.uy\/tramites\/solicitud-donaciones-rivera\" target=\"_blank\" rel=\"noopener noreferrer\">Solicitud de Donaciones<\/a><\/li>\n<li><a href=\"https:\/\/www.gub.uy\/tramites\/solicitud-partidas-rivera\" target=\"_blank\" rel=\"noopener noreferrer\">Solicitud de Partidas\u00a0<\/a><\/li>\n<li><a href=\"https:\/\/www.gub.uy\/tramites\/solicitud-uso-hall-intendencia-rivera\" target=\"_blank\" rel=\"noopener noreferrer\">Solicitud de Uso del Hall de la Intendencia de Rivera<\/a><\/li>\n<li><a href=\"https:\/\/www.gub.uy\/tramites\/solicitud-uso-salon-actos-intendencia-rivera\" target=\"_blank\" rel=\"noopener noreferrer\">Solicitud de Uso del Sal\u00f3n de Actos de la Intendencia de Rivera<\/a><\/li>\n<li><a href=\"https:\/\/www.gub.uy\/tramites\/transferencia-oficio-rivera\" target=\"_blank\" rel=\"noopener noreferrer\">Transferencia de Oficio<\/a> (veh\u00edculos)<\/li>\n<li><a href=\"https:\/\/www.gub.uy\/tramites\/solicitud-carne-uso-pista-estadio-atilio-paiva-rivera\" target=\"_blank\" rel=\"noopener noreferrer\">Solicitud de carn\u00e9 para uso de pista en el estadio Atilio Paiva<\/a><\/li>\n<\/ul>\n<\/div>\n<\/div><\/div><\/div><\/div><\/div>","protected":false},"excerpt":{"rendered":"<p>Secretar\u00eda General coordina y gerencia los servicios de car\u00e1cter transversal a la instituci\u00f3n, siendo el soporte de la gesti\u00f3n departamental en lo relativo a capital humano, administrativo, procesos, controles, tecnolog\u00eda y comunicaci\u00f3n.<\/p>\n","protected":false},"author":7,"featured_media":0,"parent":0,"menu_order":0,"comment_status":"closed","ping_status":"closed","template":"","meta":{"footnotes":""},"class_list":["post-28082","page","type-page","status-publish","hentry"],"_links":{"self":[{"href":"https:\/\/www.rivera.gub.uy\/portal\/wp-json\/wp\/v2\/pages\/28082","targetHints":{"allow":["GET"]}}],"collection":[{"href":"https:\/\/www.rivera.gub.uy\/portal\/wp-json\/wp\/v2\/pages"}],"about":[{"href":"https:\/\/www.rivera.gub.uy\/portal\/wp-json\/wp\/v2\/types\/page"}],"author":[{"embeddable":true,"href":"https:\/\/www.rivera.gub.uy\/portal\/wp-json\/wp\/v2\/users\/7"}],"replies":[{"embeddable":true,"href":"https:\/\/www.rivera.gub.uy\/portal\/wp-json\/wp\/v2\/comments?post=28082"}],"version-history":[{"count":27,"href":"https:\/\/www.rivera.gub.uy\/portal\/wp-json\/wp\/v2\/pages\/28082\/revisions"}],"predecessor-version":[{"id":31694,"href":"https:\/\/www.rivera.gub.uy\/portal\/wp-json\/wp\/v2\/pages\/28082\/revisions\/31694"}],"wp:attachment":[{"href":"https:\/\/www.rivera.gub.uy\/portal\/wp-json\/wp\/v2\/media?parent=28082"}],"curies":[{"name":"wp","href":"https:\/\/api.w.org\/{rel}","templated":true}]}}