{"id":298,"date":"2016-10-18T15:24:58","date_gmt":"2016-10-18T18:24:58","guid":{"rendered":"http:\/\/c0010014.ferozo.com\/?page_id=298"},"modified":"2017-03-14T15:34:50","modified_gmt":"2017-03-14T15:34:50","slug":"nomenclator","status":"publish","type":"page","link":"https:\/\/www.rivera.gub.uy\/portal\/nomenclator\/","title":{"rendered":"Nomencl\u00e1tor"},"content":{"rendered":"<div id=\"pl-298\"  class=\"panel-layout\" ><div id=\"pg-298-0\"  class=\"panel-grid panel-no-style\" ><div id=\"pgc-298-0-0\"  class=\"panel-grid-cell\" ><div id=\"panel-298-0-0-0\" class=\"so-panel widget widget_pagesinwidgets_page_section pagesinwidgets_page_section panel-first-child\" data-index=\"0\" >\t\t\t<div class=\"homepage_section\">\r\n\t\t\t\t<p>A trav\u00e9s de la navegaci\u00f3n en el mapa, se podr\u00e1 visualizar el nombre de calles y v\u00edas de tr\u00e1nsito del departamento de Rivera. Disponible para descarga los planos de: Ciudad de Rivera, Municipio de Tranqueras, Municipio de Minas de Corrales, Municipio de Vichadero, Centro Poblado Lagos del Norte.<\/p>\n\t\t\t\t<\/div>\r\n\t\t\t<\/div><div id=\"panel-298-0-0-1\" class=\"so-panel widget widget_sow-google-map panel-last-child\" data-index=\"1\" ><div\n\t\t\t\n\t\t\tclass=\"so-widget-sow-google-map so-widget-sow-google-map-default-6b23895f316e-919\"\n\t\t\t\n\t\t>\n<div class=\"sow-google-map-canvas\"\n\tstyle=\"\"\n\tid=\"map-canvas-ff178c1a4c18ef7b423d228de67883a1\"\n\tdata-options=\"{&quot;address&quot;:&quot;-30.9025393,-55.5371354&quot;,&quot;zoom&quot;:14,&quot;mobileZoom&quot;:14,&quot;gestureHandling&quot;:&quot;greedy&quot;,&quot;disableUi&quot;:false,&quot;markerIcon&quot;:false,&quot;markersDraggable&quot;:false,&quot;markerAtCenter&quot;:true,&quot;markerInfoDisplay&quot;:&quot;click&quot;,&quot;markerInfoMultiple&quot;:true,&quot;markerPositions&quot;:false,&quot;mapName&quot;:false,&quot;mapStyles&quot;:false,&quot;directions&quot;:&quot;&quot;,&quot;apiKey&quot;:&quot;AIzaSyCy3XtIKnaJVgTEpZ2K4wrOjTU6j-c1S10&quot;,&quot;breakpoint&quot;:780,&quot;id&quot;:&quot;69fdd2&quot;}\"\n\tdata-fallback-image=\"{&quot;img&quot;:&quot;&quot;}\"><\/div>\n<\/div><\/div><\/div><\/div><div id=\"pg-298-1\"  class=\"panel-grid panel-no-style\" ><div id=\"pgc-298-1-0\"  class=\"panel-grid-cell\" ><div id=\"panel-298-1-0-0\" class=\"so-panel widget widget_sow-editor panel-first-child panel-last-child\" data-index=\"2\" ><div\n\t\t\t\n\t\t\tclass=\"so-widget-sow-editor so-widget-sow-editor-base\"\n\t\t\t\n\t\t>\n<div class=\"siteorigin-widget-tinymce textwidget\">\n\t<p style=\"text-align: center;\"><a href=\"http:\/\/www.rivera.gub.uy\/2013-08-19-15-55-36\/nomenclator\/item\/download\/89_fecea7026108f3ec14cf5c69d2fbd0bb\" target=\"_blank\"><img loading=\"lazy\" decoding=\"async\" src=\"http:\/\/www.rivera.gub.uy\/portal\/images\/icono-descargarpdf.png\" width=\"150\" height=\"150\" \/><\/a><\/p>\n<h4 style=\"text-align: center;\">Plano de la ciudad de Rivera<\/h4>\n<\/div>\n<\/div><\/div><\/div><div id=\"pgc-298-1-1\"  class=\"panel-grid-cell\" ><div id=\"panel-298-1-1-0\" class=\"so-panel widget widget_sow-editor panel-first-child panel-last-child\" data-index=\"3\" ><div\n\t\t\t\n\t\t\tclass=\"so-widget-sow-editor so-widget-sow-editor-base\"\n\t\t\t\n\t\t>\n<div class=\"siteorigin-widget-tinymce textwidget\">\n\t<p style=\"text-align: center;\"><a href=\"http:\/\/www.rivera.gub.uy\/2013-08-19-15-55-36\/nomenclator\/item\/download\/90_4b1371ff0d611afd4c682f33a90cfdb9\" target=\"_blank\"><img loading=\"lazy\" decoding=\"async\" src=\"http:\/\/www.rivera.gub.uy\/portal\/images\/icono-descargarpdf.png\" width=\"150\" height=\"150\" \/><\/a><\/p>\n<h4 style=\"text-align: center;\">Plano de la ciudad de Tranqueras<\/h4>\n<\/div>\n<\/div><\/div><\/div><div id=\"pgc-298-1-2\"  class=\"panel-grid-cell\" ><div id=\"panel-298-1-2-0\" class=\"so-panel widget widget_sow-editor panel-first-child panel-last-child\" data-index=\"4\" ><div\n\t\t\t\n\t\t\tclass=\"so-widget-sow-editor so-widget-sow-editor-base\"\n\t\t\t\n\t\t>\n<div class=\"siteorigin-widget-tinymce textwidget\">\n\t<p style=\"text-align: center;\"><a href=\"http:\/\/www.rivera.gub.uy\/2013-08-19-15-55-36\/nomenclator\/item\/download\/91_f2931eaaf7a0f70d3f53972578c27e57\" target=\"_blank\"><img loading=\"lazy\" decoding=\"async\" src=\"http:\/\/www.rivera.gub.uy\/portal\/images\/icono-descargarpdf.png\" width=\"150\" height=\"150\" \/><\/a><\/p>\n<h4 style=\"text-align: center;\">Plano del Municipio de Minas de Corrales<\/h4>\n<\/div>\n<\/div><\/div><\/div><div id=\"pgc-298-1-3\"  class=\"panel-grid-cell\" ><div id=\"panel-298-1-3-0\" class=\"so-panel widget widget_sow-editor panel-first-child panel-last-child\" data-index=\"5\" ><div\n\t\t\t\n\t\t\tclass=\"so-widget-sow-editor so-widget-sow-editor-base\"\n\t\t\t\n\t\t>\n<div class=\"siteorigin-widget-tinymce textwidget\">\n\t<p style=\"text-align: center;\"><a href=\"http:\/\/www.rivera.gub.uy\/2013-08-19-15-55-36\/nomenclator\/item\/download\/92_1f050eb5172c8f7a8cf22f23e2ebafe8\" target=\"_blank\"><img loading=\"lazy\" decoding=\"async\" src=\"http:\/\/www.rivera.gub.uy\/portal\/images\/icono-descargarpdf.png\" width=\"150\" height=\"150\" \/><\/a><\/p>\n<h4 style=\"text-align: center;\">Plano del Municipio de Vichadero<\/h4>\n<\/div>\n<\/div><\/div><\/div><div id=\"pgc-298-1-4\"  class=\"panel-grid-cell\" ><div id=\"panel-298-1-4-0\" class=\"so-panel widget widget_sow-editor panel-first-child panel-last-child\" data-index=\"6\" ><div\n\t\t\t\n\t\t\tclass=\"so-widget-sow-editor so-widget-sow-editor-base\"\n\t\t\t\n\t\t>\n<div class=\"siteorigin-widget-tinymce textwidget\">\n\t<p style=\"text-align: center;\"><a href=\"http:\/\/www.rivera.gub.uy\/2013-08-19-15-55-36\/nomenclator\/item\/download\/93_62d1b737a8e6dec024b1216fd8fb6ae0\" target=\"_blank\"><img loading=\"lazy\" decoding=\"async\" src=\"http:\/\/www.rivera.gub.uy\/portal\/images\/icono-descargarpdf.png\" width=\"150\" height=\"150\" \/><\/a><\/p>\n<h4 style=\"text-align: center;\">Plano general de Lagos del Norte<\/h4>\n<\/div>\n<\/div><\/div><\/div><\/div><\/div>","protected":false},"excerpt":{"rendered":"<p>Plano de la ciudad de Rivera Plano de la ciudad de Tranqueras Plano del Municipio de Minas de Corrales Plano del Municipio de Vichadero Plano general de Lagos del Norte<\/p>\n","protected":false},"author":1,"featured_media":0,"parent":0,"menu_order":0,"comment_status":"closed","ping_status":"closed","template":"","meta":{"footnotes":""},"class_list":["post-298","page","type-page","status-publish","hentry"],"_links":{"self":[{"href":"https:\/\/www.rivera.gub.uy\/portal\/wp-json\/wp\/v2\/pages\/298","targetHints":{"allow":["GET"]}}],"collection":[{"href":"https:\/\/www.rivera.gub.uy\/portal\/wp-json\/wp\/v2\/pages"}],"about":[{"href":"https:\/\/www.rivera.gub.uy\/portal\/wp-json\/wp\/v2\/types\/page"}],"author":[{"embeddable":true,"href":"https:\/\/www.rivera.gub.uy\/portal\/wp-json\/wp\/v2\/users\/1"}],"replies":[{"embeddable":true,"href":"https:\/\/www.rivera.gub.uy\/portal\/wp-json\/wp\/v2\/comments?post=298"}],"version-history":[{"count":2,"href":"https:\/\/www.rivera.gub.uy\/portal\/wp-json\/wp\/v2\/pages\/298\/revisions"}],"predecessor-version":[{"id":580,"href":"https:\/\/www.rivera.gub.uy\/portal\/wp-json\/wp\/v2\/pages\/298\/revisions\/580"}],"wp:attachment":[{"href":"https:\/\/www.rivera.gub.uy\/portal\/wp-json\/wp\/v2\/media?parent=298"}],"curies":[{"name":"wp","href":"https:\/\/api.w.org\/{rel}","templated":true}]}}