{"id":803,"date":"2017-03-08T14:15:09","date_gmt":"2017-03-08T14:15:09","guid":{"rendered":"http:\/\/www.rivera.gub.uy\/portal\/?page_id=803"},"modified":"2020-06-04T14:09:09","modified_gmt":"2020-06-04T17:09:09","slug":"compras-y-licitaciones","status":"publish","type":"page","link":"https:\/\/www.rivera.gub.uy\/portal\/compras-y-licitaciones\/","title":{"rendered":"Compras y Licitaciones"},"content":{"rendered":"<div id=\"pl-803\"  class=\"panel-layout\" ><div id=\"pg-803-0\"  class=\"panel-grid panel-no-style\" ><div id=\"pgc-803-0-0\"  class=\"panel-grid-cell\" ><div id=\"panel-803-0-0-0\" class=\"so-panel widget widget_pagesinwidgets_page_section pagesinwidgets_page_section panel-first-child panel-last-child\" data-index=\"0\" >\t\t\t<div class=\"homepage_section\">\r\n\t\t\t\t<p style=\"text-align: center;\"><a href=\"https:\/\/www.rivera.gub.uy\/portal\/registro-de-proveedores\/\" target=\"_blank\" rel=\"noopener noreferrer\"><img loading=\"lazy\" decoding=\"async\" src=\"http:\/\/www.rivera.gub.uy\/portal\/images\/icono-masinfo.png\" width=\"150\" height=\"150\" \/><\/a><\/p>\n<h4 style=\"text-align: center;\">Registro de proveedores<\/h4>\n<hr \/>\n<p>&nbsp;<\/p>\n\t\t\t\t<\/div>\r\n\t\t\t<\/div><\/div><div id=\"pgc-803-0-1\"  class=\"panel-grid-cell\" ><div id=\"panel-803-0-1-0\" class=\"so-panel widget widget_pagesinwidgets_page_section pagesinwidgets_page_section panel-first-child panel-last-child\" data-index=\"1\" >\t\t\t<div class=\"homepage_section\">\r\n\t\t\t\t<p style=\"text-align: center;\"><a href=\"https:\/\/www.comprasestatales.gub.uy\/\" target=\"_blank\" rel=\"noopener noreferrer\"><img loading=\"lazy\" decoding=\"async\" src=\"http:\/\/www.rivera.gub.uy\/portal\/images\/icono-masinfo.png\" width=\"150\" height=\"150\" \/><\/a><\/p>\n<h4 style=\"text-align: center;\">Acceso a RUPE<\/h4>\n<hr \/>\n<p>&nbsp;<\/p>\n\t\t\t\t<\/div>\r\n\t\t\t<\/div><\/div><\/div><div id=\"pg-803-1\"  class=\"panel-grid panel-no-style\" ><div id=\"pgc-803-1-0\"  class=\"panel-grid-cell\" >\t\t<div id=\"panel-803-1-0-0\" class=\"so-panel widget widget_recent_posts_a recent_posts_a clearfix panel-first-child panel-last-child\" data-index=\"2\" >\t\t<div class=\"widget-inner clearfix\" style=\"background-color: ; color: \">\n\t\t<h3 class=\"widget-title\"><span style=\"color:;\">Licitaciones<\/span><\/h3>\n\t\t\t\t\n\n\t\t\t\t\t<div class=\"recent-post first-post clearfix\">\n\t\t\t\t<div class=\"recent-thumb col-md-5 col-sm-5 col-xs-5\">\n\t\t\t\t\t<a href=\"https:\/\/www.rivera.gub.uy\/portal\/licitacion-abreviada-07-26-construccion-de-pluviales-en-la-ciudad-de-rivera\/\" title=\"Licitaci\u00f3n Abreviada 07\/26: Construcci\u00f3n de pluviales en la ciudad de Rivera\" >\n\t\t\t\t\t\t\t\t\t\t\t\t\t<img loading=\"lazy\" decoding=\"async\" width=\"600\" height=\"400\" src=\"https:\/\/www.rivera.gub.uy\/portal\/wp-content\/uploads\/2023\/07\/unidad-de-licitaciones-600x400.jpg\" class=\"attachment-carousel-thumb size-carousel-thumb wp-post-image\" alt=\"licitaci\u00f3n\" srcset=\"https:\/\/www.rivera.gub.uy\/portal\/wp-content\/uploads\/2023\/07\/unidad-de-licitaciones-600x400.jpg 600w, https:\/\/www.rivera.gub.uy\/portal\/wp-content\/uploads\/2023\/07\/unidad-de-licitaciones-600x400-141x94.jpg 141w, https:\/\/www.rivera.gub.uy\/portal\/wp-content\/uploads\/2023\/07\/unidad-de-licitaciones-600x400-282x188.jpg 282w, https:\/\/www.rivera.gub.uy\/portal\/wp-content\/uploads\/2023\/07\/unidad-de-licitaciones-600x400-272x182.jpg 272w\" sizes=\"auto, (max-width: 600px) 100vw, 600px\" \/>\t\t\t\t\t\t\t\t\t\t\t<\/a>\t\t\t\t\t\t\t\n\t\t\t\t<\/div>\t\n\t\t\t\t<div class=\"recent-content col-md-7 col-sm-7 col-xs-7\">\n\t\t\t\t\t<h3 class=\"entry-title\"><a style=\"color:\" href=\"https:\/\/www.rivera.gub.uy\/portal\/licitacion-abreviada-07-26-construccion-de-pluviales-en-la-ciudad-de-rivera\/\" rel=\"bookmark\">Licitaci\u00f3n Abreviada 07\/26: Construcci\u00f3n de pluviales en la ciudad de Rivera<\/a><\/h3>\t\t\t\t\t<div class=\"entry-meta\" style=\"color: \">\n\t\t\t\t\t\t<span class=\"posted-on\"><i class=\"fa fa-calendar\"><\/i> <a href=\"https:\/\/www.rivera.gub.uy\/portal\/licitacion-abreviada-07-26-construccion-de-pluviales-en-la-ciudad-de-rivera\/\" rel=\"bookmark\"><time class=\"entry-date published\" datetime=\"2026-04-30T11:32:50-03:00\">30 abril, 2026<\/time><time class=\"updated\" datetime=\"2026-04-30T14:31:54-03:00\">30 abril, 2026<\/time><\/a><\/span><span class=\"byline\"> <\/span>\t\t\t\t\t\t<span class=\"post-cat\"><i class=\"fa fa-folder\"><\/i><a href=\"https:\/\/www.rivera.gub.uy\/portal\/category\/licitaciones\/\" title=\"See all posts in Licitaciones\">Licitaciones<\/a><\/span>\t\t\t\t\t<\/div>\t\t\t\t\t\n\t\t\t\t\t<p>INTENDENCIA DE RIVERA DIRECCI\u00d3N GENERAL DE HACIENDA Unidad de Licitaciones Llamado a Licitaci\u00f3n Abreviada 07\/26 Expediente 2026-2114 OBJETO: \u201cCONSTRUCCI\u00d3N DE PLUVIALES EN LA CIUDAD DE RIVERA\u201d RECEPCI\u00d3N DE OFERTAS: Las propuestas ser\u00e1n recibidas \u00fanicamente en l\u00ednea hasta la hora 12:00 del d\u00eda 20 de mayo de 2026. Los oferentes deber\u00e1n ingresar sus ofertas (econ\u00f3mica y [&hellip;]<\/p>\n\t\t\t\t<\/div>\n\t\t\t<\/div>\n\t\t\n\t\t\t\t\n\n\t\t\t\n\t\t\t<div class=\"recent-post col-md-3 col-sm-3 col-xs-6\">\n\t\t\t\t<div class=\"recent-thumb\">\n\t\t\t\t\t<a href=\"https:\/\/www.rivera.gub.uy\/portal\/licitacion-abreviada-06-26-para-contratacion-de-servicios-veterinarios-para-esterilizacion-y-colocacion-de-chip-caninos-y-felinos\/\" title=\"Licitaci\u00f3n Abreviada 06\/26: Para contrataci\u00f3n de servicios veterinarios para esterilizaci\u00f3n y colocaci\u00f3n de chip caninos y felinos\" >\n\t\t\t\t\t\t\t\t\t\t\t\t\t<img loading=\"lazy\" decoding=\"async\" width=\"600\" height=\"400\" src=\"https:\/\/www.rivera.gub.uy\/portal\/wp-content\/uploads\/2023\/07\/unidad-de-licitaciones-600x400.jpg\" class=\"attachment-carousel-thumb size-carousel-thumb wp-post-image\" alt=\"licitaci\u00f3n\" srcset=\"https:\/\/www.rivera.gub.uy\/portal\/wp-content\/uploads\/2023\/07\/unidad-de-licitaciones-600x400.jpg 600w, https:\/\/www.rivera.gub.uy\/portal\/wp-content\/uploads\/2023\/07\/unidad-de-licitaciones-600x400-141x94.jpg 141w, https:\/\/www.rivera.gub.uy\/portal\/wp-content\/uploads\/2023\/07\/unidad-de-licitaciones-600x400-282x188.jpg 282w, https:\/\/www.rivera.gub.uy\/portal\/wp-content\/uploads\/2023\/07\/unidad-de-licitaciones-600x400-272x182.jpg 272w\" sizes=\"auto, (max-width: 600px) 100vw, 600px\" \/>\t\t\t\t\t\t\t\t\t\t\t<\/a>\t\t\t\n\t\t\t\t<\/div>\t\n\t\t\t\t<h4 class=\"entry-title\"><a style=\"color:\" href=\"https:\/\/www.rivera.gub.uy\/portal\/licitacion-abreviada-06-26-para-contratacion-de-servicios-veterinarios-para-esterilizacion-y-colocacion-de-chip-caninos-y-felinos\/\" rel=\"bookmark\">Licitaci\u00f3n Abreviada 06\/26: Para contrataci\u00f3n de servicios veterinarios para esterilizaci\u00f3n y colocaci\u00f3n de chip caninos y felinos<\/a><\/h4>\t\t\n\t\t\t\t<div class=\"entry-meta\" style=\"color: \">\n\t\t\t\t\t<span class=\"posted-on\"><i class=\"fa fa-calendar\"><\/i> <a href=\"https:\/\/www.rivera.gub.uy\/portal\/licitacion-abreviada-06-26-para-contratacion-de-servicios-veterinarios-para-esterilizacion-y-colocacion-de-chip-caninos-y-felinos\/\" rel=\"bookmark\"><time class=\"entry-date published updated\" datetime=\"2026-04-21T14:39:39-03:00\">21 abril, 2026<\/time><\/a><\/span><span class=\"byline\"> <\/span>\t\t\t\t\t<span class=\"post-cat\"><i class=\"fa fa-folder\"><\/i><a href=\"https:\/\/www.rivera.gub.uy\/portal\/category\/licitaciones\/\" title=\"See all posts in Licitaciones\">Licitaciones<\/a><\/span>\t\t\t\t\t\n\t\t\t\t<\/div>\t\t\t\t\t\n\t\t\t<\/div>\n\t\t\n\t\t\t\t\n\n\t\t\t\n\t\t\t<div class=\"recent-post col-md-3 col-sm-3 col-xs-6\">\n\t\t\t\t<div class=\"recent-thumb\">\n\t\t\t\t\t<a href=\"https:\/\/www.rivera.gub.uy\/portal\/licitacion-abreviada-05-26-ejecucion-de-alcantarillado-en-zonas-urbanas-suburbanas-y-rurales\/\" title=\"Licitaci\u00f3n Abreviada 05\/26: Ejecuci\u00f3n de alcantarillado en zonas urbanas, suburbanas y rurales\" >\n\t\t\t\t\t\t\t\t\t\t\t\t\t<img loading=\"lazy\" decoding=\"async\" width=\"600\" height=\"400\" src=\"https:\/\/www.rivera.gub.uy\/portal\/wp-content\/uploads\/2023\/07\/unidad-de-licitaciones-600x400.jpg\" class=\"attachment-carousel-thumb size-carousel-thumb wp-post-image\" alt=\"licitaci\u00f3n\" srcset=\"https:\/\/www.rivera.gub.uy\/portal\/wp-content\/uploads\/2023\/07\/unidad-de-licitaciones-600x400.jpg 600w, https:\/\/www.rivera.gub.uy\/portal\/wp-content\/uploads\/2023\/07\/unidad-de-licitaciones-600x400-141x94.jpg 141w, https:\/\/www.rivera.gub.uy\/portal\/wp-content\/uploads\/2023\/07\/unidad-de-licitaciones-600x400-282x188.jpg 282w, https:\/\/www.rivera.gub.uy\/portal\/wp-content\/uploads\/2023\/07\/unidad-de-licitaciones-600x400-272x182.jpg 272w\" sizes=\"auto, (max-width: 600px) 100vw, 600px\" \/>\t\t\t\t\t\t\t\t\t\t\t<\/a>\t\t\t\n\t\t\t\t<\/div>\t\n\t\t\t\t<h4 class=\"entry-title\"><a style=\"color:\" href=\"https:\/\/www.rivera.gub.uy\/portal\/licitacion-abreviada-05-26-ejecucion-de-alcantarillado-en-zonas-urbanas-suburbanas-y-rurales\/\" rel=\"bookmark\">Licitaci\u00f3n Abreviada 05\/26: Ejecuci\u00f3n de alcantarillado en zonas urbanas, suburbanas y rurales<\/a><\/h4>\t\t\n\t\t\t\t<div class=\"entry-meta\" style=\"color: \">\n\t\t\t\t\t<span class=\"posted-on\"><i class=\"fa fa-calendar\"><\/i> <a href=\"https:\/\/www.rivera.gub.uy\/portal\/licitacion-abreviada-05-26-ejecucion-de-alcantarillado-en-zonas-urbanas-suburbanas-y-rurales\/\" rel=\"bookmark\"><time class=\"entry-date published\" datetime=\"2026-04-14T09:04:14-03:00\">14 abril, 2026<\/time><time class=\"updated\" datetime=\"2026-04-14T14:13:58-03:00\">14 abril, 2026<\/time><\/a><\/span><span class=\"byline\"> <\/span>\t\t\t\t\t<span class=\"post-cat\"><i class=\"fa fa-folder\"><\/i><a href=\"https:\/\/www.rivera.gub.uy\/portal\/category\/licitaciones\/\" title=\"See all posts in Licitaciones\">Licitaciones<\/a><\/span>\t\t\t\t\t\n\t\t\t\t<\/div>\t\t\t\t\t\n\t\t\t<\/div>\n\t\t\n\t\t\t\t\n\n\t\t\t\n\t\t\t<div class=\"recent-post col-md-3 col-sm-3 col-xs-6\">\n\t\t\t\t<div class=\"recent-thumb\">\n\t\t\t\t\t<a href=\"https:\/\/www.rivera.gub.uy\/portal\/llamado-a-licitacion-abreviada-04-26-adquisicion-de-varillas-de-hierro-y-otros\/\" title=\"Llamado a Licitaci\u00f3n Abreviada 04\/26: Adquisici\u00f3n de varillas de hierro y otros\" >\n\t\t\t\t\t\t\t\t\t\t\t\t\t<img loading=\"lazy\" decoding=\"async\" width=\"600\" height=\"400\" src=\"https:\/\/www.rivera.gub.uy\/portal\/wp-content\/uploads\/2023\/07\/unidad-de-licitaciones-600x400.jpg\" class=\"attachment-carousel-thumb size-carousel-thumb wp-post-image\" alt=\"licitaci\u00f3n\" srcset=\"https:\/\/www.rivera.gub.uy\/portal\/wp-content\/uploads\/2023\/07\/unidad-de-licitaciones-600x400.jpg 600w, https:\/\/www.rivera.gub.uy\/portal\/wp-content\/uploads\/2023\/07\/unidad-de-licitaciones-600x400-141x94.jpg 141w, https:\/\/www.rivera.gub.uy\/portal\/wp-content\/uploads\/2023\/07\/unidad-de-licitaciones-600x400-282x188.jpg 282w, https:\/\/www.rivera.gub.uy\/portal\/wp-content\/uploads\/2023\/07\/unidad-de-licitaciones-600x400-272x182.jpg 272w\" sizes=\"auto, (max-width: 600px) 100vw, 600px\" \/>\t\t\t\t\t\t\t\t\t\t\t<\/a>\t\t\t\n\t\t\t\t<\/div>\t\n\t\t\t\t<h4 class=\"entry-title\"><a style=\"color:\" href=\"https:\/\/www.rivera.gub.uy\/portal\/llamado-a-licitacion-abreviada-04-26-adquisicion-de-varillas-de-hierro-y-otros\/\" rel=\"bookmark\">Llamado a Licitaci\u00f3n Abreviada 04\/26: Adquisici\u00f3n de varillas de hierro y otros<\/a><\/h4>\t\t\n\t\t\t\t<div class=\"entry-meta\" style=\"color: \">\n\t\t\t\t\t<span class=\"posted-on\"><i class=\"fa fa-calendar\"><\/i> <a href=\"https:\/\/www.rivera.gub.uy\/portal\/llamado-a-licitacion-abreviada-04-26-adquisicion-de-varillas-de-hierro-y-otros\/\" rel=\"bookmark\"><time class=\"entry-date published\" datetime=\"2026-03-24T13:27:10-03:00\">24 marzo, 2026<\/time><time class=\"updated\" datetime=\"2026-03-24T13:28:05-03:00\">24 marzo, 2026<\/time><\/a><\/span><span class=\"byline\"> <\/span>\t\t\t\t\t<span class=\"post-cat\"><i class=\"fa fa-folder\"><\/i><a href=\"https:\/\/www.rivera.gub.uy\/portal\/category\/licitaciones\/\" title=\"See all posts in Licitaciones\">Licitaciones<\/a><\/span>\t\t\t\t\t\n\t\t\t\t<\/div>\t\t\t\t\t\n\t\t\t<\/div>\n\t\t\n\t\t\t\t\n\n\t\t\t\n\t\t\t<div class=\"recent-post col-md-3 col-sm-3 col-xs-6\">\n\t\t\t\t<div class=\"recent-thumb\">\n\t\t\t\t\t<a href=\"https:\/\/www.rivera.gub.uy\/portal\/licitacion-abreviada-03-26-mantenimiento-de-pavimentos-empedrados-en-la-ciudad-de-rivera\/\" title=\"Licitaci\u00f3n Abreviada 03\/26: Mantenimiento de pavimentos empedrados en la ciudad de Rivera\" >\n\t\t\t\t\t\t\t\t\t\t\t\t\t<img loading=\"lazy\" decoding=\"async\" width=\"600\" height=\"400\" src=\"https:\/\/www.rivera.gub.uy\/portal\/wp-content\/uploads\/2023\/07\/unidad-de-licitaciones-600x400.jpg\" class=\"attachment-carousel-thumb size-carousel-thumb wp-post-image\" alt=\"licitaci\u00f3n\" srcset=\"https:\/\/www.rivera.gub.uy\/portal\/wp-content\/uploads\/2023\/07\/unidad-de-licitaciones-600x400.jpg 600w, https:\/\/www.rivera.gub.uy\/portal\/wp-content\/uploads\/2023\/07\/unidad-de-licitaciones-600x400-141x94.jpg 141w, https:\/\/www.rivera.gub.uy\/portal\/wp-content\/uploads\/2023\/07\/unidad-de-licitaciones-600x400-282x188.jpg 282w, https:\/\/www.rivera.gub.uy\/portal\/wp-content\/uploads\/2023\/07\/unidad-de-licitaciones-600x400-272x182.jpg 272w\" sizes=\"auto, (max-width: 600px) 100vw, 600px\" \/>\t\t\t\t\t\t\t\t\t\t\t<\/a>\t\t\t\n\t\t\t\t<\/div>\t\n\t\t\t\t<h4 class=\"entry-title\"><a style=\"color:\" href=\"https:\/\/www.rivera.gub.uy\/portal\/licitacion-abreviada-03-26-mantenimiento-de-pavimentos-empedrados-en-la-ciudad-de-rivera\/\" rel=\"bookmark\">Licitaci\u00f3n Abreviada 03\/26: Mantenimiento de pavimentos empedrados en la ciudad de Rivera<\/a><\/h4>\t\t\n\t\t\t\t<div class=\"entry-meta\" style=\"color: \">\n\t\t\t\t\t<span class=\"posted-on\"><i class=\"fa fa-calendar\"><\/i> <a href=\"https:\/\/www.rivera.gub.uy\/portal\/licitacion-abreviada-03-26-mantenimiento-de-pavimentos-empedrados-en-la-ciudad-de-rivera\/\" rel=\"bookmark\"><time class=\"entry-date published\" datetime=\"2026-03-12T15:35:26-03:00\">12 marzo, 2026<\/time><time class=\"updated\" datetime=\"2026-03-12T15:42:22-03:00\">12 marzo, 2026<\/time><\/a><\/span><span class=\"byline\"> <\/span>\t\t\t\t\t<span class=\"post-cat\"><i class=\"fa fa-folder\"><\/i><a href=\"https:\/\/www.rivera.gub.uy\/portal\/category\/licitaciones\/\" title=\"See all posts in Licitaciones\">Licitaciones<\/a><\/span>\t\t\t\t\t\n\t\t\t\t<\/div>\t\t\t\t\t\n\t\t\t<\/div>\n\t\t\n\t\t\t\t\t\t<\/div><!-- .widget-inner -->\n\t\t<\/div><\/div><\/div><\/div>","protected":false},"excerpt":{"rendered":"","protected":false},"author":1,"featured_media":0,"parent":0,"menu_order":0,"comment_status":"closed","ping_status":"closed","template":"","meta":{"footnotes":""},"class_list":["post-803","page","type-page","status-publish","hentry"],"_links":{"self":[{"href":"https:\/\/www.rivera.gub.uy\/portal\/wp-json\/wp\/v2\/pages\/803","targetHints":{"allow":["GET"]}}],"collection":[{"href":"https:\/\/www.rivera.gub.uy\/portal\/wp-json\/wp\/v2\/pages"}],"about":[{"href":"https:\/\/www.rivera.gub.uy\/portal\/wp-json\/wp\/v2\/types\/page"}],"author":[{"embeddable":true,"href":"https:\/\/www.rivera.gub.uy\/portal\/wp-json\/wp\/v2\/users\/1"}],"replies":[{"embeddable":true,"href":"https:\/\/www.rivera.gub.uy\/portal\/wp-json\/wp\/v2\/comments?post=803"}],"version-history":[{"count":16,"href":"https:\/\/www.rivera.gub.uy\/portal\/wp-json\/wp\/v2\/pages\/803\/revisions"}],"predecessor-version":[{"id":23339,"href":"https:\/\/www.rivera.gub.uy\/portal\/wp-json\/wp\/v2\/pages\/803\/revisions\/23339"}],"wp:attachment":[{"href":"https:\/\/www.rivera.gub.uy\/portal\/wp-json\/wp\/v2\/media?parent=803"}],"curies":[{"name":"wp","href":"https:\/\/api.w.org\/{rel}","templated":true}]}}