{"id":11365,"date":"2018-09-12T12:42:29","date_gmt":"2018-09-12T15:42:29","guid":{"rendered":"http:\/\/www.rivera.gub.uy\/portal\/?post_type=tribe_events&#038;p=11365"},"modified":"2018-10-24T08:54:48","modified_gmt":"2018-10-24T10:54:48","slug":"taller-municipal-de-canto-y-lectura","status":"publish","type":"tribe_events","link":"https:\/\/www.rivera.gub.uy\/portal\/evento\/taller-municipal-de-canto-y-lectura\/","title":{"rendered":"Audici\u00f3n del Taller de Canto"},"content":{"rendered":"<p>Durante el presente a\u00f1o y como a\u00f1os anteriores, la Divisi\u00f3n Cultura ha ofrecido talleres de canto y lectura musical a personas de todas las edades.<\/p>\n<div dir=\"auto\">Se llega al momento culminante de esta actividad, con la presentaci\u00f3n ante p\u00fablico, de todos los talleristas.<\/div>\n<p>La presentaci\u00f3n se realizar\u00e1 el d\u00eda 3 de Noviembre, a las 20:00 horas,\u00a0 en el Teatro Municipal de Rivera\u00a0con entrada libre.<\/p>\n","protected":false},"excerpt":{"rendered":"<p>Durante el presente a\u00f1o y como a\u00f1os anteriores, la Divisi\u00f3n Cultura ha ofrecido talleres de canto y lectura musical a personas de todas las edades. Se llega al momento culminante de esta actividad, con la presentaci\u00f3n ante p\u00fablico, de todos los talleristas. La presentaci\u00f3n se realizar\u00e1 el d\u00eda 3 de Noviembre, a las 20:00 horas,\u00a0 [&hellip;]<\/p>\n","protected":false},"author":1,"featured_media":12001,"template":"","meta":{"_tribe_events_status":"","_tribe_events_status_reason":"","footnotes":""},"tags":[65,114,36,681],"tribe_events_cat":[253,302],"class_list":["post-11365","tribe_events","type-tribe_events","status-publish","has-post-thumbnail","hentry","tag-cultura","tag-idr","tag-intendencia","tag-teatro-municipal","tribe_events_cat-cultura","tribe_events_cat-idr","cat_cultura","cat_idr"],"_links":{"self":[{"href":"https:\/\/www.rivera.gub.uy\/portal\/wp-json\/wp\/v2\/tribe_events\/11365","targetHints":{"allow":["GET"]}}],"collection":[{"href":"https:\/\/www.rivera.gub.uy\/portal\/wp-json\/wp\/v2\/tribe_events"}],"about":[{"href":"https:\/\/www.rivera.gub.uy\/portal\/wp-json\/wp\/v2\/types\/tribe_events"}],"author":[{"embeddable":true,"href":"https:\/\/www.rivera.gub.uy\/portal\/wp-json\/wp\/v2\/users\/1"}],"version-history":[{"count":3,"href":"https:\/\/www.rivera.gub.uy\/portal\/wp-json\/wp\/v2\/tribe_events\/11365\/revisions"}],"predecessor-version":[{"id":12002,"href":"https:\/\/www.rivera.gub.uy\/portal\/wp-json\/wp\/v2\/tribe_events\/11365\/revisions\/12002"}],"wp:featuredmedia":[{"embeddable":true,"href":"https:\/\/www.rivera.gub.uy\/portal\/wp-json\/wp\/v2\/media\/12001"}],"wp:attachment":[{"href":"https:\/\/www.rivera.gub.uy\/portal\/wp-json\/wp\/v2\/media?parent=11365"}],"wp:term":[{"taxonomy":"post_tag","embeddable":true,"href":"https:\/\/www.rivera.gub.uy\/portal\/wp-json\/wp\/v2\/tags?post=11365"},{"taxonomy":"tribe_events_cat","embeddable":true,"href":"https:\/\/www.rivera.gub.uy\/portal\/wp-json\/wp\/v2\/tribe_events_cat?post=11365"}],"curies":[{"name":"wp","href":"https:\/\/api.w.org\/{rel}","templated":true}]}}

Audición del Taller de Canto

<p>Durante el presente año y como años anteriores, la División Cultura ha ofrecido talleres de canto y lectura musical a personas de todas las edades.</p>
<div dir="auto">Se llega al momento culminante de esta actividad, con la presentación ante público, de todos los talleristas.</div>
<p>La presentación se realizará el día 3 de Noviembre, a las 20:00 horas,  en el Teatro Municipal de Rivera con entrada libre.</p>

<p>Durante el presente año y como años anteriores, la División Cultura ha ofrecido talleres de canto y lectura musical a personas de todas las edades. Se llega al momento culminante de esta actividad, con la presentación ante público, de todos los talleristas. La presentación se realizará el día 3 de Noviembre, a las 20:00 horas,  [&hellip;]</p>
