{"id":11377,"date":"2018-09-13T08:56:39","date_gmt":"2018-09-13T11:56:39","guid":{"rendered":"http:\/\/www.rivera.gub.uy\/portal\/?post_type=tribe_events&#038;p=11377"},"modified":"2018-09-13T08:56:39","modified_gmt":"2018-09-13T11:56:39","slug":"dia-del-musico","status":"publish","type":"tribe_events","link":"https:\/\/www.rivera.gub.uy\/portal\/evento\/dia-del-musico\/","title":{"rendered":"D\u00eda del M\u00fasico"},"content":{"rendered":"<p>El d\u00eda 21 de noviembre se celebra el D\u00eda del M\u00fasico.<\/p>\n<p>En conmemoraci\u00f3n a la fecha se estar\u00e1 presentando en el Teatro Municipal de Rivera un &#8220;Tributo a los Iracundos&#8221;, la cual estar\u00e1 a cargo de la Orquesta Departamental, a partir de las 20:00 horas, con entrada libre a todo p\u00fablico.<\/p>\n<p>&nbsp;<\/p>\n<p>&nbsp;<\/p>\n","protected":false},"excerpt":{"rendered":"<p>El d\u00eda 21 de noviembre se celebra el D\u00eda del M\u00fasico. En conmemoraci\u00f3n a la fecha se estar\u00e1 presentando en el Teatro Municipal de Rivera un &#8220;Tributo a los Iracundos&#8221;, la cual estar\u00e1 a cargo de la Orquesta Departamental, a partir de las 20:00 horas, con entrada libre a todo p\u00fablico. &nbsp; &nbsp;<\/p>\n","protected":false},"author":1,"featured_media":0,"template":"","meta":{"_tribe_events_status":"","_tribe_events_status_reason":"","footnotes":""},"tags":[65,114,36,247],"tribe_events_cat":[253,302],"class_list":["post-11377","tribe_events","type-tribe_events","status-publish","hentry","tag-cultura","tag-idr","tag-intendencia","tag-teatro","tribe_events_cat-cultura","tribe_events_cat-idr","cat_cultura","cat_idr"],"_links":{"self":[{"href":"https:\/\/www.rivera.gub.uy\/portal\/wp-json\/wp\/v2\/tribe_events\/11377","targetHints":{"allow":["GET"]}}],"collection":[{"href":"https:\/\/www.rivera.gub.uy\/portal\/wp-json\/wp\/v2\/tribe_events"}],"about":[{"href":"https:\/\/www.rivera.gub.uy\/portal\/wp-json\/wp\/v2\/types\/tribe_events"}],"author":[{"embeddable":true,"href":"https:\/\/www.rivera.gub.uy\/portal\/wp-json\/wp\/v2\/users\/1"}],"version-history":[{"count":1,"href":"https:\/\/www.rivera.gub.uy\/portal\/wp-json\/wp\/v2\/tribe_events\/11377\/revisions"}],"predecessor-version":[{"id":11378,"href":"https:\/\/www.rivera.gub.uy\/portal\/wp-json\/wp\/v2\/tribe_events\/11377\/revisions\/11378"}],"wp:attachment":[{"href":"https:\/\/www.rivera.gub.uy\/portal\/wp-json\/wp\/v2\/media?parent=11377"}],"wp:term":[{"taxonomy":"post_tag","embeddable":true,"href":"https:\/\/www.rivera.gub.uy\/portal\/wp-json\/wp\/v2\/tags?post=11377"},{"taxonomy":"tribe_events_cat","embeddable":true,"href":"https:\/\/www.rivera.gub.uy\/portal\/wp-json\/wp\/v2\/tribe_events_cat?post=11377"}],"curies":[{"name":"wp","href":"https:\/\/api.w.org\/{rel}","templated":true}]}}

Día del Músico

<p>El día 21 de noviembre se celebra el Día del Músico.</p>
<p>En conmemoración a la fecha se estará presentando en el Teatro Municipal de Rivera un &#8220;Tributo a los Iracundos&#8221;, la cual estará a cargo de la Orquesta Departamental, a partir de las 20:00 horas, con entrada libre a todo público.</p>
<p>&nbsp;</p>
<p>&nbsp;</p>

<p>El día 21 de noviembre se celebra el Día del Músico. En conmemoración a la fecha se estará presentando en el Teatro Municipal de Rivera un &#8220;Tributo a los Iracundos&#8221;, la cual estará a cargo de la Orquesta Departamental, a partir de las 20:00 horas, con entrada libre a todo público. &nbsp; &nbsp;</p>
