{"id":11387,"date":"2018-09-13T10:37:33","date_gmt":"2018-09-13T13:37:33","guid":{"rendered":"http:\/\/www.rivera.gub.uy\/portal\/?post_type=tribe_events&#038;p=11387"},"modified":"2018-09-13T10:37:33","modified_gmt":"2018-09-13T13:37:33","slug":"espectaculo-literario","status":"publish","type":"tribe_events","link":"https:\/\/www.rivera.gub.uy\/portal\/evento\/espectaculo-literario\/","title":{"rendered":"Espect\u00e1culo Literario"},"content":{"rendered":"<p>El 30 de noviembre habr\u00e1 un Espect\u00e1culo de Talleres Literarios: &#8220;Las Letras Hablan y Cantan&#8221;<\/p>\n<p>Se estar\u00e1 actualizando informaci\u00f3n en breve.<\/p>\n","protected":false},"excerpt":{"rendered":"<p>El 30 de noviembre habr\u00e1 un Espect\u00e1culo de Talleres Literarios: &#8220;Las Letras Hablan y Cantan&#8221; Se estar\u00e1 actualizando informaci\u00f3n en breve.<\/p>\n","protected":false},"author":1,"featured_media":0,"template":"","meta":{"_tribe_events_status":"","_tribe_events_status_reason":"","footnotes":""},"tags":[65,840,114,36,704],"tribe_events_cat":[253,302],"class_list":["post-11387","tribe_events","type-tribe_events","status-publish","hentry","tag-cultura","tag-espectaculo","tag-idr","tag-intendencia","tag-taller","tribe_events_cat-cultura","tribe_events_cat-idr","cat_cultura","cat_idr"],"_links":{"self":[{"href":"https:\/\/www.rivera.gub.uy\/portal\/wp-json\/wp\/v2\/tribe_events\/11387","targetHints":{"allow":["GET"]}}],"collection":[{"href":"https:\/\/www.rivera.gub.uy\/portal\/wp-json\/wp\/v2\/tribe_events"}],"about":[{"href":"https:\/\/www.rivera.gub.uy\/portal\/wp-json\/wp\/v2\/types\/tribe_events"}],"author":[{"embeddable":true,"href":"https:\/\/www.rivera.gub.uy\/portal\/wp-json\/wp\/v2\/users\/1"}],"version-history":[{"count":1,"href":"https:\/\/www.rivera.gub.uy\/portal\/wp-json\/wp\/v2\/tribe_events\/11387\/revisions"}],"predecessor-version":[{"id":11388,"href":"https:\/\/www.rivera.gub.uy\/portal\/wp-json\/wp\/v2\/tribe_events\/11387\/revisions\/11388"}],"wp:attachment":[{"href":"https:\/\/www.rivera.gub.uy\/portal\/wp-json\/wp\/v2\/media?parent=11387"}],"wp:term":[{"taxonomy":"post_tag","embeddable":true,"href":"https:\/\/www.rivera.gub.uy\/portal\/wp-json\/wp\/v2\/tags?post=11387"},{"taxonomy":"tribe_events_cat","embeddable":true,"href":"https:\/\/www.rivera.gub.uy\/portal\/wp-json\/wp\/v2\/tribe_events_cat?post=11387"}],"curies":[{"name":"wp","href":"https:\/\/api.w.org\/{rel}","templated":true}]}}

Espectáculo Literario

<p>El 30 de noviembre habrá un Espectáculo de Talleres Literarios: &#8220;Las Letras Hablan y Cantan&#8221;</p>
<p>Se estará actualizando información en breve.</p>

<p>El 30 de noviembre habrá un Espectáculo de Talleres Literarios: &#8220;Las Letras Hablan y Cantan&#8221; Se estará actualizando información en breve.</p>
