{"id":11415,"date":"2018-09-14T13:42:08","date_gmt":"2018-09-14T16:42:08","guid":{"rendered":"http:\/\/www.rivera.gub.uy\/portal\/?post_type=tribe_events&#038;p=11415"},"modified":"2018-11-06T13:54:28","modified_gmt":"2018-11-06T15:54:28","slug":"v-festival-binacional-de-enogastronomia-y-productos-del-bioma-pampa","status":"publish","type":"tribe_events","link":"https:\/\/www.rivera.gub.uy\/portal\/evento\/v-festival-binacional-de-enogastronomia-y-productos-del-bioma-pampa\/","title":{"rendered":"V Festival Binacional de Enogastronom\u00eda y Productos del Bioma Pampa"},"content":{"rendered":"<div><\/div>\n<div>Del 6 al 18 de noviembre se llevar\u00e1 a cabo en el Parque Intenacional el V Festival Binacional de Enogastronom\u00eda y Productos del Bioma Pampa.<\/div>\n<div>El Festival busca mostrar y valorizar la gastronom\u00eda y la producci\u00f3n vitivin\u00edcola de Rivera y Santana do Livramento<\/div>\n<div>Estar\u00e1n presentes autoridades de ambas ciudades de la Frontera<\/div>\n<div><\/div>\n<div><\/div>\n<div><\/div>\n<div><\/div>\n","protected":false},"excerpt":{"rendered":"<p>Del 6 al 18 de noviembre se llevar\u00e1 a cabo en el Parque Intenacional el V Festival Binacional de Enogastronom\u00eda y Productos del Bioma Pampa. El Festival busca mostrar y valorizar la gastronom\u00eda y la producci\u00f3n vitivin\u00edcola de Rivera y Santana do Livramento Estar\u00e1n presentes autoridades de ambas ciudades de la Frontera<\/p>\n","protected":false},"author":1,"featured_media":11407,"template":"","meta":{"_tribe_events_status":"","_tribe_events_status_reason":"","footnotes":""},"tags":[157,841,114,36,363],"tribe_events_cat":[302,456],"class_list":["post-11415","tribe_events","type-tribe_events","status-publish","has-post-thumbnail","hentry","tag-festival","tag-gastronomia","tag-idr","tag-intendencia","tag-turismo","tribe_events_cat-idr","tribe_events_cat-turismo","cat_idr","cat_turismo"],"_links":{"self":[{"href":"https:\/\/www.rivera.gub.uy\/portal\/wp-json\/wp\/v2\/tribe_events\/11415","targetHints":{"allow":["GET"]}}],"collection":[{"href":"https:\/\/www.rivera.gub.uy\/portal\/wp-json\/wp\/v2\/tribe_events"}],"about":[{"href":"https:\/\/www.rivera.gub.uy\/portal\/wp-json\/wp\/v2\/types\/tribe_events"}],"author":[{"embeddable":true,"href":"https:\/\/www.rivera.gub.uy\/portal\/wp-json\/wp\/v2\/users\/1"}],"version-history":[{"count":1,"href":"https:\/\/www.rivera.gub.uy\/portal\/wp-json\/wp\/v2\/tribe_events\/11415\/revisions"}],"predecessor-version":[{"id":11416,"href":"https:\/\/www.rivera.gub.uy\/portal\/wp-json\/wp\/v2\/tribe_events\/11415\/revisions\/11416"}],"wp:featuredmedia":[{"embeddable":true,"href":"https:\/\/www.rivera.gub.uy\/portal\/wp-json\/wp\/v2\/media\/11407"}],"wp:attachment":[{"href":"https:\/\/www.rivera.gub.uy\/portal\/wp-json\/wp\/v2\/media?parent=11415"}],"wp:term":[{"taxonomy":"post_tag","embeddable":true,"href":"https:\/\/www.rivera.gub.uy\/portal\/wp-json\/wp\/v2\/tags?post=11415"},{"taxonomy":"tribe_events_cat","embeddable":true,"href":"https:\/\/www.rivera.gub.uy\/portal\/wp-json\/wp\/v2\/tribe_events_cat?post=11415"}],"curies":[{"name":"wp","href":"https:\/\/api.w.org\/{rel}","templated":true}]}}

V Festival Binacional de Enogastronomía y Productos del Bioma Pampa

<div></div>
<div>Del 6 al 18 de noviembre se llevará a cabo en el Parque Intenacional el V Festival Binacional de Enogastronomía y Productos del Bioma Pampa.</div>
<div>El Festival busca mostrar y valorizar la gastronomía y la producción vitivinícola de Rivera y Santana do Livramento</div>
<div>Estarán presentes autoridades de ambas ciudades de la Frontera</div>
<div></div>
<div></div>
<div></div>
<div></div>

<p>Del 6 al 18 de noviembre se llevará a cabo en el Parque Intenacional el V Festival Binacional de Enogastronomía y Productos del Bioma Pampa. El Festival busca mostrar y valorizar la gastronomía y la producción vitivinícola de Rivera y Santana do Livramento Estarán presentes autoridades de ambas ciudades de la Frontera</p>
