{"id":12003,"date":"2018-10-24T09:11:40","date_gmt":"2018-10-24T11:11:40","guid":{"rendered":"http:\/\/www.rivera.gub.uy\/portal\/?post_type=tribe_events&#038;p=12003"},"modified":"2018-10-24T09:11:40","modified_gmt":"2018-10-24T11:11:40","slug":"un-papanata-importante","status":"publish","type":"tribe_events","link":"https:\/\/www.rivera.gub.uy\/portal\/evento\/un-papanata-importante\/","title":{"rendered":"&#8220;Un Papanata Importante&#8221;"},"content":{"rendered":"<p>El d\u00eda 4 de noviembre a las 20:30 horas se presentan en el Teatro Municipal de Rivera Claudia Fern\u00e1ndez y Luis Albert Carballo con la obra &#8220;Un papanata importante&#8221;, direcci\u00f3n y libro de Alfredo Leiros.<\/p>\n<p>Las entradas est\u00e1n en venta en Monse\u00f1or Vera 1132. Tel\u00e9fonos para contacto 46227025 \/ 46232123<\/p>\n<p>&nbsp;<\/p>\n","protected":false},"excerpt":{"rendered":"<p>El d\u00eda 4 de noviembre a las 20:30 horas se presentan en el Teatro Municipal de Rivera Claudia Fern\u00e1ndez y Luis Albert Carballo con la obra &#8220;Un papanata importante&#8221;, direcci\u00f3n y libro de Alfredo Leiros. Las entradas est\u00e1n en venta en Monse\u00f1or Vera 1132. Tel\u00e9fonos para contacto 46227025 \/ 46232123 &nbsp;<\/p>\n","protected":false},"author":1,"featured_media":12004,"template":"","meta":{"_tribe_events_status":"","_tribe_events_status_reason":"","footnotes":""},"tags":[114,36,247],"tribe_events_cat":[253,302],"class_list":["post-12003","tribe_events","type-tribe_events","status-publish","has-post-thumbnail","hentry","tag-idr","tag-intendencia","tag-teatro","tribe_events_cat-cultura","tribe_events_cat-idr","cat_cultura","cat_idr"],"_links":{"self":[{"href":"https:\/\/www.rivera.gub.uy\/portal\/wp-json\/wp\/v2\/tribe_events\/12003","targetHints":{"allow":["GET"]}}],"collection":[{"href":"https:\/\/www.rivera.gub.uy\/portal\/wp-json\/wp\/v2\/tribe_events"}],"about":[{"href":"https:\/\/www.rivera.gub.uy\/portal\/wp-json\/wp\/v2\/types\/tribe_events"}],"author":[{"embeddable":true,"href":"https:\/\/www.rivera.gub.uy\/portal\/wp-json\/wp\/v2\/users\/1"}],"version-history":[{"count":1,"href":"https:\/\/www.rivera.gub.uy\/portal\/wp-json\/wp\/v2\/tribe_events\/12003\/revisions"}],"predecessor-version":[{"id":12005,"href":"https:\/\/www.rivera.gub.uy\/portal\/wp-json\/wp\/v2\/tribe_events\/12003\/revisions\/12005"}],"wp:featuredmedia":[{"embeddable":true,"href":"https:\/\/www.rivera.gub.uy\/portal\/wp-json\/wp\/v2\/media\/12004"}],"wp:attachment":[{"href":"https:\/\/www.rivera.gub.uy\/portal\/wp-json\/wp\/v2\/media?parent=12003"}],"wp:term":[{"taxonomy":"post_tag","embeddable":true,"href":"https:\/\/www.rivera.gub.uy\/portal\/wp-json\/wp\/v2\/tags?post=12003"},{"taxonomy":"tribe_events_cat","embeddable":true,"href":"https:\/\/www.rivera.gub.uy\/portal\/wp-json\/wp\/v2\/tribe_events_cat?post=12003"}],"curies":[{"name":"wp","href":"https:\/\/api.w.org\/{rel}","templated":true}]}}

<p>El día 4 de noviembre a las 20:30 horas se presentan en el Teatro Municipal de Rivera Claudia Fernández y Luis Albert Carballo con la obra &#8220;Un papanata importante&#8221;, dirección y libro de Alfredo Leiros.</p>
<p>Las entradas están en venta en Monseñor Vera 1132. Teléfonos para contacto 46227025 / 46232123</p>
<p>&nbsp;</p>

<p>El día 4 de noviembre a las 20:30 horas se presentan en el Teatro Municipal de Rivera Claudia Fernández y Luis Albert Carballo con la obra &#8220;Un papanata importante&#8221;, dirección y libro de Alfredo Leiros. Las entradas están en venta en Monseñor Vera 1132. Teléfonos para contacto 46227025 / 46232123 &nbsp;</p>
