{"id":12430,"date":"2018-11-27T15:07:41","date_gmt":"2018-11-27T17:07:41","guid":{"rendered":"https:\/\/www.rivera.gub.uy\/portal\/?post_type=tribe_events&#038;p=12430"},"modified":"2018-12-14T21:43:34","modified_gmt":"2018-12-14T23:43:34","slug":"rivera-brilla-2","status":"publish","type":"tribe_events","link":"https:\/\/www.rivera.gub.uy\/portal\/evento\/rivera-brilla-2\/","title":{"rendered":"Rivera Brilla en Plaza Flores"},"content":{"rendered":"<p>Mi\u00e9rcoles 19 de diciembre, se realizar\u00e1n los siguientes espect\u00e1culos en Plaza Flores:<\/p>\n<ul>\n<li>21:00 Representaci\u00f3n Pesebre viviente a cargo de Parroquias cat\u00f3licas<\/li>\n<li>21:40 Coro Interparroquial de Rivera<\/li>\n<li>22:20 ACD Bailamos<\/li>\n<li>22:40 M\u00fasica y coreograf\u00eda Ig. Evang\u00e9lica Alianza de Barrio Bisio<\/li>\n<\/ul>\n<p>&nbsp;<\/p>\n<p>Programaci\u00f3n completa (<a href=\"https:\/\/www.rivera.gub.uy\/portal\/wp-content\/uploads\/2018\/11\/folleto.pdf\" target=\"_blank\" rel=\"noopener\">descargar<\/a>)<\/p>\n","protected":false},"excerpt":{"rendered":"<p>Mi\u00e9rcoles 19 de diciembre, se realizar\u00e1n los siguientes espect\u00e1culos en Plaza Flores: 21:00 Representaci\u00f3n Pesebre viviente a cargo de Parroquias cat\u00f3licas 21:40 Coro Interparroquial de Rivera 22:20 ACD Bailamos 22:40 M\u00fasica y coreograf\u00eda Ig. Evang\u00e9lica Alianza de Barrio Bisio &nbsp; Programaci\u00f3n completa (descargar)<\/p>\n","protected":false},"author":1,"featured_media":12578,"template":"","meta":{"_tribe_events_status":"","_tribe_events_status_reason":"","footnotes":""},"tags":[114,117,906,289],"tribe_events_cat":[253,302,456],"class_list":["post-12430","tribe_events","type-tribe_events","status-publish","has-post-thumbnail","hentry","tag-idr","tag-intendencia-de-rivera","tag-river","tag-rivera-brilla","tribe_events_cat-cultura","tribe_events_cat-idr","tribe_events_cat-turismo","cat_cultura","cat_idr","cat_turismo"],"_links":{"self":[{"href":"https:\/\/www.rivera.gub.uy\/portal\/wp-json\/wp\/v2\/tribe_events\/12430","targetHints":{"allow":["GET"]}}],"collection":[{"href":"https:\/\/www.rivera.gub.uy\/portal\/wp-json\/wp\/v2\/tribe_events"}],"about":[{"href":"https:\/\/www.rivera.gub.uy\/portal\/wp-json\/wp\/v2\/types\/tribe_events"}],"author":[{"embeddable":true,"href":"https:\/\/www.rivera.gub.uy\/portal\/wp-json\/wp\/v2\/users\/1"}],"version-history":[{"count":3,"href":"https:\/\/www.rivera.gub.uy\/portal\/wp-json\/wp\/v2\/tribe_events\/12430\/revisions"}],"predecessor-version":[{"id":12804,"href":"https:\/\/www.rivera.gub.uy\/portal\/wp-json\/wp\/v2\/tribe_events\/12430\/revisions\/12804"}],"wp:featuredmedia":[{"embeddable":true,"href":"https:\/\/www.rivera.gub.uy\/portal\/wp-json\/wp\/v2\/media\/12578"}],"wp:attachment":[{"href":"https:\/\/www.rivera.gub.uy\/portal\/wp-json\/wp\/v2\/media?parent=12430"}],"wp:term":[{"taxonomy":"post_tag","embeddable":true,"href":"https:\/\/www.rivera.gub.uy\/portal\/wp-json\/wp\/v2\/tags?post=12430"},{"taxonomy":"tribe_events_cat","embeddable":true,"href":"https:\/\/www.rivera.gub.uy\/portal\/wp-json\/wp\/v2\/tribe_events_cat?post=12430"}],"curies":[{"name":"wp","href":"https:\/\/api.w.org\/{rel}","templated":true}]}}

<p>Miércoles 19 de diciembre, se realizarán los siguientes espectáculos en Plaza Flores:</p>
<ul>
<li>21:00 Representación Pesebre viviente a cargo de Parroquias católicas</li>
<li>21:40 Coro Interparroquial de Rivera</li>
<li>22:20 ACD Bailamos</li>
<li>22:40 Música y coreografía Ig. Evangélica Alianza de Barrio Bisio</li>
</ul>
<p>&nbsp;</p>
<p>Programación completa (<a href="https://www.rivera.gub.uy/portal/wp-content/uploads/2018/11/folleto.pdf" target="_blank" rel="noopener">descargar</a>)</p>

<p>Miércoles 19 de diciembre, se realizarán los siguientes espectáculos en Plaza Flores: 21:00 Representación Pesebre viviente a cargo de Parroquias católicas 21:40 Coro Interparroquial de Rivera 22:20 ACD Bailamos 22:40 Música y coreografía Ig. Evangélica Alianza de Barrio Bisio &nbsp; Programación completa (descargar)</p>
