{"id":12457,"date":"2018-11-28T10:11:58","date_gmt":"2018-11-28T12:11:58","guid":{"rendered":"https:\/\/www.rivera.gub.uy\/portal\/?post_type=tribe_events&#038;p=12457"},"modified":"2018-12-03T13:20:30","modified_gmt":"2018-12-03T15:20:30","slug":"rivera-brilla-9","status":"publish","type":"tribe_events","link":"https:\/\/www.rivera.gub.uy\/portal\/evento\/rivera-brilla-9\/","title":{"rendered":"Rivera Brilla"},"content":{"rendered":"<p>El d\u00eda s\u00e1bado 15 de diciembre, en el marco de Rivera Brilla, se llevar\u00e1n a cabo en Plaza Artigas los siguientes espect\u00e1culos:<\/p>\n<ul>\n<li>21:00 Academia Gabi Bueno<\/li>\n<li>21:30 Misiva<\/li>\n<li>22:15 Nativos del Rock<\/li>\n<li>23:00 Diego Imbern\u00f3n<\/li>\n<\/ul>\n<p>Programaci\u00f3n completa (<a href=\"https:\/\/www.rivera.gub.uy\/portal\/wp-content\/uploads\/2018\/11\/folleto.pdf\" target=\"_blank\" rel=\"noopener\">descargar<\/a>)<\/p>\n","protected":false},"excerpt":{"rendered":"<p>El d\u00eda s\u00e1bado 15 de diciembre, en el marco de Rivera Brilla, se llevar\u00e1n a cabo en Plaza Artigas los siguientes espect\u00e1culos: 21:00 Academia Gabi Bueno 21:30 Misiva 22:15 Nativos del Rock 23:00 Diego Imbern\u00f3n Programaci\u00f3n completa (descargar)<\/p>\n","protected":false},"author":1,"featured_media":12588,"template":"","meta":{"_tribe_events_status":"","_tribe_events_status_reason":"","footnotes":""},"tags":[114,36,117,33,289],"tribe_events_cat":[253,302,456],"class_list":["post-12457","tribe_events","type-tribe_events","status-publish","has-post-thumbnail","hentry","tag-idr","tag-intendencia","tag-intendencia-de-rivera","tag-rivera","tag-rivera-brilla","tribe_events_cat-cultura","tribe_events_cat-idr","tribe_events_cat-turismo","cat_cultura","cat_idr","cat_turismo"],"_links":{"self":[{"href":"https:\/\/www.rivera.gub.uy\/portal\/wp-json\/wp\/v2\/tribe_events\/12457","targetHints":{"allow":["GET"]}}],"collection":[{"href":"https:\/\/www.rivera.gub.uy\/portal\/wp-json\/wp\/v2\/tribe_events"}],"about":[{"href":"https:\/\/www.rivera.gub.uy\/portal\/wp-json\/wp\/v2\/types\/tribe_events"}],"author":[{"embeddable":true,"href":"https:\/\/www.rivera.gub.uy\/portal\/wp-json\/wp\/v2\/users\/1"}],"version-history":[{"count":1,"href":"https:\/\/www.rivera.gub.uy\/portal\/wp-json\/wp\/v2\/tribe_events\/12457\/revisions"}],"predecessor-version":[{"id":12459,"href":"https:\/\/www.rivera.gub.uy\/portal\/wp-json\/wp\/v2\/tribe_events\/12457\/revisions\/12459"}],"wp:featuredmedia":[{"embeddable":true,"href":"https:\/\/www.rivera.gub.uy\/portal\/wp-json\/wp\/v2\/media\/12588"}],"wp:attachment":[{"href":"https:\/\/www.rivera.gub.uy\/portal\/wp-json\/wp\/v2\/media?parent=12457"}],"wp:term":[{"taxonomy":"post_tag","embeddable":true,"href":"https:\/\/www.rivera.gub.uy\/portal\/wp-json\/wp\/v2\/tags?post=12457"},{"taxonomy":"tribe_events_cat","embeddable":true,"href":"https:\/\/www.rivera.gub.uy\/portal\/wp-json\/wp\/v2\/tribe_events_cat?post=12457"}],"curies":[{"name":"wp","href":"https:\/\/api.w.org\/{rel}","templated":true}]}}

<p>El día sábado 15 de diciembre, en el marco de Rivera Brilla, se llevarán a cabo en Plaza Artigas los siguientes espectáculos:</p>
<ul>
<li>21:00 Academia Gabi Bueno</li>
<li>21:30 Misiva</li>
<li>22:15 Nativos del Rock</li>
<li>23:00 Diego Imbernón</li>
</ul>
<p>Programación completa (<a href="https://www.rivera.gub.uy/portal/wp-content/uploads/2018/11/folleto.pdf" target="_blank" rel="noopener">descargar</a>)</p>

<p>El día sábado 15 de diciembre, en el marco de Rivera Brilla, se llevarán a cabo en Plaza Artigas los siguientes espectáculos: 21:00 Academia Gabi Bueno 21:30 Misiva 22:15 Nativos del Rock 23:00 Diego Imbernón Programación completa (descargar)</p>
