{"id":12460,"date":"2018-11-28T10:22:54","date_gmt":"2018-11-28T12:22:54","guid":{"rendered":"https:\/\/www.rivera.gub.uy\/portal\/?post_type=tribe_events&#038;p=12460"},"modified":"2018-12-03T13:10:29","modified_gmt":"2018-12-03T15:10:29","slug":"rivera-brilla-10","status":"publish","type":"tribe_events","link":"https:\/\/www.rivera.gub.uy\/portal\/evento\/rivera-brilla-10\/","title":{"rendered":"Rivera Brilla"},"content":{"rendered":"<p>El d\u00eda domingo 2 de diciembre, en el marco de Rivera Brilla, se llevar\u00e1n a cabo en Plaza 18 de Julio los siguientes espect\u00e1culos:<\/p>\n<ul>\n<li>19:00 Payaso Tito<\/li>\n<li>19:00 Cuenta Cuentos con artesanas del Rivera Brilla y Rafael Fischer<\/li>\n<li>19:30 Karen Belmonte<\/li>\n<li>20:00 Un paseo al mundo encantado de la Nieve en la casa de Pap\u00e1 Noel<\/li>\n<li>20:00 Grupo Los Fronteros &#8211; Valentina Gularte<\/li>\n<li>20:30 Felipe Alvariza<\/li>\n<li>21:00 Marcio Escotto<\/li>\n<li>21:30 Los Rebeldes<\/li>\n<\/ul>\n<p>Programaci\u00f3n completa (<a href=\"https:\/\/www.rivera.gub.uy\/portal\/wp-content\/uploads\/2018\/11\/folleto.pdf\" target=\"_blank\" rel=\"noopener\">descargar<\/a>)<\/p>\n","protected":false},"excerpt":{"rendered":"<p>El d\u00eda domingo 2 de diciembre, en el marco de Rivera Brilla, se llevar\u00e1n a cabo en Plaza 18 de Julio los siguientes espect\u00e1culos: 19:00 Payaso Tito 19:00 Cuenta Cuentos con artesanas del Rivera Brilla y Rafael Fischer 19:30 Karen Belmonte 20:00 Un paseo al mundo encantado de la Nieve en la casa de Pap\u00e1 [&hellip;]<\/p>\n","protected":false},"author":1,"featured_media":12583,"template":"","meta":{"_tribe_events_status":"","_tribe_events_status_reason":"","footnotes":""},"tags":[908,114,36,117,289],"tribe_events_cat":[253,302,456],"class_list":["post-12460","tribe_events","type-tribe_events","status-publish","has-post-thumbnail","hentry","tag-es","tag-idr","tag-intendencia","tag-intendencia-de-rivera","tag-rivera-brilla","tribe_events_cat-cultura","tribe_events_cat-idr","tribe_events_cat-turismo","cat_cultura","cat_idr","cat_turismo"],"_links":{"self":[{"href":"https:\/\/www.rivera.gub.uy\/portal\/wp-json\/wp\/v2\/tribe_events\/12460","targetHints":{"allow":["GET"]}}],"collection":[{"href":"https:\/\/www.rivera.gub.uy\/portal\/wp-json\/wp\/v2\/tribe_events"}],"about":[{"href":"https:\/\/www.rivera.gub.uy\/portal\/wp-json\/wp\/v2\/types\/tribe_events"}],"author":[{"embeddable":true,"href":"https:\/\/www.rivera.gub.uy\/portal\/wp-json\/wp\/v2\/users\/1"}],"version-history":[{"count":1,"href":"https:\/\/www.rivera.gub.uy\/portal\/wp-json\/wp\/v2\/tribe_events\/12460\/revisions"}],"predecessor-version":[{"id":12462,"href":"https:\/\/www.rivera.gub.uy\/portal\/wp-json\/wp\/v2\/tribe_events\/12460\/revisions\/12462"}],"wp:featuredmedia":[{"embeddable":true,"href":"https:\/\/www.rivera.gub.uy\/portal\/wp-json\/wp\/v2\/media\/12583"}],"wp:attachment":[{"href":"https:\/\/www.rivera.gub.uy\/portal\/wp-json\/wp\/v2\/media?parent=12460"}],"wp:term":[{"taxonomy":"post_tag","embeddable":true,"href":"https:\/\/www.rivera.gub.uy\/portal\/wp-json\/wp\/v2\/tags?post=12460"},{"taxonomy":"tribe_events_cat","embeddable":true,"href":"https:\/\/www.rivera.gub.uy\/portal\/wp-json\/wp\/v2\/tribe_events_cat?post=12460"}],"curies":[{"name":"wp","href":"https:\/\/api.w.org\/{rel}","templated":true}]}}

<p>El día domingo 2 de diciembre, en el marco de Rivera Brilla, se llevarán a cabo en Plaza 18 de Julio los siguientes espectáculos:</p>
<ul>
<li>19:00 Payaso Tito</li>
<li>19:00 Cuenta Cuentos con artesanas del Rivera Brilla y Rafael Fischer</li>
<li>19:30 Karen Belmonte</li>
<li>20:00 Un paseo al mundo encantado de la Nieve en la casa de Papá Noel</li>
<li>20:00 Grupo Los Fronteros &#8211; Valentina Gularte</li>
<li>20:30 Felipe Alvariza</li>
<li>21:00 Marcio Escotto</li>
<li>21:30 Los Rebeldes</li>
</ul>
<p>Programación completa (<a href="https://www.rivera.gub.uy/portal/wp-content/uploads/2018/11/folleto.pdf" target="_blank" rel="noopener">descargar</a>)</p>

<p>El día domingo 2 de diciembre, en el marco de Rivera Brilla, se llevarán a cabo en Plaza 18 de Julio los siguientes espectáculos: 19:00 Payaso Tito 19:00 Cuenta Cuentos con artesanas del Rivera Brilla y Rafael Fischer 19:30 Karen Belmonte 20:00 Un paseo al mundo encantado de la Nieve en la casa de Papá [&hellip;]</p>
