{"id":12471,"date":"2018-11-28T10:56:17","date_gmt":"2018-11-28T12:56:17","guid":{"rendered":"https:\/\/www.rivera.gub.uy\/portal\/?post_type=tribe_events&#038;p=12471"},"modified":"2018-12-03T13:12:52","modified_gmt":"2018-12-03T15:12:52","slug":"rivera-brilla-14","status":"publish","type":"tribe_events","link":"https:\/\/www.rivera.gub.uy\/portal\/evento\/rivera-brilla-14\/","title":{"rendered":"Rivera Brilla"},"content":{"rendered":"<p>El d\u00eda viernes 21 de diciembre, en el marco de Rivera Brilla, se llevar\u00e1n a cabo en Plaza Flores los siguientes espect\u00e1culos:<\/p>\n<ul>\n<li>21:00 &#8220;La Navidad&#8221; Compa\u00f1\u00eda de Teatro Alto Vuelo<\/li>\n<li>21:40 Expressao C\u00eda de Danza<\/li>\n<li>22:20 Por la Vida &#8211; (Teatro)<\/li>\n<li>22:40 Por la Vida &#8211; (Banda)<\/li>\n<li>22:50 Los Terris (Percusi\u00f3n)<\/li>\n<\/ul>\n<p>Programaci\u00f3n completa (<a href=\"https:\/\/www.rivera.gub.uy\/portal\/wp-content\/uploads\/2018\/11\/folleto.pdf\" target=\"_blank\" rel=\"noopener\">descargar<\/a>)<\/p>\n","protected":false},"excerpt":{"rendered":"<p>El d\u00eda viernes 21 de diciembre, en el marco de Rivera Brilla, se llevar\u00e1n a cabo en Plaza Flores los siguientes espect\u00e1culos: 21:00 &#8220;La Navidad&#8221; Compa\u00f1\u00eda de Teatro Alto Vuelo 21:40 Expressao C\u00eda de Danza 22:20 Por la Vida &#8211; (Teatro) 22:40 Por la Vida &#8211; (Banda) 22:50 Los Terris (Percusi\u00f3n) Programaci\u00f3n completa (descargar)<\/p>\n","protected":false},"author":1,"featured_media":12584,"template":"","meta":{"_tribe_events_status":"","_tribe_events_status_reason":"","footnotes":""},"tags":[905,114,36,289],"tribe_events_cat":[253,302,456],"class_list":["post-12471","tribe_events","type-tribe_events","status-publish","has-post-thumbnail","hentry","tag-espectaculos","tag-idr","tag-intendencia","tag-rivera-brilla","tribe_events_cat-cultura","tribe_events_cat-idr","tribe_events_cat-turismo","cat_cultura","cat_idr","cat_turismo"],"_links":{"self":[{"href":"https:\/\/www.rivera.gub.uy\/portal\/wp-json\/wp\/v2\/tribe_events\/12471","targetHints":{"allow":["GET"]}}],"collection":[{"href":"https:\/\/www.rivera.gub.uy\/portal\/wp-json\/wp\/v2\/tribe_events"}],"about":[{"href":"https:\/\/www.rivera.gub.uy\/portal\/wp-json\/wp\/v2\/types\/tribe_events"}],"author":[{"embeddable":true,"href":"https:\/\/www.rivera.gub.uy\/portal\/wp-json\/wp\/v2\/users\/1"}],"version-history":[{"count":1,"href":"https:\/\/www.rivera.gub.uy\/portal\/wp-json\/wp\/v2\/tribe_events\/12471\/revisions"}],"predecessor-version":[{"id":12472,"href":"https:\/\/www.rivera.gub.uy\/portal\/wp-json\/wp\/v2\/tribe_events\/12471\/revisions\/12472"}],"wp:featuredmedia":[{"embeddable":true,"href":"https:\/\/www.rivera.gub.uy\/portal\/wp-json\/wp\/v2\/media\/12584"}],"wp:attachment":[{"href":"https:\/\/www.rivera.gub.uy\/portal\/wp-json\/wp\/v2\/media?parent=12471"}],"wp:term":[{"taxonomy":"post_tag","embeddable":true,"href":"https:\/\/www.rivera.gub.uy\/portal\/wp-json\/wp\/v2\/tags?post=12471"},{"taxonomy":"tribe_events_cat","embeddable":true,"href":"https:\/\/www.rivera.gub.uy\/portal\/wp-json\/wp\/v2\/tribe_events_cat?post=12471"}],"curies":[{"name":"wp","href":"https:\/\/api.w.org\/{rel}","templated":true}]}}

<p>El día viernes 21 de diciembre, en el marco de Rivera Brilla, se llevarán a cabo en Plaza Flores los siguientes espectáculos:</p>
<ul>
<li>21:00 &#8220;La Navidad&#8221; Compañía de Teatro Alto Vuelo</li>
<li>21:40 Expressao Cía de Danza</li>
<li>22:20 Por la Vida &#8211; (Teatro)</li>
<li>22:40 Por la Vida &#8211; (Banda)</li>
<li>22:50 Los Terris (Percusión)</li>
</ul>
<p>Programación completa (<a href="https://www.rivera.gub.uy/portal/wp-content/uploads/2018/11/folleto.pdf" target="_blank" rel="noopener">descargar</a>)</p>

<p>El día viernes 21 de diciembre, en el marco de Rivera Brilla, se llevarán a cabo en Plaza Flores los siguientes espectáculos: 21:00 &#8220;La Navidad&#8221; Compañía de Teatro Alto Vuelo 21:40 Expressao Cía de Danza 22:20 Por la Vida &#8211; (Teatro) 22:40 Por la Vida &#8211; (Banda) 22:50 Los Terris (Percusión) Programación completa (descargar)</p>
