{"id":12493,"date":"2018-11-28T14:19:22","date_gmt":"2018-11-28T16:19:22","guid":{"rendered":"https:\/\/www.rivera.gub.uy\/portal\/?post_type=tribe_events&#038;p=12493"},"modified":"2018-12-03T13:18:57","modified_gmt":"2018-12-03T15:18:57","slug":"noche-magica-3","status":"publish","type":"tribe_events","link":"https:\/\/www.rivera.gub.uy\/portal\/evento\/noche-magica-3\/","title":{"rendered":"Noche M\u00e1gica"},"content":{"rendered":"<p>El d\u00eda viernes 21 de diciembre, en el marco de Rivera Brilla, se llevar\u00e1 a cabo la Noche M\u00e1gica por Av. Pte. Viera.<\/p>\n<p>Programaci\u00f3n completa (<a href=\"https:\/\/www.rivera.gub.uy\/portal\/wp-content\/uploads\/2018\/11\/folleto.pdf\" target=\"_blank\" rel=\"noopener\">descargar<\/a>)<\/p>\n","protected":false},"excerpt":{"rendered":"<p>El d\u00eda viernes 21 de diciembre, en el marco de Rivera Brilla, se llevar\u00e1 a cabo la Noche M\u00e1gica por Av. Pte. Viera. Programaci\u00f3n completa (descargar)<\/p>\n","protected":false},"author":1,"featured_media":12587,"template":"","meta":{"_tribe_events_status":"","_tribe_events_status_reason":"","footnotes":""},"tags":[114,36,317,289],"tribe_events_cat":[253,302,456],"class_list":["post-12493","tribe_events","type-tribe_events","status-publish","has-post-thumbnail","hentry","tag-idr","tag-intendencia","tag-noche-magica","tag-rivera-brilla","tribe_events_cat-cultura","tribe_events_cat-idr","tribe_events_cat-turismo","cat_cultura","cat_idr","cat_turismo"],"_links":{"self":[{"href":"https:\/\/www.rivera.gub.uy\/portal\/wp-json\/wp\/v2\/tribe_events\/12493","targetHints":{"allow":["GET"]}}],"collection":[{"href":"https:\/\/www.rivera.gub.uy\/portal\/wp-json\/wp\/v2\/tribe_events"}],"about":[{"href":"https:\/\/www.rivera.gub.uy\/portal\/wp-json\/wp\/v2\/types\/tribe_events"}],"author":[{"embeddable":true,"href":"https:\/\/www.rivera.gub.uy\/portal\/wp-json\/wp\/v2\/users\/1"}],"version-history":[{"count":1,"href":"https:\/\/www.rivera.gub.uy\/portal\/wp-json\/wp\/v2\/tribe_events\/12493\/revisions"}],"predecessor-version":[{"id":12494,"href":"https:\/\/www.rivera.gub.uy\/portal\/wp-json\/wp\/v2\/tribe_events\/12493\/revisions\/12494"}],"wp:featuredmedia":[{"embeddable":true,"href":"https:\/\/www.rivera.gub.uy\/portal\/wp-json\/wp\/v2\/media\/12587"}],"wp:attachment":[{"href":"https:\/\/www.rivera.gub.uy\/portal\/wp-json\/wp\/v2\/media?parent=12493"}],"wp:term":[{"taxonomy":"post_tag","embeddable":true,"href":"https:\/\/www.rivera.gub.uy\/portal\/wp-json\/wp\/v2\/tags?post=12493"},{"taxonomy":"tribe_events_cat","embeddable":true,"href":"https:\/\/www.rivera.gub.uy\/portal\/wp-json\/wp\/v2\/tribe_events_cat?post=12493"}],"curies":[{"name":"wp","href":"https:\/\/api.w.org\/{rel}","templated":true}]}}

Noche Mágica

<p>El día viernes 21 de diciembre, en el marco de Rivera Brilla, se llevará a cabo la Noche Mágica por Av. Pte. Viera.</p>
<p>Programación completa (<a href="https://www.rivera.gub.uy/portal/wp-content/uploads/2018/11/folleto.pdf" target="_blank" rel="noopener">descargar</a>)</p>

<p>El día viernes 21 de diciembre, en el marco de Rivera Brilla, se llevará a cabo la Noche Mágica por Av. Pte. Viera. Programación completa (descargar)</p>
