{"id":12495,"date":"2018-11-28T14:21:38","date_gmt":"2018-11-28T16:21:38","guid":{"rendered":"https:\/\/www.rivera.gub.uy\/portal\/?post_type=tribe_events&#038;p=12495"},"modified":"2018-12-10T12:19:23","modified_gmt":"2018-12-10T14:19:23","slug":"noche-magica-4","status":"publish","type":"tribe_events","link":"https:\/\/www.rivera.gub.uy\/portal\/evento\/noche-magica-4\/","title":{"rendered":"Noche M\u00e1gica"},"content":{"rendered":"<p>El d\u00eda s\u00e1bado 22 de diciembre, en el marco de Rivera Brilla, se llevar\u00e1 a cabo la Noche M\u00e1gica en la ciudad de Tranqueras.<\/p>\n<p>Programaci\u00f3n completa (<a href=\"https:\/\/www.rivera.gub.uy\/portal\/wp-content\/uploads\/2018\/11\/folleto.pdf\" target=\"_blank\" rel=\"noopener\">descargar<\/a>)<\/p>\n","protected":false},"excerpt":{"rendered":"<p>El d\u00eda s\u00e1bado 22 de diciembre, en el marco de Rivera Brilla, se llevar\u00e1 a cabo la Noche M\u00e1gica en la ciudad de Tranqueras. Programaci\u00f3n completa (descargar)<\/p>\n","protected":false},"author":1,"featured_media":12686,"template":"","meta":{"_tribe_events_status":"","_tribe_events_status_reason":"","footnotes":""},"tags":[114,36,317,289,72],"tribe_events_cat":[253,302,456],"class_list":["post-12495","tribe_events","type-tribe_events","status-publish","has-post-thumbnail","hentry","tag-idr","tag-intendencia","tag-noche-magica","tag-rivera-brilla","tag-tranqueras","tribe_events_cat-cultura","tribe_events_cat-idr","tribe_events_cat-turismo","cat_cultura","cat_idr","cat_turismo"],"_links":{"self":[{"href":"https:\/\/www.rivera.gub.uy\/portal\/wp-json\/wp\/v2\/tribe_events\/12495","targetHints":{"allow":["GET"]}}],"collection":[{"href":"https:\/\/www.rivera.gub.uy\/portal\/wp-json\/wp\/v2\/tribe_events"}],"about":[{"href":"https:\/\/www.rivera.gub.uy\/portal\/wp-json\/wp\/v2\/types\/tribe_events"}],"author":[{"embeddable":true,"href":"https:\/\/www.rivera.gub.uy\/portal\/wp-json\/wp\/v2\/users\/1"}],"version-history":[{"count":1,"href":"https:\/\/www.rivera.gub.uy\/portal\/wp-json\/wp\/v2\/tribe_events\/12495\/revisions"}],"predecessor-version":[{"id":12496,"href":"https:\/\/www.rivera.gub.uy\/portal\/wp-json\/wp\/v2\/tribe_events\/12495\/revisions\/12496"}],"wp:featuredmedia":[{"embeddable":true,"href":"https:\/\/www.rivera.gub.uy\/portal\/wp-json\/wp\/v2\/media\/12686"}],"wp:attachment":[{"href":"https:\/\/www.rivera.gub.uy\/portal\/wp-json\/wp\/v2\/media?parent=12495"}],"wp:term":[{"taxonomy":"post_tag","embeddable":true,"href":"https:\/\/www.rivera.gub.uy\/portal\/wp-json\/wp\/v2\/tags?post=12495"},{"taxonomy":"tribe_events_cat","embeddable":true,"href":"https:\/\/www.rivera.gub.uy\/portal\/wp-json\/wp\/v2\/tribe_events_cat?post=12495"}],"curies":[{"name":"wp","href":"https:\/\/api.w.org\/{rel}","templated":true}]}}

Noche Mágica

<p>El día sábado 22 de diciembre, en el marco de Rivera Brilla, se llevará a cabo la Noche Mágica en la ciudad de Tranqueras.</p>
<p>Programación completa (<a href="https://www.rivera.gub.uy/portal/wp-content/uploads/2018/11/folleto.pdf" target="_blank" rel="noopener">descargar</a>)</p>

<p>El día sábado 22 de diciembre, en el marco de Rivera Brilla, se llevará a cabo la Noche Mágica en la ciudad de Tranqueras. Programación completa (descargar)</p>
