{"id":12498,"date":"2018-11-28T16:02:43","date_gmt":"2018-11-28T18:02:43","guid":{"rendered":"https:\/\/www.rivera.gub.uy\/portal\/?post_type=tribe_events&#038;p=12498"},"modified":"2018-11-28T16:02:43","modified_gmt":"2018-11-28T18:02:43","slug":"festival-de-patin-artistico","status":"publish","type":"tribe_events","link":"https:\/\/www.rivera.gub.uy\/portal\/evento\/festival-de-patin-artistico\/","title":{"rendered":"Festival de Pat\u00edn Art\u00edstico"},"content":{"rendered":"<div class=\"\">\n<div class=\"_1mf _1mj\">El s\u00e1bado 8 de diciembre, a la hora 18:00, en el Club Sarand\u00ed Universitario, se llevar\u00e1 a cabo el festival donde se presentar\u00e1n La Escuelita Departamental de Pat\u00edn y las mejores patinadoras del pa\u00eds con trayectoria internacional.<\/div>\n<div>Organiza: Direcci\u00f3n General de Promoci\u00f3n y Acci\u00f3n Social a trav\u00e9s de Divisi\u00f3n Deportes y Federaci\u00f3n Uruguaya de Pat\u00edn y Hockey.<\/div>\n<div>Entrada: Bono de colaboraci\u00f3n de $ 50<\/div>\n<\/div>\n","protected":false},"excerpt":{"rendered":"<p>El s\u00e1bado 8 de diciembre, a la hora 18:00, en el Club Sarand\u00ed Universitario, se llevar\u00e1 a cabo el festival donde se presentar\u00e1n La Escuelita Departamental de Pat\u00edn y las mejores patinadoras del pa\u00eds con trayectoria internacional. Organiza: Direcci\u00f3n General de Promoci\u00f3n y Acci\u00f3n Social a trav\u00e9s de Divisi\u00f3n Deportes y Federaci\u00f3n Uruguaya de Pat\u00edn [&hellip;]<\/p>\n","protected":false},"author":1,"featured_media":12499,"template":"","meta":{"_tribe_events_status":"","_tribe_events_status_reason":"","footnotes":""},"tags":[47,157,114,36,429],"tribe_events_cat":[249,302],"class_list":["post-12498","tribe_events","type-tribe_events","status-publish","has-post-thumbnail","hentry","tag-deportes","tag-festival","tag-idr","tag-intendencia","tag-patin","tribe_events_cat-deportes","tribe_events_cat-idr","cat_deportes","cat_idr"],"_links":{"self":[{"href":"https:\/\/www.rivera.gub.uy\/portal\/wp-json\/wp\/v2\/tribe_events\/12498","targetHints":{"allow":["GET"]}}],"collection":[{"href":"https:\/\/www.rivera.gub.uy\/portal\/wp-json\/wp\/v2\/tribe_events"}],"about":[{"href":"https:\/\/www.rivera.gub.uy\/portal\/wp-json\/wp\/v2\/types\/tribe_events"}],"author":[{"embeddable":true,"href":"https:\/\/www.rivera.gub.uy\/portal\/wp-json\/wp\/v2\/users\/1"}],"version-history":[{"count":1,"href":"https:\/\/www.rivera.gub.uy\/portal\/wp-json\/wp\/v2\/tribe_events\/12498\/revisions"}],"predecessor-version":[{"id":12500,"href":"https:\/\/www.rivera.gub.uy\/portal\/wp-json\/wp\/v2\/tribe_events\/12498\/revisions\/12500"}],"wp:featuredmedia":[{"embeddable":true,"href":"https:\/\/www.rivera.gub.uy\/portal\/wp-json\/wp\/v2\/media\/12499"}],"wp:attachment":[{"href":"https:\/\/www.rivera.gub.uy\/portal\/wp-json\/wp\/v2\/media?parent=12498"}],"wp:term":[{"taxonomy":"post_tag","embeddable":true,"href":"https:\/\/www.rivera.gub.uy\/portal\/wp-json\/wp\/v2\/tags?post=12498"},{"taxonomy":"tribe_events_cat","embeddable":true,"href":"https:\/\/www.rivera.gub.uy\/portal\/wp-json\/wp\/v2\/tribe_events_cat?post=12498"}],"curies":[{"name":"wp","href":"https:\/\/api.w.org\/{rel}","templated":true}]}}

Festival de Patín Artístico

<div class="">
<div class="_1mf _1mj">El sábado 8 de diciembre, a la hora 18:00, en el Club Sarandí Universitario, se llevará a cabo el festival donde se presentarán La Escuelita Departamental de Patín y las mejores patinadoras del país con trayectoria internacional.</div>
<div>Organiza: Dirección General de Promoción y Acción Social a través de División Deportes y Federación Uruguaya de Patín y Hockey.</div>
<div>Entrada: Bono de colaboración de $ 50</div>
</div>

<p>El sábado 8 de diciembre, a la hora 18:00, en el Club Sarandí Universitario, se llevará a cabo el festival donde se presentarán La Escuelita Departamental de Patín y las mejores patinadoras del país con trayectoria internacional. Organiza: Dirección General de Promoción y Acción Social a través de División Deportes y Federación Uruguaya de Patín [&hellip;]</p>
