{"id":12512,"date":"2018-11-29T13:45:45","date_gmt":"2018-11-29T15:45:45","guid":{"rendered":"https:\/\/www.rivera.gub.uy\/portal\/?post_type=tribe_events&#038;p=12512"},"modified":"2018-12-12T10:13:10","modified_gmt":"2018-12-12T12:13:10","slug":"rivera-brilla-en-dos-ruedas","status":"publish","type":"tribe_events","link":"https:\/\/www.rivera.gub.uy\/portal\/evento\/rivera-brilla-en-dos-ruedas\/","title":{"rendered":"Rivera Brilla en dos Ruedas"},"content":{"rendered":"<p>A partir del d\u00eda viernes 14 de diciembre al domingo 16 de diciembre, en el marco de Rivera Brilla, se llevar\u00e1 a cabo el Encuentro de Grupo Latinoamericano de motociclistas.<\/p>\n<p>Dicho evento se realizar\u00e1 en Frinn Resto Pub de 08:00 a 22:00 horas.<\/p>\n<p>&nbsp;<\/p>\n<p>Programaci\u00f3n completa (<a href=\"https:\/\/www.rivera.gub.uy\/portal\/wp-content\/uploads\/2018\/11\/folleto.pdf\" target=\"_blank\" rel=\"noopener\">descargar<\/a>)<\/p>\n","protected":false},"excerpt":{"rendered":"<p>A partir del d\u00eda viernes 14 de diciembre al domingo 16 de diciembre, en el marco de Rivera Brilla, se llevar\u00e1 a cabo el Encuentro de Grupo Latinoamericano de motociclistas. Dicho evento se realizar\u00e1 en Frinn Resto Pub de 08:00 a 22:00 horas. &nbsp; Programaci\u00f3n completa (descargar)<\/p>\n","protected":false},"author":1,"featured_media":12723,"template":"","meta":{"_tribe_events_status":"","_tribe_events_status_reason":"","footnotes":""},"tags":[739,114,36,909,289],"tribe_events_cat":[253,249,302,456],"class_list":["post-12512","tribe_events","type-tribe_events","status-publish","has-post-thumbnail","hentry","tag-evento","tag-idr","tag-intendencia","tag-motociclistas","tag-rivera-brilla","tribe_events_cat-cultura","tribe_events_cat-deportes","tribe_events_cat-idr","tribe_events_cat-turismo","cat_cultura","cat_deportes","cat_idr","cat_turismo"],"_links":{"self":[{"href":"https:\/\/www.rivera.gub.uy\/portal\/wp-json\/wp\/v2\/tribe_events\/12512","targetHints":{"allow":["GET"]}}],"collection":[{"href":"https:\/\/www.rivera.gub.uy\/portal\/wp-json\/wp\/v2\/tribe_events"}],"about":[{"href":"https:\/\/www.rivera.gub.uy\/portal\/wp-json\/wp\/v2\/types\/tribe_events"}],"author":[{"embeddable":true,"href":"https:\/\/www.rivera.gub.uy\/portal\/wp-json\/wp\/v2\/users\/1"}],"version-history":[{"count":2,"href":"https:\/\/www.rivera.gub.uy\/portal\/wp-json\/wp\/v2\/tribe_events\/12512\/revisions"}],"predecessor-version":[{"id":12515,"href":"https:\/\/www.rivera.gub.uy\/portal\/wp-json\/wp\/v2\/tribe_events\/12512\/revisions\/12515"}],"wp:featuredmedia":[{"embeddable":true,"href":"https:\/\/www.rivera.gub.uy\/portal\/wp-json\/wp\/v2\/media\/12723"}],"wp:attachment":[{"href":"https:\/\/www.rivera.gub.uy\/portal\/wp-json\/wp\/v2\/media?parent=12512"}],"wp:term":[{"taxonomy":"post_tag","embeddable":true,"href":"https:\/\/www.rivera.gub.uy\/portal\/wp-json\/wp\/v2\/tags?post=12512"},{"taxonomy":"tribe_events_cat","embeddable":true,"href":"https:\/\/www.rivera.gub.uy\/portal\/wp-json\/wp\/v2\/tribe_events_cat?post=12512"}],"curies":[{"name":"wp","href":"https:\/\/api.w.org\/{rel}","templated":true}]}}

<p>A partir del día viernes 14 de diciembre al domingo 16 de diciembre, en el marco de Rivera Brilla, se llevará a cabo el Encuentro de Grupo Latinoamericano de motociclistas.</p>
<p>Dicho evento se realizará en Frinn Resto Pub de 08:00 a 22:00 horas.</p>
<p>&nbsp;</p>
<p>Programación completa (<a href="https://www.rivera.gub.uy/portal/wp-content/uploads/2018/11/folleto.pdf" target="_blank" rel="noopener">descargar</a>)</p>

<p>A partir del día viernes 14 de diciembre al domingo 16 de diciembre, en el marco de Rivera Brilla, se llevará a cabo el Encuentro de Grupo Latinoamericano de motociclistas. Dicho evento se realizará en Frinn Resto Pub de 08:00 a 22:00 horas. &nbsp; Programación completa (descargar)</p>
