{"id":12579,"date":"2018-12-03T13:04:21","date_gmt":"2018-12-03T15:04:21","guid":{"rendered":"https:\/\/www.rivera.gub.uy\/portal\/?post_type=tribe_events&#038;p=12579"},"modified":"2018-12-03T13:04:21","modified_gmt":"2018-12-03T15:04:21","slug":"cantata-coro-municipal","status":"publish","type":"tribe_events","link":"https:\/\/www.rivera.gub.uy\/portal\/evento\/cantata-coro-municipal\/","title":{"rendered":"Cantata Coro Municipal"},"content":{"rendered":"<p>El d\u00eda s\u00e1bado 22 de diciembre, a partir de la hora 21:00, se presentar\u00e1 Cantata Coro Municipal e invitados especiales.<\/p>\n<p>Dicha presentaci\u00f3n se realizar\u00e1 en el Atrio de la Intendencia\u00a0 Departamental.<\/p>\n<p>&nbsp;<\/p>\n<p>Programaci\u00f3n completa (<a href=\"https:\/\/www.rivera.gub.uy\/portal\/wp-content\/uploads\/2018\/11\/folleto.pdf\" target=\"_blank\" rel=\"noopener\">descargar<\/a>)<\/p>\n","protected":false},"excerpt":{"rendered":"<p>El d\u00eda s\u00e1bado 22 de diciembre, a partir de la hora 21:00, se presentar\u00e1 Cantata Coro Municipal e invitados especiales. Dicha presentaci\u00f3n se realizar\u00e1 en el Atrio de la Intendencia\u00a0 Departamental. &nbsp; Programaci\u00f3n completa (descargar)<\/p>\n","protected":false},"author":1,"featured_media":12580,"template":"","meta":{"_tribe_events_status":"","_tribe_events_status_reason":"","footnotes":""},"tags":[914,913,114,36],"tribe_events_cat":[253,302],"class_list":["post-12579","tribe_events","type-tribe_events","status-publish","has-post-thumbnail","hentry","tag-cantata","tag-coro-municipal","tag-idr","tag-intendencia","tribe_events_cat-cultura","tribe_events_cat-idr","cat_cultura","cat_idr"],"_links":{"self":[{"href":"https:\/\/www.rivera.gub.uy\/portal\/wp-json\/wp\/v2\/tribe_events\/12579","targetHints":{"allow":["GET"]}}],"collection":[{"href":"https:\/\/www.rivera.gub.uy\/portal\/wp-json\/wp\/v2\/tribe_events"}],"about":[{"href":"https:\/\/www.rivera.gub.uy\/portal\/wp-json\/wp\/v2\/types\/tribe_events"}],"author":[{"embeddable":true,"href":"https:\/\/www.rivera.gub.uy\/portal\/wp-json\/wp\/v2\/users\/1"}],"version-history":[{"count":2,"href":"https:\/\/www.rivera.gub.uy\/portal\/wp-json\/wp\/v2\/tribe_events\/12579\/revisions"}],"predecessor-version":[{"id":12582,"href":"https:\/\/www.rivera.gub.uy\/portal\/wp-json\/wp\/v2\/tribe_events\/12579\/revisions\/12582"}],"wp:featuredmedia":[{"embeddable":true,"href":"https:\/\/www.rivera.gub.uy\/portal\/wp-json\/wp\/v2\/media\/12580"}],"wp:attachment":[{"href":"https:\/\/www.rivera.gub.uy\/portal\/wp-json\/wp\/v2\/media?parent=12579"}],"wp:term":[{"taxonomy":"post_tag","embeddable":true,"href":"https:\/\/www.rivera.gub.uy\/portal\/wp-json\/wp\/v2\/tags?post=12579"},{"taxonomy":"tribe_events_cat","embeddable":true,"href":"https:\/\/www.rivera.gub.uy\/portal\/wp-json\/wp\/v2\/tribe_events_cat?post=12579"}],"curies":[{"name":"wp","href":"https:\/\/api.w.org\/{rel}","templated":true}]}}

<p>El día sábado 22 de diciembre, a partir de la hora 21:00, se presentará Cantata Coro Municipal e invitados especiales.</p>
<p>Dicha presentación se realizará en el Atrio de la Intendencia  Departamental.</p>
<p>&nbsp;</p>
<p>Programación completa (<a href="https://www.rivera.gub.uy/portal/wp-content/uploads/2018/11/folleto.pdf" target="_blank" rel="noopener">descargar</a>)</p>

<p>El día sábado 22 de diciembre, a partir de la hora 21:00, se presentará Cantata Coro Municipal e invitados especiales. Dicha presentación se realizará en el Atrio de la Intendencia  Departamental. &nbsp; Programación completa (descargar)</p>
