{"id":13365,"date":"2019-02-06T15:41:05","date_gmt":"2019-02-06T17:41:05","guid":{"rendered":"https:\/\/www.rivera.gub.uy\/portal\/?post_type=tribe_events&#038;p=13365"},"modified":"2019-02-06T15:43:06","modified_gmt":"2019-02-06T17:43:06","slug":"foro-sandia-madera-y-miel","status":"publish","type":"tribe_events","link":"https:\/\/www.rivera.gub.uy\/portal\/evento\/foro-sandia-madera-y-miel\/","title":{"rendered":"Foro: Sand\u00eda, Madera y Miel"},"content":{"rendered":"<p>El d\u00eda 9 de febrero, a partir de las 08:30, se realizar\u00e1 el foro &#8220;Sand\u00eda, Madera y Miel&#8221; , impulsado por Rotary, Redema, proyecto Sand\u00edas de Rivera e Intendencia Departamental de Rivera.<\/p>\n<p>Las actividades tendr\u00e1n lugar en el Centro Artigas Uruguay de Tranqueras. Dicho evento se enmarca en la 28\u00b0 fiesta de la Sand\u00eda y la Forestaci\u00f3n.<\/p>\n<p>&nbsp;<\/p>\n","protected":false},"excerpt":{"rendered":"<p>El d\u00eda 9 de febrero, a partir de las 08:30, se realizar\u00e1 el foro &#8220;Sand\u00eda, Madera y Miel&#8221; , impulsado por Rotary, Redema, proyecto Sand\u00edas de Rivera e Intendencia Departamental de Rivera. Las actividades tendr\u00e1n lugar en el Centro Artigas Uruguay de Tranqueras. Dicho evento se enmarca en la 28\u00b0 fiesta de la Sand\u00eda y [&hellip;]<\/p>\n","protected":false},"author":1,"featured_media":13374,"template":"","meta":{"_tribe_events_status":"","_tribe_events_status_reason":"","footnotes":""},"tags":[74,36,272,363],"tribe_events_cat":[302],"class_list":["post-13365","tribe_events","type-tribe_events","status-publish","has-post-thumbnail","hentry","tag-forestacion","tag-intendencia","tag-sandia","tag-turismo","tribe_events_cat-idr","cat_idr"],"_links":{"self":[{"href":"https:\/\/www.rivera.gub.uy\/portal\/wp-json\/wp\/v2\/tribe_events\/13365","targetHints":{"allow":["GET"]}}],"collection":[{"href":"https:\/\/www.rivera.gub.uy\/portal\/wp-json\/wp\/v2\/tribe_events"}],"about":[{"href":"https:\/\/www.rivera.gub.uy\/portal\/wp-json\/wp\/v2\/types\/tribe_events"}],"author":[{"embeddable":true,"href":"https:\/\/www.rivera.gub.uy\/portal\/wp-json\/wp\/v2\/users\/1"}],"version-history":[{"count":1,"href":"https:\/\/www.rivera.gub.uy\/portal\/wp-json\/wp\/v2\/tribe_events\/13365\/revisions"}],"predecessor-version":[{"id":13373,"href":"https:\/\/www.rivera.gub.uy\/portal\/wp-json\/wp\/v2\/tribe_events\/13365\/revisions\/13373"}],"wp:featuredmedia":[{"embeddable":true,"href":"https:\/\/www.rivera.gub.uy\/portal\/wp-json\/wp\/v2\/media\/13374"}],"wp:attachment":[{"href":"https:\/\/www.rivera.gub.uy\/portal\/wp-json\/wp\/v2\/media?parent=13365"}],"wp:term":[{"taxonomy":"post_tag","embeddable":true,"href":"https:\/\/www.rivera.gub.uy\/portal\/wp-json\/wp\/v2\/tags?post=13365"},{"taxonomy":"tribe_events_cat","embeddable":true,"href":"https:\/\/www.rivera.gub.uy\/portal\/wp-json\/wp\/v2\/tribe_events_cat?post=13365"}],"curies":[{"name":"wp","href":"https:\/\/api.w.org\/{rel}","templated":true}]}}

Foro: Sandía, Madera y Miel

<p>El día 9 de febrero, a partir de las 08:30, se realizará el foro &#8220;Sandía, Madera y Miel&#8221; , impulsado por Rotary, Redema, proyecto Sandías de Rivera e Intendencia Departamental de Rivera.</p>
<p>Las actividades tendrán lugar en el Centro Artigas Uruguay de Tranqueras. Dicho evento se enmarca en la 28° fiesta de la Sandía y la Forestación.</p>
<p>&nbsp;</p>

<p>El día 9 de febrero, a partir de las 08:30, se realizará el foro &#8220;Sandía, Madera y Miel&#8221; , impulsado por Rotary, Redema, proyecto Sandías de Rivera e Intendencia Departamental de Rivera. Las actividades tendrán lugar en el Centro Artigas Uruguay de Tranqueras. Dicho evento se enmarca en la 28° fiesta de la Sandía y [&hellip;]</p>
