{"id":13514,"date":"2019-02-18T10:03:10","date_gmt":"2019-02-18T12:03:10","guid":{"rendered":"https:\/\/www.rivera.gub.uy\/portal\/?post_type=tribe_events&#038;p=13514"},"modified":"2019-02-18T10:03:10","modified_gmt":"2019-02-18T12:03:10","slug":"orquesta-juvenil-del-sodre","status":"publish","type":"tribe_events","link":"https:\/\/www.rivera.gub.uy\/portal\/evento\/orquesta-juvenil-del-sodre\/","title":{"rendered":"Orquesta Juvenil del Sodre"},"content":{"rendered":"<p>Este viernes 22 de febrero, a las 20:30 horas, se presentar\u00e1 la Orquesta Sinf\u00f3nica del Sodre.<\/p>\n<p>El evento tendr\u00e1 lugar en el Teatro Municipal de Rivera.<\/p>\n<p>Las entradas est\u00e1n a la venta en <a href=\"https:\/\/rivera.gub.uy\/social\/cultura\/\" target=\"_blank\" rel=\"noopener\">Casa de la Cultura (Bvar. Pte. Viera, N\u00ba 1084)<\/a>, con un costo de $350.<\/p>\n<p>&nbsp;<\/p>\n<p>&nbsp;<\/p>\n","protected":false},"excerpt":{"rendered":"<p>Este viernes 22 de febrero, a las 20:30 horas, se presentar\u00e1 la Orquesta Sinf\u00f3nica del Sodre. El evento tendr\u00e1 lugar en el Teatro Municipal de Rivera. Las entradas est\u00e1n a la venta en Casa de la Cultura (Bvar. Pte. Viera, N\u00ba 1084), con un costo de $350. &nbsp; &nbsp;<\/p>\n","protected":false},"author":7,"featured_media":13515,"template":"","meta":{"_tribe_events_status":"","_tribe_events_status_reason":"","footnotes":""},"tags":[36,666,33,888,247,681],"tribe_events_cat":[253,302],"class_list":["post-13514","tribe_events","type-tribe_events","status-publish","has-post-thumbnail","hentry","tag-intendencia","tag-orquesta","tag-rivera","tag-sodre","tag-teatro","tag-teatro-municipal","tribe_events_cat-cultura","tribe_events_cat-idr","cat_cultura","cat_idr"],"_links":{"self":[{"href":"https:\/\/www.rivera.gub.uy\/portal\/wp-json\/wp\/v2\/tribe_events\/13514","targetHints":{"allow":["GET"]}}],"collection":[{"href":"https:\/\/www.rivera.gub.uy\/portal\/wp-json\/wp\/v2\/tribe_events"}],"about":[{"href":"https:\/\/www.rivera.gub.uy\/portal\/wp-json\/wp\/v2\/types\/tribe_events"}],"author":[{"embeddable":true,"href":"https:\/\/www.rivera.gub.uy\/portal\/wp-json\/wp\/v2\/users\/7"}],"version-history":[{"count":1,"href":"https:\/\/www.rivera.gub.uy\/portal\/wp-json\/wp\/v2\/tribe_events\/13514\/revisions"}],"predecessor-version":[{"id":13516,"href":"https:\/\/www.rivera.gub.uy\/portal\/wp-json\/wp\/v2\/tribe_events\/13514\/revisions\/13516"}],"wp:featuredmedia":[{"embeddable":true,"href":"https:\/\/www.rivera.gub.uy\/portal\/wp-json\/wp\/v2\/media\/13515"}],"wp:attachment":[{"href":"https:\/\/www.rivera.gub.uy\/portal\/wp-json\/wp\/v2\/media?parent=13514"}],"wp:term":[{"taxonomy":"post_tag","embeddable":true,"href":"https:\/\/www.rivera.gub.uy\/portal\/wp-json\/wp\/v2\/tags?post=13514"},{"taxonomy":"tribe_events_cat","embeddable":true,"href":"https:\/\/www.rivera.gub.uy\/portal\/wp-json\/wp\/v2\/tribe_events_cat?post=13514"}],"curies":[{"name":"wp","href":"https:\/\/api.w.org\/{rel}","templated":true}]}}

<p>Este viernes 22 de febrero, a las 20:30 horas, se presentará la Orquesta Sinfónica del Sodre.</p>
<p>El evento tendrá lugar en el Teatro Municipal de Rivera.</p>
<p>Las entradas están a la venta en <a href="https://rivera.gub.uy/social/cultura/" target="_blank" rel="noopener">Casa de la Cultura (Bvar. Pte. Viera, Nº 1084)</a>, con un costo de $350.</p>
<p>&nbsp;</p>
<p>&nbsp;</p>

<p>Este viernes 22 de febrero, a las 20:30 horas, se presentará la Orquesta Sinfónica del Sodre. El evento tendrá lugar en el Teatro Municipal de Rivera. Las entradas están a la venta en Casa de la Cultura (Bvar. Pte. Viera, Nº 1084), con un costo de $350. &nbsp; &nbsp;</p>
