{"id":13669,"date":"2019-02-27T11:21:31","date_gmt":"2019-02-27T13:21:31","guid":{"rendered":"https:\/\/www.rivera.gub.uy\/portal\/?post_type=tribe_events&#038;p=13669"},"modified":"2019-02-27T12:19:28","modified_gmt":"2019-02-27T14:19:28","slug":"tablados-carnaval-2019-miguel-white","status":"publish","type":"tribe_events","link":"https:\/\/www.rivera.gub.uy\/portal\/evento\/tablados-carnaval-2019-miguel-white\/","title":{"rendered":"Tablados: Carnaval 2019 &#8220;Miguel White&#8221;"},"content":{"rendered":"<p>A partir del d\u00eda 3 y hasta el 9 de marzo, se realizar\u00e1n 4 actuaciones diarias en tablados, ubicados en diferentes barrios de la ciudad.<!--more--><\/p>\n<ul>\n<li>Barrio Tres Cruces (Frente a Plaza Tres Cruces)<\/li>\n<li>Rivera Chico (Plaza 18 de Julio)<\/li>\n<li>Rampla (Abayuba 404, Pueblo Nuevo)<\/li>\n<li>Bisio (Domingo Alor)<\/li>\n<li>Misiones (Plaza Comedor 50)<\/li>\n<li>Melanc\u00eda (Estacionamiento Shopping Melanc\u00eda)<\/li>\n<\/ul>\n<p>Las actuaciones estar\u00e1n a cargo de 22 agrupaciones, que realizar\u00e1n diversos cuadros de Murga, Samba, Candombe, humor, m\u00fasica tradicional de Carnaval, entre otros.<\/p>\n<p>&nbsp;<\/p>\n<p><a href=\"https:\/\/www.rivera.gub.uy\/portal\/wp-content\/uploads\/2019\/02\/Afiche-A3-Carnaval-2019.jpg\"><img loading=\"lazy\" decoding=\"async\" class=\"aligncenter size-medium wp-image-13691\" src=\"https:\/\/www.rivera.gub.uy\/portal\/wp-content\/uploads\/2019\/02\/Afiche-A3-Carnaval-2019-266x188.jpg\" alt=\"\" width=\"266\" height=\"188\" srcset=\"https:\/\/www.rivera.gub.uy\/portal\/wp-content\/uploads\/2019\/02\/Afiche-A3-Carnaval-2019-266x188.jpg 266w, https:\/\/www.rivera.gub.uy\/portal\/wp-content\/uploads\/2019\/02\/Afiche-A3-Carnaval-2019-133x94.jpg 133w, https:\/\/www.rivera.gub.uy\/portal\/wp-content\/uploads\/2019\/02\/Afiche-A3-Carnaval-2019-768x543.jpg 768w, https:\/\/www.rivera.gub.uy\/portal\/wp-content\/uploads\/2019\/02\/Afiche-A3-Carnaval-2019-885x626.jpg 885w, https:\/\/www.rivera.gub.uy\/portal\/wp-content\/uploads\/2019\/02\/Afiche-A3-Carnaval-2019-820x580.jpg 820w\" sizes=\"auto, (max-width: 266px) 100vw, 266px\" \/><\/a><\/p>\n<p>&nbsp;<\/p>\n","protected":false},"excerpt":{"rendered":"<p>A partir del d\u00eda 3 y hasta el 9 de marzo, se realizar\u00e1n 4 actuaciones diarias en tablados, ubicados en diferentes barrios de la ciudad.<\/p>\n","protected":false},"author":7,"featured_media":13678,"template":"","meta":{"_tribe_events_status":"","_tribe_events_status_reason":"","footnotes":""},"tags":[928,396,33,104],"tribe_events_cat":[253,302,456],"class_list":["post-13669","tribe_events","type-tribe_events","status-publish","has-post-thumbnail","hentry","tag-928","tag-carnaval","tag-rivera","tag-uruguay","tribe_events_cat-cultura","tribe_events_cat-idr","tribe_events_cat-turismo","cat_cultura","cat_idr","cat_turismo"],"_links":{"self":[{"href":"https:\/\/www.rivera.gub.uy\/portal\/wp-json\/wp\/v2\/tribe_events\/13669","targetHints":{"allow":["GET"]}}],"collection":[{"href":"https:\/\/www.rivera.gub.uy\/portal\/wp-json\/wp\/v2\/tribe_events"}],"about":[{"href":"https:\/\/www.rivera.gub.uy\/portal\/wp-json\/wp\/v2\/types\/tribe_events"}],"author":[{"embeddable":true,"href":"https:\/\/www.rivera.gub.uy\/portal\/wp-json\/wp\/v2\/users\/7"}],"version-history":[{"count":5,"href":"https:\/\/www.rivera.gub.uy\/portal\/wp-json\/wp\/v2\/tribe_events\/13669\/revisions"}],"predecessor-version":[{"id":13693,"href":"https:\/\/www.rivera.gub.uy\/portal\/wp-json\/wp\/v2\/tribe_events\/13669\/revisions\/13693"}],"wp:featuredmedia":[{"embeddable":true,"href":"https:\/\/www.rivera.gub.uy\/portal\/wp-json\/wp\/v2\/media\/13678"}],"wp:attachment":[{"href":"https:\/\/www.rivera.gub.uy\/portal\/wp-json\/wp\/v2\/media?parent=13669"}],"wp:term":[{"taxonomy":"post_tag","embeddable":true,"href":"https:\/\/www.rivera.gub.uy\/portal\/wp-json\/wp\/v2\/tags?post=13669"},{"taxonomy":"tribe_events_cat","embeddable":true,"href":"https:\/\/www.rivera.gub.uy\/portal\/wp-json\/wp\/v2\/tribe_events_cat?post=13669"}],"curies":[{"name":"wp","href":"https:\/\/api.w.org\/{rel}","templated":true}]}}

<p>A partir del día 3 y hasta el 9 de marzo, se realizarán 4 actuaciones diarias en tablados, ubicados en diferentes barrios de la ciudad.<!--more--></p>
<ul>
<li>Barrio Tres Cruces (Frente a Plaza Tres Cruces)</li>
<li>Rivera Chico (Plaza 18 de Julio)</li>
<li>Rampla (Abayuba 404, Pueblo Nuevo)</li>
<li>Bisio (Domingo Alor)</li>
<li>Misiones (Plaza Comedor 50)</li>
<li>Melancía (Estacionamiento Shopping Melancía)</li>
</ul>
<p>Las actuaciones estarán a cargo de 22 agrupaciones, que realizarán diversos cuadros de Murga, Samba, Candombe, humor, música tradicional de Carnaval, entre otros.</p>
<p>&nbsp;</p>
<p><a href="https://www.rivera.gub.uy/portal/wp-content/uploads/2019/02/Afiche-A3-Carnaval-2019.jpg"><img loading="lazy" decoding="async" class="aligncenter size-medium wp-image-13691" src="https://www.rivera.gub.uy/portal/wp-content/uploads/2019/02/Afiche-A3-Carnaval-2019-266x188.jpg" alt="" width="266" height="188" srcset="https://www.rivera.gub.uy/portal/wp-content/uploads/2019/02/Afiche-A3-Carnaval-2019-266x188.jpg 266w, https://www.rivera.gub.uy/portal/wp-content/uploads/2019/02/Afiche-A3-Carnaval-2019-133x94.jpg 133w, https://www.rivera.gub.uy/portal/wp-content/uploads/2019/02/Afiche-A3-Carnaval-2019-768x543.jpg 768w, https://www.rivera.gub.uy/portal/wp-content/uploads/2019/02/Afiche-A3-Carnaval-2019-885x626.jpg 885w, https://www.rivera.gub.uy/portal/wp-content/uploads/2019/02/Afiche-A3-Carnaval-2019-820x580.jpg 820w" sizes="auto, (max-width: 266px) 100vw, 266px" /></a></p>
<p>&nbsp;</p>

<p>A partir del día 3 y hasta el 9 de marzo, se realizarán 4 actuaciones diarias en tablados, ubicados en diferentes barrios de la ciudad.</p>
