{"id":13672,"date":"2019-02-27T11:10:39","date_gmt":"2019-02-27T13:10:39","guid":{"rendered":"https:\/\/www.rivera.gub.uy\/portal\/?post_type=tribe_events&#038;p=13672"},"modified":"2019-02-27T11:10:39","modified_gmt":"2019-02-27T13:10:39","slug":"inauguracion-del-camino-ney-alvez-apolo","status":"publish","type":"tribe_events","link":"https:\/\/www.rivera.gub.uy\/portal\/evento\/inauguracion-del-camino-ney-alvez-apolo\/","title":{"rendered":"Inauguraci\u00f3n del Camino Ney \u00c1lvez Apolo"},"content":{"rendered":"<p>El jueves 28 de febrero, se realizar\u00e1 la inauguraci\u00f3n del Camino Ney \u00c1lvez Apolo (Camino Carancho).<\/p>\n<p>El evento tendr\u00e1 lugar en Cno.\u00a0Ney \u00c1lvez Apolo, a 100 mts de Ruta Nacional N\u00ba 27, a las 10 horas.<\/p>\n","protected":false},"excerpt":{"rendered":"<p>El jueves 28 de febrero, se realizar\u00e1 la inauguraci\u00f3n del Camino Ney \u00c1lvez Apolo (Camino Carancho). El evento tendr\u00e1 lugar en Cno.\u00a0Ney \u00c1lvez Apolo, a 100 mts de Ruta Nacional N\u00ba 27, a las 10 horas.<\/p>\n","protected":false},"author":7,"featured_media":13673,"template":"","meta":{"_tribe_events_status":"","_tribe_events_status_reason":"","footnotes":""},"tags":[],"tribe_events_cat":[302],"class_list":["post-13672","tribe_events","type-tribe_events","status-publish","has-post-thumbnail","hentry","tribe_events_cat-idr","cat_idr"],"_links":{"self":[{"href":"https:\/\/www.rivera.gub.uy\/portal\/wp-json\/wp\/v2\/tribe_events\/13672","targetHints":{"allow":["GET"]}}],"collection":[{"href":"https:\/\/www.rivera.gub.uy\/portal\/wp-json\/wp\/v2\/tribe_events"}],"about":[{"href":"https:\/\/www.rivera.gub.uy\/portal\/wp-json\/wp\/v2\/types\/tribe_events"}],"author":[{"embeddable":true,"href":"https:\/\/www.rivera.gub.uy\/portal\/wp-json\/wp\/v2\/users\/7"}],"version-history":[{"count":1,"href":"https:\/\/www.rivera.gub.uy\/portal\/wp-json\/wp\/v2\/tribe_events\/13672\/revisions"}],"predecessor-version":[{"id":13674,"href":"https:\/\/www.rivera.gub.uy\/portal\/wp-json\/wp\/v2\/tribe_events\/13672\/revisions\/13674"}],"wp:featuredmedia":[{"embeddable":true,"href":"https:\/\/www.rivera.gub.uy\/portal\/wp-json\/wp\/v2\/media\/13673"}],"wp:attachment":[{"href":"https:\/\/www.rivera.gub.uy\/portal\/wp-json\/wp\/v2\/media?parent=13672"}],"wp:term":[{"taxonomy":"post_tag","embeddable":true,"href":"https:\/\/www.rivera.gub.uy\/portal\/wp-json\/wp\/v2\/tags?post=13672"},{"taxonomy":"tribe_events_cat","embeddable":true,"href":"https:\/\/www.rivera.gub.uy\/portal\/wp-json\/wp\/v2\/tribe_events_cat?post=13672"}],"curies":[{"name":"wp","href":"https:\/\/api.w.org\/{rel}","templated":true}]}}

Inauguración del Camino Ney Álvez Apolo

<p>El jueves 28 de febrero, se realizará la inauguración del Camino Ney Álvez Apolo (Camino Carancho).</p>
<p>El evento tendrá lugar en Cno. Ney Álvez Apolo, a 100 mts de Ruta Nacional Nº 27, a las 10 horas.</p>

<p>El jueves 28 de febrero, se realizará la inauguración del Camino Ney Álvez Apolo (Camino Carancho). El evento tendrá lugar en Cno. Ney Álvez Apolo, a 100 mts de Ruta Nacional Nº 27, a las 10 horas.</p>
