{"id":13681,"date":"2019-02-27T11:32:19","date_gmt":"2019-02-27T13:32:19","guid":{"rendered":"https:\/\/www.rivera.gub.uy\/portal\/?post_type=tribe_events&#038;p=13681"},"modified":"2019-02-27T12:18:35","modified_gmt":"2019-02-27T14:18:35","slug":"desfile-de-carnaval-2019-miguel-white","status":"publish","type":"tribe_events","link":"https:\/\/www.rivera.gub.uy\/portal\/evento\/desfile-de-carnaval-2019-miguel-white\/","title":{"rendered":"Desfile de Carnaval 2019 &#8220;Miguel White&#8221;"},"content":{"rendered":"<p>Los d\u00edas 8 y 9 de marzo, se realizar\u00e1 el desfile de Carnaval por Av. Sarand\u00ed.<\/p>\n<p>Desde 33 Orientales y hasta Plaza Artigas, a partir de las 20:30 horas, desfilar\u00e1n tres agrupaciones de Negros y Lubolos y cuatro Escolas de Samba.\u00a0<!--more--><\/p>\n<p>El desfile contar\u00e1 adem\u00e1s, con la presentaci\u00f3n de agrupaciones juveniles, de diferentes localidades del departamento, representadas con sus respectivas carrozas e interpretaciones art\u00edsticas.<\/p>\n<p>&nbsp;<\/p>\n<p><a href=\"https:\/\/www.rivera.gub.uy\/portal\/wp-content\/uploads\/2019\/02\/Afiche-A3-Carnaval-2019.jpg\"><img loading=\"lazy\" decoding=\"async\" class=\"aligncenter size-medium wp-image-13691\" src=\"https:\/\/www.rivera.gub.uy\/portal\/wp-content\/uploads\/2019\/02\/Afiche-A3-Carnaval-2019-266x188.jpg\" alt=\"\" width=\"266\" height=\"188\" srcset=\"https:\/\/www.rivera.gub.uy\/portal\/wp-content\/uploads\/2019\/02\/Afiche-A3-Carnaval-2019-266x188.jpg 266w, https:\/\/www.rivera.gub.uy\/portal\/wp-content\/uploads\/2019\/02\/Afiche-A3-Carnaval-2019-133x94.jpg 133w, https:\/\/www.rivera.gub.uy\/portal\/wp-content\/uploads\/2019\/02\/Afiche-A3-Carnaval-2019-768x543.jpg 768w, https:\/\/www.rivera.gub.uy\/portal\/wp-content\/uploads\/2019\/02\/Afiche-A3-Carnaval-2019-885x626.jpg 885w, https:\/\/www.rivera.gub.uy\/portal\/wp-content\/uploads\/2019\/02\/Afiche-A3-Carnaval-2019-820x580.jpg 820w\" sizes=\"auto, (max-width: 266px) 100vw, 266px\" \/><\/a><\/p>\n","protected":false},"excerpt":{"rendered":"<p>Los d\u00edas 8 y 9 de marzo, se realizar\u00e1 el desfile de Carnaval por Av. Sarand\u00ed. Desde 33 Orientales y hasta Plaza Artigas, a partir de las 20:30 horas, desfilar\u00e1n tres agrupaciones de Negros y Lubolos y cuatro Escolas de Samba.\u00a0<\/p>\n","protected":false},"author":7,"featured_media":13678,"template":"","meta":{"_tribe_events_status":"","_tribe_events_status_reason":"","footnotes":""},"tags":[928,396,258,36,33],"tribe_events_cat":[253,302,456],"class_list":["post-13681","tribe_events","type-tribe_events","status-publish","has-post-thumbnail","hentry","tag-928","tag-carnaval","tag-desfile","tag-intendencia","tag-rivera","tribe_events_cat-cultura","tribe_events_cat-idr","tribe_events_cat-turismo","cat_cultura","cat_idr","cat_turismo"],"_links":{"self":[{"href":"https:\/\/www.rivera.gub.uy\/portal\/wp-json\/wp\/v2\/tribe_events\/13681","targetHints":{"allow":["GET"]}}],"collection":[{"href":"https:\/\/www.rivera.gub.uy\/portal\/wp-json\/wp\/v2\/tribe_events"}],"about":[{"href":"https:\/\/www.rivera.gub.uy\/portal\/wp-json\/wp\/v2\/types\/tribe_events"}],"author":[{"embeddable":true,"href":"https:\/\/www.rivera.gub.uy\/portal\/wp-json\/wp\/v2\/users\/7"}],"version-history":[{"count":3,"href":"https:\/\/www.rivera.gub.uy\/portal\/wp-json\/wp\/v2\/tribe_events\/13681\/revisions"}],"predecessor-version":[{"id":13692,"href":"https:\/\/www.rivera.gub.uy\/portal\/wp-json\/wp\/v2\/tribe_events\/13681\/revisions\/13692"}],"wp:featuredmedia":[{"embeddable":true,"href":"https:\/\/www.rivera.gub.uy\/portal\/wp-json\/wp\/v2\/media\/13678"}],"wp:attachment":[{"href":"https:\/\/www.rivera.gub.uy\/portal\/wp-json\/wp\/v2\/media?parent=13681"}],"wp:term":[{"taxonomy":"post_tag","embeddable":true,"href":"https:\/\/www.rivera.gub.uy\/portal\/wp-json\/wp\/v2\/tags?post=13681"},{"taxonomy":"tribe_events_cat","embeddable":true,"href":"https:\/\/www.rivera.gub.uy\/portal\/wp-json\/wp\/v2\/tribe_events_cat?post=13681"}],"curies":[{"name":"wp","href":"https:\/\/api.w.org\/{rel}","templated":true}]}}

<p>Los días 8 y 9 de marzo, se realizará el desfile de Carnaval por Av. Sarandí.</p>
<p>Desde 33 Orientales y hasta Plaza Artigas, a partir de las 20:30 horas, desfilarán tres agrupaciones de Negros y Lubolos y cuatro Escolas de Samba. <!--more--></p>
<p>El desfile contará además, con la presentación de agrupaciones juveniles, de diferentes localidades del departamento, representadas con sus respectivas carrozas e interpretaciones artísticas.</p>
<p>&nbsp;</p>
<p><a href="https://www.rivera.gub.uy/portal/wp-content/uploads/2019/02/Afiche-A3-Carnaval-2019.jpg"><img loading="lazy" decoding="async" class="aligncenter size-medium wp-image-13691" src="https://www.rivera.gub.uy/portal/wp-content/uploads/2019/02/Afiche-A3-Carnaval-2019-266x188.jpg" alt="" width="266" height="188" srcset="https://www.rivera.gub.uy/portal/wp-content/uploads/2019/02/Afiche-A3-Carnaval-2019-266x188.jpg 266w, https://www.rivera.gub.uy/portal/wp-content/uploads/2019/02/Afiche-A3-Carnaval-2019-133x94.jpg 133w, https://www.rivera.gub.uy/portal/wp-content/uploads/2019/02/Afiche-A3-Carnaval-2019-768x543.jpg 768w, https://www.rivera.gub.uy/portal/wp-content/uploads/2019/02/Afiche-A3-Carnaval-2019-885x626.jpg 885w, https://www.rivera.gub.uy/portal/wp-content/uploads/2019/02/Afiche-A3-Carnaval-2019-820x580.jpg 820w" sizes="auto, (max-width: 266px) 100vw, 266px" /></a></p>

<p>Los días 8 y 9 de marzo, se realizará el desfile de Carnaval por Av. Sarandí. Desde 33 Orientales y hasta Plaza Artigas, a partir de las 20:30 horas, desfilarán tres agrupaciones de Negros y Lubolos y cuatro Escolas de Samba. </p>
