{"id":17870,"date":"2019-08-21T08:59:56","date_gmt":"2019-08-21T11:59:56","guid":{"rendered":"https:\/\/www.rivera.gub.uy\/portal\/?post_type=tribe_events&#038;p=17870"},"modified":"2019-08-21T08:59:56","modified_gmt":"2019-08-21T11:59:56","slug":"inauguracion-del-proyecto-afro-fronterizo","status":"publish","type":"tribe_events","link":"https:\/\/www.rivera.gub.uy\/portal\/evento\/inauguracion-del-proyecto-afro-fronterizo\/","title":{"rendered":"Inauguraci\u00f3n del Proyecto Afro Fronterizo"},"content":{"rendered":"<p>El d\u00eda mi\u00e9rcoles 21 de agosto, a las 10:30 hrs, se inaugurar\u00e1 e Proyecto Afro Fronterizo (identidad palanca de desarrollo econ\u00f3mico territorial), con la presencia del Intendente Departamental de Rivera Cr. Richard Sander Dar\u00edn.<\/p>\n<p>Dicho evento se llevar\u00e1 a cabo en el Cerro Atl\u00e9tico Club, calle Nieto Clavera entre Paysand\u00fa y Ceballos.<\/p>\n","protected":false},"excerpt":{"rendered":"<p>El d\u00eda mi\u00e9rcoles 21 de agosto, a las 10:30 hrs, se inaugurar\u00e1 e Proyecto Afro Fronterizo (identidad palanca de desarrollo econ\u00f3mico territorial), con la presencia del Intendente Departamental de Rivera Cr. Richard Sander Dar\u00edn. Dicho evento se llevar\u00e1 a cabo en el Cerro Atl\u00e9tico Club, calle Nieto Clavera entre Paysand\u00fa y Ceballos.<\/p>\n","protected":false},"author":1,"featured_media":17871,"template":"","meta":{"_tribe_events_status":"","_tribe_events_status_reason":"","footnotes":""},"tags":[1005,117,263],"tribe_events_cat":[302],"class_list":["post-17870","tribe_events","type-tribe_events","status-publish","has-post-thumbnail","hentry","tag-afro","tag-intendencia-de-rivera","tag-proyecto","tribe_events_cat-idr","cat_idr"],"_links":{"self":[{"href":"https:\/\/www.rivera.gub.uy\/portal\/wp-json\/wp\/v2\/tribe_events\/17870","targetHints":{"allow":["GET"]}}],"collection":[{"href":"https:\/\/www.rivera.gub.uy\/portal\/wp-json\/wp\/v2\/tribe_events"}],"about":[{"href":"https:\/\/www.rivera.gub.uy\/portal\/wp-json\/wp\/v2\/types\/tribe_events"}],"author":[{"embeddable":true,"href":"https:\/\/www.rivera.gub.uy\/portal\/wp-json\/wp\/v2\/users\/1"}],"version-history":[{"count":1,"href":"https:\/\/www.rivera.gub.uy\/portal\/wp-json\/wp\/v2\/tribe_events\/17870\/revisions"}],"predecessor-version":[{"id":17872,"href":"https:\/\/www.rivera.gub.uy\/portal\/wp-json\/wp\/v2\/tribe_events\/17870\/revisions\/17872"}],"wp:featuredmedia":[{"embeddable":true,"href":"https:\/\/www.rivera.gub.uy\/portal\/wp-json\/wp\/v2\/media\/17871"}],"wp:attachment":[{"href":"https:\/\/www.rivera.gub.uy\/portal\/wp-json\/wp\/v2\/media?parent=17870"}],"wp:term":[{"taxonomy":"post_tag","embeddable":true,"href":"https:\/\/www.rivera.gub.uy\/portal\/wp-json\/wp\/v2\/tags?post=17870"},{"taxonomy":"tribe_events_cat","embeddable":true,"href":"https:\/\/www.rivera.gub.uy\/portal\/wp-json\/wp\/v2\/tribe_events_cat?post=17870"}],"curies":[{"name":"wp","href":"https:\/\/api.w.org\/{rel}","templated":true}]}}

Inauguración del Proyecto Afro Fronterizo

<p>El día miércoles 21 de agosto, a las 10:30 hrs, se inaugurará e Proyecto Afro Fronterizo (identidad palanca de desarrollo económico territorial), con la presencia del Intendente Departamental de Rivera Cr. Richard Sander Darín.</p>
<p>Dicho evento se llevará a cabo en el Cerro Atlético Club, calle Nieto Clavera entre Paysandú y Ceballos.</p>

<p>El día miércoles 21 de agosto, a las 10:30 hrs, se inaugurará e Proyecto Afro Fronterizo (identidad palanca de desarrollo económico territorial), con la presencia del Intendente Departamental de Rivera Cr. Richard Sander Darín. Dicho evento se llevará a cabo en el Cerro Atlético Club, calle Nieto Clavera entre Paysandú y Ceballos.</p>
