{"id":17874,"date":"2019-08-21T09:09:40","date_gmt":"2019-08-21T12:09:40","guid":{"rendered":"https:\/\/www.rivera.gub.uy\/portal\/?post_type=tribe_events&#038;p=17874"},"modified":"2019-08-21T09:09:40","modified_gmt":"2019-08-21T12:09:40","slug":"campana-de-concientizacion","status":"publish","type":"tribe_events","link":"https:\/\/www.rivera.gub.uy\/portal\/evento\/campana-de-concientizacion\/","title":{"rendered":"Campa\u00f1a de Concientizaci\u00f3n"},"content":{"rendered":"<p>El d\u00eda viernes 23 de agosto, a la hora 10:00, se realizar\u00e1 en la sala de conferencias de la IDR (3\u00b0 piso), el lanzamiento de la Campa\u00f1a de Concientizaci\u00f3n previa a la Noche de la Nostalgia.<\/p>\n<p>El evento contar\u00e1 con la presencia del Intendente Departamental de Rivera Cr. Richard Sander Dar\u00edn y dem\u00e1s autoridades.<\/p>\n<p>&nbsp;<\/p>\n","protected":false},"excerpt":{"rendered":"<p>El d\u00eda viernes 23 de agosto, a la hora 10:00, se realizar\u00e1 en la sala de conferencias de la IDR (3\u00b0 piso), el lanzamiento de la Campa\u00f1a de Concientizaci\u00f3n previa a la Noche de la Nostalgia. El evento contar\u00e1 con la presencia del Intendente Departamental de Rivera Cr. Richard Sander Dar\u00edn y dem\u00e1s autoridades. &nbsp;<\/p>\n","protected":false},"author":1,"featured_media":17878,"template":"","meta":{"_tribe_events_status":"","_tribe_events_status_reason":"","footnotes":""},"tags":[1006,705,36,45,143],"tribe_events_cat":[302],"class_list":["post-17874","tribe_events","type-tribe_events","status-publish","has-post-thumbnail","hentry","tag-campana","tag-concientizacion","tag-intendencia","tag-intendente","tag-lanzamiento","tribe_events_cat-idr","cat_idr"],"_links":{"self":[{"href":"https:\/\/www.rivera.gub.uy\/portal\/wp-json\/wp\/v2\/tribe_events\/17874","targetHints":{"allow":["GET"]}}],"collection":[{"href":"https:\/\/www.rivera.gub.uy\/portal\/wp-json\/wp\/v2\/tribe_events"}],"about":[{"href":"https:\/\/www.rivera.gub.uy\/portal\/wp-json\/wp\/v2\/types\/tribe_events"}],"author":[{"embeddable":true,"href":"https:\/\/www.rivera.gub.uy\/portal\/wp-json\/wp\/v2\/users\/1"}],"version-history":[{"count":1,"href":"https:\/\/www.rivera.gub.uy\/portal\/wp-json\/wp\/v2\/tribe_events\/17874\/revisions"}],"predecessor-version":[{"id":17879,"href":"https:\/\/www.rivera.gub.uy\/portal\/wp-json\/wp\/v2\/tribe_events\/17874\/revisions\/17879"}],"wp:featuredmedia":[{"embeddable":true,"href":"https:\/\/www.rivera.gub.uy\/portal\/wp-json\/wp\/v2\/media\/17878"}],"wp:attachment":[{"href":"https:\/\/www.rivera.gub.uy\/portal\/wp-json\/wp\/v2\/media?parent=17874"}],"wp:term":[{"taxonomy":"post_tag","embeddable":true,"href":"https:\/\/www.rivera.gub.uy\/portal\/wp-json\/wp\/v2\/tags?post=17874"},{"taxonomy":"tribe_events_cat","embeddable":true,"href":"https:\/\/www.rivera.gub.uy\/portal\/wp-json\/wp\/v2\/tribe_events_cat?post=17874"}],"curies":[{"name":"wp","href":"https:\/\/api.w.org\/{rel}","templated":true}]}}

Campaña de Concientización

<p>El día viernes 23 de agosto, a la hora 10:00, se realizará en la sala de conferencias de la IDR (3° piso), el lanzamiento de la Campaña de Concientización previa a la Noche de la Nostalgia.</p>
<p>El evento contará con la presencia del Intendente Departamental de Rivera Cr. Richard Sander Darín y demás autoridades.</p>
<p>&nbsp;</p>

<p>El día viernes 23 de agosto, a la hora 10:00, se realizará en la sala de conferencias de la IDR (3° piso), el lanzamiento de la Campaña de Concientización previa a la Noche de la Nostalgia. El evento contará con la presencia del Intendente Departamental de Rivera Cr. Richard Sander Darín y demás autoridades. &nbsp;</p>
