{"id":18556,"date":"2019-09-06T14:55:50","date_gmt":"2019-09-06T17:55:50","guid":{"rendered":"https:\/\/www.rivera.gub.uy\/portal\/?post_type=tribe_events&#038;p=18556"},"modified":"2019-09-06T14:56:25","modified_gmt":"2019-09-06T17:56:25","slug":"iv-festival-internacional-del-cordero","status":"publish","type":"tribe_events","link":"https:\/\/www.rivera.gub.uy\/portal\/evento\/iv-festival-internacional-del-cordero\/","title":{"rendered":"IV Festival Internacional del Cordero"},"content":{"rendered":"<p>El IV Festival Internacional del Cordero, tendr\u00e1 lugar en el Shopping Si\u00f1eriz de Rivera.<\/p>\n<p>El evento, previsto para los d\u00edas 5, 6 y 7 de setiembre de 2019, contar\u00e1 con el II Foro Internacional Ovino y el IV Concurso Internacional de Asadores de Cordero.<!--more--><\/p>\n<p>&nbsp;<\/p>\n\r\n\t<div class=\"msacwl-slider-wrap msacwl-row-clearfix \" data-conf=\"{&quot;autoplay&quot;:&quot;true&quot;,&quot;autoplay_speed&quot;:3000,&quot;speed&quot;:300,&quot;arrows&quot;:&quot;true&quot;,&quot;dots&quot;:&quot;true&quot;,&quot;lazyload&quot;:&quot;&quot;}\">\r\n\t\t<div id=\"msacwl-slider-1\" class=\"msacwl-slider msacwl-common-slider msacwl-slider-popup\">\r\n\t\t\t\t\t\t<div class=\"msacwl-slide\" data-item-index=\"1\" >\r\n\t\t\t\t<a class=\"msacwl-img-link\" href=\"javascript:void(0);\" data-mfp-src=\"https:\/\/www.rivera.gub.uy\/portal\/wp-content\/uploads\/2019\/09\/Banner-Cronograma.jpg\">\r\n\t\t\t\t\t<img decoding=\"async\" class=\"msacwl-img\" src=\"https:\/\/www.rivera.gub.uy\/portal\/wp-content\/uploads\/2019\/09\/Banner-Cronograma.jpg\"  data-title=\"\" alt=\"\" \/>\r\n\t\t\t\t<\/a>\r\n\t\t\t\t\t\t\t\t\t<div class=\"msacwl-gallery-caption\">\r\n\t\t\t\t\t\t\t\t\t\t\t\t\t<span class=\"image_title\"><\/span>\r\n\t\t\t\t\t\t\t\t\t\t\t\t\t<span><\/span>\r\n\t\t\t\t\t\t \t\t\t\t\t<\/div>\r\n\t\t\t\t\t\t\t<\/div>\r\n\t\t\t\t\t\t<div class=\"msacwl-slide\" data-item-index=\"2\" >\r\n\t\t\t\t<a class=\"msacwl-img-link\" href=\"javascript:void(0);\" data-mfp-src=\"https:\/\/www.rivera.gub.uy\/portal\/wp-content\/uploads\/2019\/09\/WhatsApp-Image-2019-02-07-at-21.37.36-1.jpeg\">\r\n\t\t\t\t\t<img decoding=\"async\" class=\"msacwl-img\" src=\"https:\/\/www.rivera.gub.uy\/portal\/wp-content\/uploads\/2019\/09\/WhatsApp-Image-2019-02-07-at-21.37.36-1.jpeg\"  data-title=\"\" alt=\"\" \/>\r\n\t\t\t\t<\/a>\r\n\t\t\t\t\t\t\t\t\t<div class=\"msacwl-gallery-caption\">\r\n\t\t\t\t\t\t\t\t\t\t\t\t\t<span class=\"image_title\"><\/span>\r\n\t\t\t\t\t\t\t\t\t\t\t\t\t<span><\/span>\r\n\t\t\t\t\t\t \t\t\t\t\t<\/div>\r\n\t\t\t\t\t\t\t<\/div>\r\n\t\t\t\t\t\t<div class=\"msacwl-slide\" data-item-index=\"3\" >\r\n\t\t\t\t<a class=\"msacwl-img-link\" href=\"javascript:void(0);\" data-mfp-src=\"https:\/\/www.rivera.gub.uy\/portal\/wp-content\/uploads\/2019\/09\/WhatsApp-Image-2019-02-07-at-21.37.36-2.jpeg\">\r\n\t\t\t\t\t<img decoding=\"async\" class=\"msacwl-img\" src=\"https:\/\/www.rivera.gub.uy\/portal\/wp-content\/uploads\/2019\/09\/WhatsApp-Image-2019-02-07-at-21.37.36-2.jpeg\"  data-title=\"\" alt=\"\" \/>\r\n\t\t\t\t<\/a>\r\n\t\t\t\t\t\t\t\t\t<div class=\"msacwl-gallery-caption\">\r\n\t\t\t\t\t\t\t\t\t\t\t\t\t<span class=\"image_title\"><\/span>\r\n\t\t\t\t\t\t\t\t\t\t\t\t\t<span><\/span>\r\n\t\t\t\t\t\t \t\t\t\t\t<\/div>\r\n\t\t\t\t\t\t\t<\/div>\r\n\t\t\t\t\t\t<div class=\"msacwl-slide\" data-item-index=\"4\" >\r\n\t\t\t\t<a class=\"msacwl-img-link\" href=\"javascript:void(0);\" data-mfp-src=\"https:\/\/www.rivera.gub.uy\/portal\/wp-content\/uploads\/2019\/09\/WhatsApp-Image-2019-02-07-at-21.37.36-3.jpeg\">\r\n\t\t\t\t\t<img decoding=\"async\" class=\"msacwl-img\" src=\"https:\/\/www.rivera.gub.uy\/portal\/wp-content\/uploads\/2019\/09\/WhatsApp-Image-2019-02-07-at-21.37.36-3.jpeg\"  data-title=\"\" alt=\"\" \/>\r\n\t\t\t\t<\/a>\r\n\t\t\t\t\t\t\t\t\t<div class=\"msacwl-gallery-caption\">\r\n\t\t\t\t\t\t\t\t\t\t\t\t\t<span class=\"image_title\"><\/span>\r\n\t\t\t\t\t\t\t\t\t\t\t\t\t<span><\/span>\r\n\t\t\t\t\t\t \t\t\t\t\t<\/div>\r\n\t\t\t\t\t\t\t<\/div>\r\n\t\t\t\t\t\t<div class=\"msacwl-slide\" data-item-index=\"5\" >\r\n\t\t\t\t<a class=\"msacwl-img-link\" href=\"javascript:void(0);\" data-mfp-src=\"https:\/\/www.rivera.gub.uy\/portal\/wp-content\/uploads\/2019\/09\/WhatsApp-Image-2019-02-07-at-21.37.36.jpeg\">\r\n\t\t\t\t\t<img decoding=\"async\" class=\"msacwl-img\" src=\"https:\/\/www.rivera.gub.uy\/portal\/wp-content\/uploads\/2019\/09\/WhatsApp-Image-2019-02-07-at-21.37.36.jpeg\"  data-title=\"\" alt=\"\" \/>\r\n\t\t\t\t<\/a>\r\n\t\t\t\t\t\t\t\t\t<div class=\"msacwl-gallery-caption\">\r\n\t\t\t\t\t\t\t\t\t\t\t\t\t<span class=\"image_title\"><\/span>\r\n\t\t\t\t\t\t\t\t\t\t\t\t\t<span><\/span>\r\n\t\t\t\t\t\t \t\t\t\t\t<\/div>\r\n\t\t\t\t\t\t\t<\/div>\r\n\t\t\t\t\t<\/div>\r\n\t<\/div>\r\n\r\n\t\n","protected":false},"excerpt":{"rendered":"<p>El IV Festival Internacional del Cordero, tendr\u00e1 lugar en el Shopping Si\u00f1eriz de Rivera. El evento, previsto para los d\u00edas 5, 6 y 7 de setiembre de 2019, contar\u00e1 con el II Foro Internacional Ovino y el IV Concurso Internacional de Asadores de Cordero.<\/p>\n","protected":false},"author":7,"featured_media":0,"template":"","meta":{"_tribe_events_status":"","_tribe_events_status_reason":"","footnotes":""},"tags":[],"tribe_events_cat":[264,302],"class_list":["post-18556","tribe_events","type-tribe_events","status-publish","hentry","tribe_events_cat-desarrollo","tribe_events_cat-idr","cat_desarrollo","cat_idr"],"_links":{"self":[{"href":"https:\/\/www.rivera.gub.uy\/portal\/wp-json\/wp\/v2\/tribe_events\/18556","targetHints":{"allow":["GET"]}}],"collection":[{"href":"https:\/\/www.rivera.gub.uy\/portal\/wp-json\/wp\/v2\/tribe_events"}],"about":[{"href":"https:\/\/www.rivera.gub.uy\/portal\/wp-json\/wp\/v2\/types\/tribe_events"}],"author":[{"embeddable":true,"href":"https:\/\/www.rivera.gub.uy\/portal\/wp-json\/wp\/v2\/users\/7"}],"version-history":[{"count":1,"href":"https:\/\/www.rivera.gub.uy\/portal\/wp-json\/wp\/v2\/tribe_events\/18556\/revisions"}],"predecessor-version":[{"id":18562,"href":"https:\/\/www.rivera.gub.uy\/portal\/wp-json\/wp\/v2\/tribe_events\/18556\/revisions\/18562"}],"wp:attachment":[{"href":"https:\/\/www.rivera.gub.uy\/portal\/wp-json\/wp\/v2\/media?parent=18556"}],"wp:term":[{"taxonomy":"post_tag","embeddable":true,"href":"https:\/\/www.rivera.gub.uy\/portal\/wp-json\/wp\/v2\/tags?post=18556"},{"taxonomy":"tribe_events_cat","embeddable":true,"href":"https:\/\/www.rivera.gub.uy\/portal\/wp-json\/wp\/v2\/tribe_events_cat?post=18556"}],"curies":[{"name":"wp","href":"https:\/\/api.w.org\/{rel}","templated":true}]}}

<p>El IV Festival Internacional del Cordero, tendrá lugar en el Shopping Siñeriz de Rivera.</p>
<p>El evento, previsto para los días 5, 6 y 7 de setiembre de 2019, contará con el II Foro Internacional Ovino y el IV Concurso Internacional de Asadores de Cordero.<!--more--></p>
<p>&nbsp;</p>

	<div class="msacwl-slider-wrap msacwl-row-clearfix " data-conf="{&quot;autoplay&quot;:&quot;true&quot;,&quot;autoplay_speed&quot;:3000,&quot;speed&quot;:300,&quot;arrows&quot;:&quot;true&quot;,&quot;dots&quot;:&quot;true&quot;,&quot;lazyload&quot;:&quot;&quot;}">
		<div id="msacwl-slider-1" class="msacwl-slider msacwl-common-slider msacwl-slider-popup">
						<div class="msacwl-slide" data-item-index="1" >
				<a class="msacwl-img-link" href="javascript:void(0);" data-mfp-src="https://www.rivera.gub.uy/portal/wp-content/uploads/2019/09/Banner-Cronograma.jpg">
					<img decoding="async" class="msacwl-img" src="https://www.rivera.gub.uy/portal/wp-content/uploads/2019/09/Banner-Cronograma.jpg"  data-title="" alt="" />
				</a>
									<div class="msacwl-gallery-caption">
													<span class="image_title"></span>
													<span></span>
						 					</div>
							</div>
						<div class="msacwl-slide" data-item-index="2" >
				<a class="msacwl-img-link" href="javascript:void(0);" data-mfp-src="https://www.rivera.gub.uy/portal/wp-content/uploads/2019/09/WhatsApp-Image-2019-02-07-at-21.37.36-1.jpeg">
					<img decoding="async" class="msacwl-img" src="https://www.rivera.gub.uy/portal/wp-content/uploads/2019/09/WhatsApp-Image-2019-02-07-at-21.37.36-1.jpeg"  data-title="" alt="" />
				</a>
									<div class="msacwl-gallery-caption">
													<span class="image_title"></span>
													<span></span>
						 					</div>
							</div>
						<div class="msacwl-slide" data-item-index="3" >
				<a class="msacwl-img-link" href="javascript:void(0);" data-mfp-src="https://www.rivera.gub.uy/portal/wp-content/uploads/2019/09/WhatsApp-Image-2019-02-07-at-21.37.36-2.jpeg">
					<img decoding="async" class="msacwl-img" src="https://www.rivera.gub.uy/portal/wp-content/uploads/2019/09/WhatsApp-Image-2019-02-07-at-21.37.36-2.jpeg"  data-title="" alt="" />
				</a>
									<div class="msacwl-gallery-caption">
													<span class="image_title"></span>
													<span></span>
						 					</div>
							</div>
						<div class="msacwl-slide" data-item-index="4" >
				<a class="msacwl-img-link" href="javascript:void(0);" data-mfp-src="https://www.rivera.gub.uy/portal/wp-content/uploads/2019/09/WhatsApp-Image-2019-02-07-at-21.37.36-3.jpeg">
					<img decoding="async" class="msacwl-img" src="https://www.rivera.gub.uy/portal/wp-content/uploads/2019/09/WhatsApp-Image-2019-02-07-at-21.37.36-3.jpeg"  data-title="" alt="" />
				</a>
									<div class="msacwl-gallery-caption">
													<span class="image_title"></span>
													<span></span>
						 					</div>
							</div>
						<div class="msacwl-slide" data-item-index="5" >
				<a class="msacwl-img-link" href="javascript:void(0);" data-mfp-src="https://www.rivera.gub.uy/portal/wp-content/uploads/2019/09/WhatsApp-Image-2019-02-07-at-21.37.36.jpeg">
					<img decoding="async" class="msacwl-img" src="https://www.rivera.gub.uy/portal/wp-content/uploads/2019/09/WhatsApp-Image-2019-02-07-at-21.37.36.jpeg"  data-title="" alt="" />
				</a>
									<div class="msacwl-gallery-caption">
													<span class="image_title"></span>
													<span></span>
						 					</div>
							</div>
					</div>
	</div>

<p>El IV Festival Internacional del Cordero, tendrá lugar en el Shopping Siñeriz de Rivera. El evento, previsto para los días 5, 6 y 7 de setiembre de 2019, contará con el II Foro Internacional Ovino y el IV Concurso Internacional de Asadores de Cordero.</p>
