{"id":18687,"date":"2019-09-17T18:02:36","date_gmt":"2019-09-17T21:02:36","guid":{"rendered":"https:\/\/www.rivera.gub.uy\/portal\/?post_type=tribe_events&#038;p=18687"},"modified":"2019-09-19T10:24:30","modified_gmt":"2019-09-19T13:24:30","slug":"rivera-uniendo-fronteras","status":"publish","type":"tribe_events","link":"https:\/\/www.rivera.gub.uy\/portal\/evento\/rivera-uniendo-fronteras\/","title":{"rendered":"Rivera Uniendo Fronteras"},"content":{"rendered":"<p>El viernes 20 de setiembre, comienza el 1er Festival Internacional de Danzas, en Rivera.<\/p>\n<p>Agrupaciones que representan a trav\u00e9s del arte la identidad tradicionalista, la m\u00fasica y la danza, llegan desde Uruguay, Argentina, Chile y Brasil.<\/p>\n<p>La programaci\u00f3n se desarrollar\u00e1 durante 4 d\u00edas, siendo la apertura el viernes 20 de setiembre desde las 20hs, en instalaciones del Teatro Municipal, con una Noche de Gala; un gran espect\u00e1culo donde participar\u00e1n todas las delegaciones y ser\u00e1 la \u00fanica oportunidad para disfrutar del Ballet Folcl\u00f3rico Departamental de Rivera.<!--more--><\/p>\n<p>En Plaza Flores, el 21 de setiembre, actuar\u00e1n delegaciones invitadas, ser\u00e1 en el escenario nombrado para esa oportunidad \u201cProf. Ruben Dantaz\u201d en reconocimiento a su trayectoria. Tambi\u00e9n visitan Centros de Tradici\u00f3n Gaucha en la ciudad de Santana do Livramento y culminan el 23 de setiembre con un \u201cTaller de Danza\u201d en el Liceo N\u00b01 de Rivera, a cargo de la Compa\u00f1\u00eda Maip\u00fa Folklore (Chile).<\/p>\n<p>&nbsp;<\/p>\n<p>Programaci\u00f3n:<\/p>\n<p><strong>Viernes 20<\/strong><\/p>\n<ul>\n<li>Hora 20:00 \u2013 Teatro Municipal, Gala con la participaci\u00f3n de Maip\u00fa Folclore de Chile, Ballet Jos\u00e9 Hern\u00e1ndez de Argentina, Grupo de Danzas Presilha do pago de Livramento y Ballet Folcl\u00f3rico Departamental. (<strong>Entradas en venta en Casa de la Cultura a $ 100<\/strong>)<\/li>\n<\/ul>\n<p><strong>S\u00e1bado 21<\/strong><\/p>\n<ul>\n<li>Hora 20:00 \u2013 Plaza Flores, participan delegaciones invitadas de Chile, Argentina y Brasil.<\/li>\n<\/ul>\n<p><strong>Domingo 22<\/strong><\/p>\n<ul>\n<li>Hora 12:00 \u2013 Actuaci\u00f3n en Sociedad Criolla de Rivera y CTG Presilha do Pago.<\/li>\n<\/ul>\n<p><strong>Lunes 23<\/strong><\/p>\n<ul>\n<li>Hora 15:00 \u2013 Taller y presentaci\u00f3n de Maip\u00fa Folclore de Chile en el Liceo N.\u00ba 1.<\/li>\n<\/ul>\n","protected":false},"excerpt":{"rendered":"<p>El viernes 20 de setiembre, comienza el 1er Festival Internacional de Danzas, en Rivera. Agrupaciones que representan a trav\u00e9s del arte la identidad tradicionalista, la m\u00fasica y la danza, llegan desde Uruguay, Argentina, Chile y Brasil. La programaci\u00f3n se desarrollar\u00e1 durante 4 d\u00edas, siendo la apertura el viernes 20 de setiembre desde las 20hs, en [&hellip;]<\/p>\n","protected":false},"author":7,"featured_media":18688,"template":"","meta":{"_tribe_events_status":"","_tribe_events_status_reason":"","footnotes":""},"tags":[],"tribe_events_cat":[302],"class_list":["post-18687","tribe_events","type-tribe_events","status-publish","has-post-thumbnail","hentry","tribe_events_cat-idr","cat_idr"],"_links":{"self":[{"href":"https:\/\/www.rivera.gub.uy\/portal\/wp-json\/wp\/v2\/tribe_events\/18687","targetHints":{"allow":["GET"]}}],"collection":[{"href":"https:\/\/www.rivera.gub.uy\/portal\/wp-json\/wp\/v2\/tribe_events"}],"about":[{"href":"https:\/\/www.rivera.gub.uy\/portal\/wp-json\/wp\/v2\/types\/tribe_events"}],"author":[{"embeddable":true,"href":"https:\/\/www.rivera.gub.uy\/portal\/wp-json\/wp\/v2\/users\/7"}],"version-history":[{"count":5,"href":"https:\/\/www.rivera.gub.uy\/portal\/wp-json\/wp\/v2\/tribe_events\/18687\/revisions"}],"predecessor-version":[{"id":18736,"href":"https:\/\/www.rivera.gub.uy\/portal\/wp-json\/wp\/v2\/tribe_events\/18687\/revisions\/18736"}],"wp:featuredmedia":[{"embeddable":true,"href":"https:\/\/www.rivera.gub.uy\/portal\/wp-json\/wp\/v2\/media\/18688"}],"wp:attachment":[{"href":"https:\/\/www.rivera.gub.uy\/portal\/wp-json\/wp\/v2\/media?parent=18687"}],"wp:term":[{"taxonomy":"post_tag","embeddable":true,"href":"https:\/\/www.rivera.gub.uy\/portal\/wp-json\/wp\/v2\/tags?post=18687"},{"taxonomy":"tribe_events_cat","embeddable":true,"href":"https:\/\/www.rivera.gub.uy\/portal\/wp-json\/wp\/v2\/tribe_events_cat?post=18687"}],"curies":[{"name":"wp","href":"https:\/\/api.w.org\/{rel}","templated":true}]}}

<p>El viernes 20 de setiembre, comienza el 1er Festival Internacional de Danzas, en Rivera.</p>
<p>Agrupaciones que representan a través del arte la identidad tradicionalista, la música y la danza, llegan desde Uruguay, Argentina, Chile y Brasil.</p>
<p>La programación se desarrollará durante 4 días, siendo la apertura el viernes 20 de setiembre desde las 20hs, en instalaciones del Teatro Municipal, con una Noche de Gala; un gran espectáculo donde participarán todas las delegaciones y será la única oportunidad para disfrutar del Ballet Folclórico Departamental de Rivera.<!--more--></p>
<p>En Plaza Flores, el 21 de setiembre, actuarán delegaciones invitadas, será en el escenario nombrado para esa oportunidad “Prof. Ruben Dantaz” en reconocimiento a su trayectoria. También visitan Centros de Tradición Gaucha en la ciudad de Santana do Livramento y culminan el 23 de setiembre con un “Taller de Danza” en el Liceo N°1 de Rivera, a cargo de la Compañía Maipú Folklore (Chile).</p>
<p>&nbsp;</p>
<p>Programación:</p>
<p><strong>Viernes 20</strong></p>
<ul>
<li>Hora 20:00 – Teatro Municipal, Gala con la participación de Maipú Folclore de Chile, Ballet José Hernández de Argentina, Grupo de Danzas Presilha do pago de Livramento y Ballet Folclórico Departamental. (<strong>Entradas en venta en Casa de la Cultura a $ 100</strong>)</li>
</ul>
<p><strong>Sábado 21</strong></p>
<ul>
<li>Hora 20:00 – Plaza Flores, participan delegaciones invitadas de Chile, Argentina y Brasil.</li>
</ul>
<p><strong>Domingo 22</strong></p>
<ul>
<li>Hora 12:00 – Actuación en Sociedad Criolla de Rivera y CTG Presilha do Pago.</li>
</ul>
<p><strong>Lunes 23</strong></p>
<ul>
<li>Hora 15:00 – Taller y presentación de Maipú Folclore de Chile en el Liceo N.º 1.</li>
</ul>

<p>El viernes 20 de setiembre, comienza el 1er Festival Internacional de Danzas, en Rivera. Agrupaciones que representan a través del arte la identidad tradicionalista, la música y la danza, llegan desde Uruguay, Argentina, Chile y Brasil. La programación se desarrollará durante 4 días, siendo la apertura el viernes 20 de setiembre desde las 20hs, en [&hellip;]</p>
