{"id":18852,"date":"2019-09-27T08:59:23","date_gmt":"2019-09-27T11:59:23","guid":{"rendered":"https:\/\/www.rivera.gub.uy\/portal\/?post_type=tribe_events&#038;p=18852"},"modified":"2019-09-27T08:59:23","modified_gmt":"2019-09-27T11:59:23","slug":"string-l6","status":"publish","type":"tribe_events","link":"https:\/\/www.rivera.gub.uy\/portal\/evento\/string-l6\/","title":{"rendered":"String L6"},"content":{"rendered":"<p>El d\u00eda 28 de setiembre, de 9 a 12 horas, se llevar\u00e1 a cabo la Primera plantaci\u00f3n de \u00e1rboles aut\u00f3ctonos en colaboraci\u00f3n con la campa\u00f1a &#8220;Un Mundo&#8221;.<\/p>\n<p>Las actividades se iniciar\u00e1n en Direcci\u00f3n de Medio Ambiente, Bouchacourt 1013 (Estadio Mpal).<\/p>\n<p>Ir en bicicleta, de preferencia llevar pala y algo para compartir.<\/p>\n","protected":false},"excerpt":{"rendered":"<p>El d\u00eda 28 de setiembre, de 9 a 12 horas, se llevar\u00e1 a cabo la Primera plantaci\u00f3n de \u00e1rboles aut\u00f3ctonos en colaboraci\u00f3n con la campa\u00f1a &#8220;Un Mundo&#8221;. Las actividades se iniciar\u00e1n en Direcci\u00f3n de Medio Ambiente, Bouchacourt 1013 (Estadio Mpal). Ir en bicicleta, de preferencia llevar pala y algo para compartir.<\/p>\n","protected":false},"author":1,"featured_media":18804,"template":"","meta":{"_tribe_events_status":"","_tribe_events_status_reason":"","footnotes":""},"tags":[36,117,1020],"tribe_events_cat":[264,302],"class_list":["post-18852","tribe_events","type-tribe_events","status-publish","has-post-thumbnail","hentry","tag-intendencia","tag-intendencia-de-rivera","tag-plantacion-de-arboles","tribe_events_cat-desarrollo","tribe_events_cat-idr","cat_desarrollo","cat_idr"],"_links":{"self":[{"href":"https:\/\/www.rivera.gub.uy\/portal\/wp-json\/wp\/v2\/tribe_events\/18852","targetHints":{"allow":["GET"]}}],"collection":[{"href":"https:\/\/www.rivera.gub.uy\/portal\/wp-json\/wp\/v2\/tribe_events"}],"about":[{"href":"https:\/\/www.rivera.gub.uy\/portal\/wp-json\/wp\/v2\/types\/tribe_events"}],"author":[{"embeddable":true,"href":"https:\/\/www.rivera.gub.uy\/portal\/wp-json\/wp\/v2\/users\/1"}],"version-history":[{"count":1,"href":"https:\/\/www.rivera.gub.uy\/portal\/wp-json\/wp\/v2\/tribe_events\/18852\/revisions"}],"predecessor-version":[{"id":18853,"href":"https:\/\/www.rivera.gub.uy\/portal\/wp-json\/wp\/v2\/tribe_events\/18852\/revisions\/18853"}],"wp:featuredmedia":[{"embeddable":true,"href":"https:\/\/www.rivera.gub.uy\/portal\/wp-json\/wp\/v2\/media\/18804"}],"wp:attachment":[{"href":"https:\/\/www.rivera.gub.uy\/portal\/wp-json\/wp\/v2\/media?parent=18852"}],"wp:term":[{"taxonomy":"post_tag","embeddable":true,"href":"https:\/\/www.rivera.gub.uy\/portal\/wp-json\/wp\/v2\/tags?post=18852"},{"taxonomy":"tribe_events_cat","embeddable":true,"href":"https:\/\/www.rivera.gub.uy\/portal\/wp-json\/wp\/v2\/tribe_events_cat?post=18852"}],"curies":[{"name":"wp","href":"https:\/\/api.w.org\/{rel}","templated":true}]}}

<p>El día 28 de setiembre, de 9 a 12 horas, se llevará a cabo la Primera plantación de árboles autóctonos en colaboración con la campaña &#8220;Un Mundo&#8221;.</p>
<p>Las actividades se iniciarán en Dirección de Medio Ambiente, Bouchacourt 1013 (Estadio Mpal).</p>
<p>Ir en bicicleta, de preferencia llevar pala y algo para compartir.</p>

<p>El día 28 de setiembre, de 9 a 12 horas, se llevará a cabo la Primera plantación de árboles autóctonos en colaboración con la campaña &#8220;Un Mundo&#8221;. Las actividades se iniciarán en Dirección de Medio Ambiente, Bouchacourt 1013 (Estadio Mpal). Ir en bicicleta, de preferencia llevar pala y algo para compartir.</p>
