{"id":19331,"date":"2019-11-01T08:46:39","date_gmt":"2019-11-01T11:46:39","guid":{"rendered":"https:\/\/www.rivera.gub.uy\/portal\/?post_type=tribe_events&#038;p=19331"},"modified":"2019-11-01T08:46:39","modified_gmt":"2019-11-01T11:46:39","slug":"tallas-y-ensamblajes-en-madera","status":"publish","type":"tribe_events","link":"https:\/\/www.rivera.gub.uy\/portal\/evento\/tallas-y-ensamblajes-en-madera\/","title":{"rendered":"Tallas y Ensamblajes en Madera"},"content":{"rendered":"<p>El d\u00eda 4 de noviembre, de 19:00 a 21:00 horas, se llevar\u00e1 a cabo en el Museo de Artes Pl\u00e1sticas, la Exposici\u00f3n &#8220;Tallas y Ensamblajes en Madera&#8221;.<\/p>\n<p>La muestra permanecer\u00e1 abierta al p\u00fablico de lunes a viernes de 10:00 a 19:00 horas, hasta el d\u00eda 22 de noviembre .<\/p>\n","protected":false},"excerpt":{"rendered":"<p>El d\u00eda 4 de noviembre, de 19:00 a 21:00 horas, se llevar\u00e1 a cabo en el Museo de Artes Pl\u00e1sticas, la Exposici\u00f3n &#8220;Tallas y Ensamblajes en Madera&#8221;. La muestra permanecer\u00e1 abierta al p\u00fablico de lunes a viernes de 10:00 a 19:00 horas, hasta el d\u00eda 22 de noviembre .<\/p>\n","protected":false},"author":1,"featured_media":19334,"template":"","meta":{"_tribe_events_status":"","_tribe_events_status_reason":"","footnotes":""},"tags":[65,567,36,291],"tribe_events_cat":[253,302],"class_list":["post-19331","tribe_events","type-tribe_events","status-publish","has-post-thumbnail","hentry","tag-cultura","tag-exposicion","tag-intendencia","tag-madera","tribe_events_cat-cultura","tribe_events_cat-idr","cat_cultura","cat_idr"],"_links":{"self":[{"href":"https:\/\/www.rivera.gub.uy\/portal\/wp-json\/wp\/v2\/tribe_events\/19331","targetHints":{"allow":["GET"]}}],"collection":[{"href":"https:\/\/www.rivera.gub.uy\/portal\/wp-json\/wp\/v2\/tribe_events"}],"about":[{"href":"https:\/\/www.rivera.gub.uy\/portal\/wp-json\/wp\/v2\/types\/tribe_events"}],"author":[{"embeddable":true,"href":"https:\/\/www.rivera.gub.uy\/portal\/wp-json\/wp\/v2\/users\/1"}],"version-history":[{"count":1,"href":"https:\/\/www.rivera.gub.uy\/portal\/wp-json\/wp\/v2\/tribe_events\/19331\/revisions"}],"predecessor-version":[{"id":19335,"href":"https:\/\/www.rivera.gub.uy\/portal\/wp-json\/wp\/v2\/tribe_events\/19331\/revisions\/19335"}],"wp:featuredmedia":[{"embeddable":true,"href":"https:\/\/www.rivera.gub.uy\/portal\/wp-json\/wp\/v2\/media\/19334"}],"wp:attachment":[{"href":"https:\/\/www.rivera.gub.uy\/portal\/wp-json\/wp\/v2\/media?parent=19331"}],"wp:term":[{"taxonomy":"post_tag","embeddable":true,"href":"https:\/\/www.rivera.gub.uy\/portal\/wp-json\/wp\/v2\/tags?post=19331"},{"taxonomy":"tribe_events_cat","embeddable":true,"href":"https:\/\/www.rivera.gub.uy\/portal\/wp-json\/wp\/v2\/tribe_events_cat?post=19331"}],"curies":[{"name":"wp","href":"https:\/\/api.w.org\/{rel}","templated":true}]}}

<p>El día 4 de noviembre, de 19:00 a 21:00 horas, se llevará a cabo en el Museo de Artes Plásticas, la Exposición &#8220;Tallas y Ensamblajes en Madera&#8221;.</p>
<p>La muestra permanecerá abierta al público de lunes a viernes de 10:00 a 19:00 horas, hasta el día 22 de noviembre .</p>

<p>El día 4 de noviembre, de 19:00 a 21:00 horas, se llevará a cabo en el Museo de Artes Plásticas, la Exposición &#8220;Tallas y Ensamblajes en Madera&#8221;. La muestra permanecerá abierta al público de lunes a viernes de 10:00 a 19:00 horas, hasta el día 22 de noviembre .</p>
