{"id":19901,"date":"2019-11-27T11:39:53","date_gmt":"2019-11-27T14:39:53","guid":{"rendered":"https:\/\/www.rivera.gub.uy\/portal\/?post_type=tribe_events&#038;p=19901"},"modified":"2019-11-28T08:01:26","modified_gmt":"2019-11-28T11:01:26","slug":"rivera-brilla-en-plaza-artigas","status":"publish","type":"tribe_events","link":"https:\/\/www.rivera.gub.uy\/portal\/evento\/rivera-brilla-en-plaza-artigas\/","title":{"rendered":"Rivera Brilla en Plaza Artigas"},"content":{"rendered":"<p>Este 7 de diciembre, a las 18 horas, comenzar\u00e1 la Feria Gastron\u00f3mica Navide\u00f1a y Artesan\u00edas.<\/p>\n<p>El evento, parte de <a href=\"http:\/\/www.rivera.gub.uy\/riverabrilla\" target=\"_blank\" rel=\"noopener noreferrer\">Rivera Brilla 2019<\/a>, tendr\u00e1 lugar en Plaza Artigas.<\/p>\n<p>La jornada, contar\u00e1 tambi\u00e9n con el show de Valentina Lozano, Los Viajeros del Tiempo y Maciegas.<\/p>\n<p>&nbsp;<\/p>\n\r\n\t<div class=\"msacwl-slider-wrap msacwl-row-clearfix \" data-conf=\"{&quot;autoplay&quot;:&quot;true&quot;,&quot;autoplay_speed&quot;:3000,&quot;speed&quot;:300,&quot;arrows&quot;:&quot;true&quot;,&quot;dots&quot;:&quot;true&quot;,&quot;lazyload&quot;:&quot;&quot;}\">\r\n\t\t<div id=\"msacwl-slider-1\" class=\"msacwl-slider msacwl-common-slider msacwl-slider-popup\">\r\n\t\t\t\t\t\t<div class=\"msacwl-slide\" data-item-index=\"1\" >\r\n\t\t\t\t<a class=\"msacwl-img-link\" href=\"javascript:void(0);\" data-mfp-src=\"https:\/\/www.rivera.gub.uy\/portal\/wp-content\/uploads\/2019\/11\/6-1.png\">\r\n\t\t\t\t\t<img decoding=\"async\" class=\"msacwl-img\" src=\"https:\/\/www.rivera.gub.uy\/portal\/wp-content\/uploads\/2019\/11\/6-1.png\"  data-title=\"\" alt=\"\" \/>\r\n\t\t\t\t<\/a>\r\n\t\t\t\t\t\t\t\t\t<div class=\"msacwl-gallery-caption\">\r\n\t\t\t\t\t\t\t\t\t\t\t\t\t<span class=\"image_title\"><\/span>\r\n\t\t\t\t\t\t\t\t\t\t\t\t\t<span><\/span>\r\n\t\t\t\t\t\t \t\t\t\t\t<\/div>\r\n\t\t\t\t\t\t\t<\/div>\r\n\t\t\t\t\t\t<div class=\"msacwl-slide\" data-item-index=\"2\" >\r\n\t\t\t\t<a class=\"msacwl-img-link\" href=\"javascript:void(0);\" data-mfp-src=\"https:\/\/www.rivera.gub.uy\/portal\/wp-content\/uploads\/2019\/11\/7.png\">\r\n\t\t\t\t\t<img decoding=\"async\" class=\"msacwl-img\" src=\"https:\/\/www.rivera.gub.uy\/portal\/wp-content\/uploads\/2019\/11\/7.png\"  data-title=\"\" alt=\"\" \/>\r\n\t\t\t\t<\/a>\r\n\t\t\t\t\t\t\t\t\t<div class=\"msacwl-gallery-caption\">\r\n\t\t\t\t\t\t\t\t\t\t\t\t\t<span class=\"image_title\"><\/span>\r\n\t\t\t\t\t\t\t\t\t\t\t\t\t<span><\/span>\r\n\t\t\t\t\t\t \t\t\t\t\t<\/div>\r\n\t\t\t\t\t\t\t<\/div>\r\n\t\t\t\t\t\t<div class=\"msacwl-slide\" data-item-index=\"3\" >\r\n\t\t\t\t<a class=\"msacwl-img-link\" href=\"javascript:void(0);\" data-mfp-src=\"https:\/\/www.rivera.gub.uy\/portal\/wp-content\/uploads\/2019\/11\/8.png\">\r\n\t\t\t\t\t<img decoding=\"async\" class=\"msacwl-img\" src=\"https:\/\/www.rivera.gub.uy\/portal\/wp-content\/uploads\/2019\/11\/8.png\"  data-title=\"\" alt=\"\" \/>\r\n\t\t\t\t<\/a>\r\n\t\t\t\t\t\t\t\t\t<div class=\"msacwl-gallery-caption\">\r\n\t\t\t\t\t\t\t\t\t\t\t\t\t<span class=\"image_title\"><\/span>\r\n\t\t\t\t\t\t\t\t\t\t\t\t\t<span><\/span>\r\n\t\t\t\t\t\t \t\t\t\t\t<\/div>\r\n\t\t\t\t\t\t\t<\/div>\r\n\t\t\t\t\t\t<div class=\"msacwl-slide\" data-item-index=\"4\" >\r\n\t\t\t\t<a class=\"msacwl-img-link\" href=\"javascript:void(0);\" data-mfp-src=\"https:\/\/www.rivera.gub.uy\/portal\/wp-content\/uploads\/2019\/11\/9.png\">\r\n\t\t\t\t\t<img decoding=\"async\" class=\"msacwl-img\" src=\"https:\/\/www.rivera.gub.uy\/portal\/wp-content\/uploads\/2019\/11\/9.png\"  data-title=\"\" alt=\"\" \/>\r\n\t\t\t\t<\/a>\r\n\t\t\t\t\t\t\t\t\t<div class=\"msacwl-gallery-caption\">\r\n\t\t\t\t\t\t\t\t\t\t\t\t\t<span class=\"image_title\"><\/span>\r\n\t\t\t\t\t\t\t\t\t\t\t\t\t<span><\/span>\r\n\t\t\t\t\t\t \t\t\t\t\t<\/div>\r\n\t\t\t\t\t\t\t<\/div>\r\n\t\t\t\t\t<\/div>\r\n\t<\/div>\r\n\r\n\t\n","protected":false},"excerpt":{"rendered":"<p>Este 7 de diciembre, a las 18 horas, comenzar\u00e1 la Feria Gastron\u00f3mica Navide\u00f1a y Artesan\u00edas. El evento, parte de Rivera Brilla 2019, tendr\u00e1 lugar en Plaza Artigas. La jornada, contar\u00e1 tambi\u00e9n con el show de Valentina Lozano, Los Viajeros del Tiempo y Maciegas. &nbsp;<\/p>\n","protected":false},"author":1,"featured_media":19903,"template":"","meta":{"_tribe_events_status":"","_tribe_events_status_reason":"","footnotes":""},"tags":[839,457,841,1039,1040,289,1038],"tribe_events_cat":[253,302,456],"class_list":["post-19901","tribe_events","type-tribe_events","status-publish","has-post-thumbnail","hentry","tag-artesanias","tag-feria","tag-gastronomia","tag-los-viajeros-del-tiempo","tag-maciegas","tag-rivera-brilla","tag-valentina-lozano","tribe_events_cat-cultura","tribe_events_cat-idr","tribe_events_cat-turismo","cat_cultura","cat_idr","cat_turismo"],"_links":{"self":[{"href":"https:\/\/www.rivera.gub.uy\/portal\/wp-json\/wp\/v2\/tribe_events\/19901","targetHints":{"allow":["GET"]}}],"collection":[{"href":"https:\/\/www.rivera.gub.uy\/portal\/wp-json\/wp\/v2\/tribe_events"}],"about":[{"href":"https:\/\/www.rivera.gub.uy\/portal\/wp-json\/wp\/v2\/types\/tribe_events"}],"author":[{"embeddable":true,"href":"https:\/\/www.rivera.gub.uy\/portal\/wp-json\/wp\/v2\/users\/1"}],"version-history":[{"count":2,"href":"https:\/\/www.rivera.gub.uy\/portal\/wp-json\/wp\/v2\/tribe_events\/19901\/revisions"}],"predecessor-version":[{"id":19908,"href":"https:\/\/www.rivera.gub.uy\/portal\/wp-json\/wp\/v2\/tribe_events\/19901\/revisions\/19908"}],"wp:featuredmedia":[{"embeddable":true,"href":"https:\/\/www.rivera.gub.uy\/portal\/wp-json\/wp\/v2\/media\/19903"}],"wp:attachment":[{"href":"https:\/\/www.rivera.gub.uy\/portal\/wp-json\/wp\/v2\/media?parent=19901"}],"wp:term":[{"taxonomy":"post_tag","embeddable":true,"href":"https:\/\/www.rivera.gub.uy\/portal\/wp-json\/wp\/v2\/tags?post=19901"},{"taxonomy":"tribe_events_cat","embeddable":true,"href":"https:\/\/www.rivera.gub.uy\/portal\/wp-json\/wp\/v2\/tribe_events_cat?post=19901"}],"curies":[{"name":"wp","href":"https:\/\/api.w.org\/{rel}","templated":true}]}}

<p>Este 7 de diciembre, a las 18 horas, comenzará la Feria Gastronómica Navideña y Artesanías.</p>
<p>El evento, parte de <a href="http://www.rivera.gub.uy/riverabrilla" target="_blank" rel="noopener noreferrer">Rivera Brilla 2019</a>, tendrá lugar en Plaza Artigas.</p>
<p>La jornada, contará también con el show de Valentina Lozano, Los Viajeros del Tiempo y Maciegas.</p>
<p>&nbsp;</p>

	<div class="msacwl-slider-wrap msacwl-row-clearfix " data-conf="{&quot;autoplay&quot;:&quot;true&quot;,&quot;autoplay_speed&quot;:3000,&quot;speed&quot;:300,&quot;arrows&quot;:&quot;true&quot;,&quot;dots&quot;:&quot;true&quot;,&quot;lazyload&quot;:&quot;&quot;}">
		<div id="msacwl-slider-1" class="msacwl-slider msacwl-common-slider msacwl-slider-popup">
						<div class="msacwl-slide" data-item-index="1" >
				<a class="msacwl-img-link" href="javascript:void(0);" data-mfp-src="https://www.rivera.gub.uy/portal/wp-content/uploads/2019/11/6-1.png">
					<img decoding="async" class="msacwl-img" src="https://www.rivera.gub.uy/portal/wp-content/uploads/2019/11/6-1.png"  data-title="" alt="" />
				</a>
									<div class="msacwl-gallery-caption">
													<span class="image_title"></span>
													<span></span>
						 					</div>
							</div>
						<div class="msacwl-slide" data-item-index="2" >
				<a class="msacwl-img-link" href="javascript:void(0);" data-mfp-src="https://www.rivera.gub.uy/portal/wp-content/uploads/2019/11/7.png">
					<img decoding="async" class="msacwl-img" src="https://www.rivera.gub.uy/portal/wp-content/uploads/2019/11/7.png"  data-title="" alt="" />
				</a>
									<div class="msacwl-gallery-caption">
													<span class="image_title"></span>
													<span></span>
						 					</div>
							</div>
						<div class="msacwl-slide" data-item-index="3" >
				<a class="msacwl-img-link" href="javascript:void(0);" data-mfp-src="https://www.rivera.gub.uy/portal/wp-content/uploads/2019/11/8.png">
					<img decoding="async" class="msacwl-img" src="https://www.rivera.gub.uy/portal/wp-content/uploads/2019/11/8.png"  data-title="" alt="" />
				</a>
									<div class="msacwl-gallery-caption">
													<span class="image_title"></span>
													<span></span>
						 					</div>
							</div>
						<div class="msacwl-slide" data-item-index="4" >
				<a class="msacwl-img-link" href="javascript:void(0);" data-mfp-src="https://www.rivera.gub.uy/portal/wp-content/uploads/2019/11/9.png">
					<img decoding="async" class="msacwl-img" src="https://www.rivera.gub.uy/portal/wp-content/uploads/2019/11/9.png"  data-title="" alt="" />
				</a>
									<div class="msacwl-gallery-caption">
													<span class="image_title"></span>
													<span></span>
						 					</div>
							</div>
					</div>
	</div>

<p>Este 7 de diciembre, a las 18 horas, comenzará la Feria Gastronómica Navideña y Artesanías. El evento, parte de Rivera Brilla 2019, tendrá lugar en Plaza Artigas. La jornada, contará también con el show de Valentina Lozano, Los Viajeros del Tiempo y Maciegas. &nbsp;</p>
