{"id":19914,"date":"2019-11-28T08:02:59","date_gmt":"2019-11-28T11:02:59","guid":{"rendered":"https:\/\/www.rivera.gub.uy\/portal\/?post_type=tribe_events&#038;p=19914"},"modified":"2019-11-28T08:03:09","modified_gmt":"2019-11-28T11:03:09","slug":"rivera-brilla-en-plaza-artigas-2","status":"publish","type":"tribe_events","link":"https:\/\/www.rivera.gub.uy\/portal\/evento\/rivera-brilla-en-plaza-artigas-2\/","title":{"rendered":"Rivera Brilla en Plaza Artigas"},"content":{"rendered":"<p>En la jornada del 13 de diciembre de Rivera Brilla, en Plaza Artigas, tendr\u00e1 lugar la Feria Gastron\u00f3mica Navide\u00f1a y Artesan\u00edas.<\/p>\n<p>El evento contar\u00e1 tambi\u00e9n con las presentaciones del Grupo Amanecer (Vichadero), Academia Actitutte y Escuela de Ballet Gabriela Oviedo.<\/p>\n<p>El cierre ser\u00e1 con &#8220;Cultura a la Calle&#8221;, despliegue de Candombe por Av. Sarand\u00ed.<\/p>\n<p>&nbsp;<\/p>\n\r\n\t<div class=\"msacwl-slider-wrap msacwl-row-clearfix \" data-conf=\"{&quot;autoplay&quot;:&quot;true&quot;,&quot;autoplay_speed&quot;:3000,&quot;speed&quot;:300,&quot;arrows&quot;:&quot;true&quot;,&quot;dots&quot;:&quot;true&quot;,&quot;lazyload&quot;:&quot;&quot;}\">\r\n\t\t<div id=\"msacwl-slider-1\" class=\"msacwl-slider msacwl-common-slider msacwl-slider-popup\">\r\n\t\t\t\t\t\t<div class=\"msacwl-slide\" data-item-index=\"1\" >\r\n\t\t\t\t<a class=\"msacwl-img-link\" href=\"javascript:void(0);\" data-mfp-src=\"https:\/\/www.rivera.gub.uy\/portal\/wp-content\/uploads\/2019\/11\/15.png\">\r\n\t\t\t\t\t<img decoding=\"async\" class=\"msacwl-img\" src=\"https:\/\/www.rivera.gub.uy\/portal\/wp-content\/uploads\/2019\/11\/15.png\"  data-title=\"\" alt=\"\" \/>\r\n\t\t\t\t<\/a>\r\n\t\t\t\t\t\t\t\t\t<div class=\"msacwl-gallery-caption\">\r\n\t\t\t\t\t\t\t\t\t\t\t\t\t<span class=\"image_title\"><\/span>\r\n\t\t\t\t\t\t\t\t\t\t\t\t\t<span><\/span>\r\n\t\t\t\t\t\t \t\t\t\t\t<\/div>\r\n\t\t\t\t\t\t\t<\/div>\r\n\t\t\t\t\t\t<div class=\"msacwl-slide\" data-item-index=\"2\" >\r\n\t\t\t\t<a class=\"msacwl-img-link\" href=\"javascript:void(0);\" data-mfp-src=\"https:\/\/www.rivera.gub.uy\/portal\/wp-content\/uploads\/2019\/11\/19.png\">\r\n\t\t\t\t\t<img decoding=\"async\" class=\"msacwl-img\" src=\"https:\/\/www.rivera.gub.uy\/portal\/wp-content\/uploads\/2019\/11\/19.png\"  data-title=\"\" alt=\"\" \/>\r\n\t\t\t\t<\/a>\r\n\t\t\t\t\t\t\t\t\t<div class=\"msacwl-gallery-caption\">\r\n\t\t\t\t\t\t\t\t\t\t\t\t\t<span class=\"image_title\"><\/span>\r\n\t\t\t\t\t\t\t\t\t\t\t\t\t<span><\/span>\r\n\t\t\t\t\t\t \t\t\t\t\t<\/div>\r\n\t\t\t\t\t\t\t<\/div>\r\n\t\t\t\t\t\t<div class=\"msacwl-slide\" data-item-index=\"3\" >\r\n\t\t\t\t<a class=\"msacwl-img-link\" href=\"javascript:void(0);\" data-mfp-src=\"https:\/\/www.rivera.gub.uy\/portal\/wp-content\/uploads\/2019\/11\/18.png\">\r\n\t\t\t\t\t<img decoding=\"async\" class=\"msacwl-img\" src=\"https:\/\/www.rivera.gub.uy\/portal\/wp-content\/uploads\/2019\/11\/18.png\"  data-title=\"\" alt=\"\" \/>\r\n\t\t\t\t<\/a>\r\n\t\t\t\t\t\t\t\t\t<div class=\"msacwl-gallery-caption\">\r\n\t\t\t\t\t\t\t\t\t\t\t\t\t<span class=\"image_title\"><\/span>\r\n\t\t\t\t\t\t\t\t\t\t\t\t\t<span><\/span>\r\n\t\t\t\t\t\t \t\t\t\t\t<\/div>\r\n\t\t\t\t\t\t\t<\/div>\r\n\t\t\t\t\t\t<div class=\"msacwl-slide\" data-item-index=\"4\" >\r\n\t\t\t\t<a class=\"msacwl-img-link\" href=\"javascript:void(0);\" data-mfp-src=\"https:\/\/www.rivera.gub.uy\/portal\/wp-content\/uploads\/2019\/11\/17.png\">\r\n\t\t\t\t\t<img decoding=\"async\" class=\"msacwl-img\" src=\"https:\/\/www.rivera.gub.uy\/portal\/wp-content\/uploads\/2019\/11\/17.png\"  data-title=\"\" alt=\"\" \/>\r\n\t\t\t\t<\/a>\r\n\t\t\t\t\t\t\t\t\t<div class=\"msacwl-gallery-caption\">\r\n\t\t\t\t\t\t\t\t\t\t\t\t\t<span class=\"image_title\"><\/span>\r\n\t\t\t\t\t\t\t\t\t\t\t\t\t<span><\/span>\r\n\t\t\t\t\t\t \t\t\t\t\t<\/div>\r\n\t\t\t\t\t\t\t<\/div>\r\n\t\t\t\t\t\t<div class=\"msacwl-slide\" data-item-index=\"5\" >\r\n\t\t\t\t<a class=\"msacwl-img-link\" href=\"javascript:void(0);\" data-mfp-src=\"https:\/\/www.rivera.gub.uy\/portal\/wp-content\/uploads\/2019\/11\/16.png\">\r\n\t\t\t\t\t<img decoding=\"async\" class=\"msacwl-img\" src=\"https:\/\/www.rivera.gub.uy\/portal\/wp-content\/uploads\/2019\/11\/16.png\"  data-title=\"\" alt=\"\" \/>\r\n\t\t\t\t<\/a>\r\n\t\t\t\t\t\t\t\t\t<div class=\"msacwl-gallery-caption\">\r\n\t\t\t\t\t\t\t\t\t\t\t\t\t<span class=\"image_title\"><\/span>\r\n\t\t\t\t\t\t\t\t\t\t\t\t\t<span><\/span>\r\n\t\t\t\t\t\t \t\t\t\t\t<\/div>\r\n\t\t\t\t\t\t\t<\/div>\r\n\t\t\t\t\t<\/div>\r\n\t<\/div>\r\n\r\n\t\n","protected":false},"excerpt":{"rendered":"<p>En la jornada del 13 de diciembre de Rivera Brilla, en Plaza Artigas, tendr\u00e1 lugar la Feria Gastron\u00f3mica Navide\u00f1a y Artesan\u00edas. El evento contar\u00e1 tambi\u00e9n con las presentaciones del Grupo Amanecer (Vichadero), Academia Actitutte y Escuela de Ballet Gabriela Oviedo. El cierre ser\u00e1 con &#8220;Cultura a la Calle&#8221;, despliegue de Candombe por Av. Sarand\u00ed. &nbsp;<\/p>\n","protected":false},"author":1,"featured_media":19916,"template":"","meta":{"_tribe_events_status":"","_tribe_events_status_reason":"","footnotes":""},"tags":[1042,839,1043,841,1041,743,289],"tribe_events_cat":[253,302,456],"class_list":["post-19914","tribe_events","type-tribe_events","status-publish","has-post-thumbnail","hentry","tag-academia-actitutte","tag-artesanias","tag-escuela-gabriela-oviedo","tag-gastronomia","tag-grupo-amanecer","tag-plaza-artigas","tag-rivera-brilla","tribe_events_cat-cultura","tribe_events_cat-idr","tribe_events_cat-turismo","cat_cultura","cat_idr","cat_turismo"],"_links":{"self":[{"href":"https:\/\/www.rivera.gub.uy\/portal\/wp-json\/wp\/v2\/tribe_events\/19914","targetHints":{"allow":["GET"]}}],"collection":[{"href":"https:\/\/www.rivera.gub.uy\/portal\/wp-json\/wp\/v2\/tribe_events"}],"about":[{"href":"https:\/\/www.rivera.gub.uy\/portal\/wp-json\/wp\/v2\/types\/tribe_events"}],"author":[{"embeddable":true,"href":"https:\/\/www.rivera.gub.uy\/portal\/wp-json\/wp\/v2\/users\/1"}],"version-history":[{"count":5,"href":"https:\/\/www.rivera.gub.uy\/portal\/wp-json\/wp\/v2\/tribe_events\/19914\/revisions"}],"predecessor-version":[{"id":19924,"href":"https:\/\/www.rivera.gub.uy\/portal\/wp-json\/wp\/v2\/tribe_events\/19914\/revisions\/19924"}],"wp:featuredmedia":[{"embeddable":true,"href":"https:\/\/www.rivera.gub.uy\/portal\/wp-json\/wp\/v2\/media\/19916"}],"wp:attachment":[{"href":"https:\/\/www.rivera.gub.uy\/portal\/wp-json\/wp\/v2\/media?parent=19914"}],"wp:term":[{"taxonomy":"post_tag","embeddable":true,"href":"https:\/\/www.rivera.gub.uy\/portal\/wp-json\/wp\/v2\/tags?post=19914"},{"taxonomy":"tribe_events_cat","embeddable":true,"href":"https:\/\/www.rivera.gub.uy\/portal\/wp-json\/wp\/v2\/tribe_events_cat?post=19914"}],"curies":[{"name":"wp","href":"https:\/\/api.w.org\/{rel}","templated":true}]}}

<p>En la jornada del 13 de diciembre de Rivera Brilla, en Plaza Artigas, tendrá lugar la Feria Gastronómica Navideña y Artesanías.</p>
<p>El evento contará también con las presentaciones del Grupo Amanecer (Vichadero), Academia Actitutte y Escuela de Ballet Gabriela Oviedo.</p>
<p>El cierre será con &#8220;Cultura a la Calle&#8221;, despliegue de Candombe por Av. Sarandí.</p>
<p>&nbsp;</p>

	<div class="msacwl-slider-wrap msacwl-row-clearfix " data-conf="{&quot;autoplay&quot;:&quot;true&quot;,&quot;autoplay_speed&quot;:3000,&quot;speed&quot;:300,&quot;arrows&quot;:&quot;true&quot;,&quot;dots&quot;:&quot;true&quot;,&quot;lazyload&quot;:&quot;&quot;}">
		<div id="msacwl-slider-1" class="msacwl-slider msacwl-common-slider msacwl-slider-popup">
						<div class="msacwl-slide" data-item-index="1" >
				<a class="msacwl-img-link" href="javascript:void(0);" data-mfp-src="https://www.rivera.gub.uy/portal/wp-content/uploads/2019/11/15.png">
					<img decoding="async" class="msacwl-img" src="https://www.rivera.gub.uy/portal/wp-content/uploads/2019/11/15.png"  data-title="" alt="" />
				</a>
									<div class="msacwl-gallery-caption">
													<span class="image_title"></span>
													<span></span>
						 					</div>
							</div>
						<div class="msacwl-slide" data-item-index="2" >
				<a class="msacwl-img-link" href="javascript:void(0);" data-mfp-src="https://www.rivera.gub.uy/portal/wp-content/uploads/2019/11/19.png">
					<img decoding="async" class="msacwl-img" src="https://www.rivera.gub.uy/portal/wp-content/uploads/2019/11/19.png"  data-title="" alt="" />
				</a>
									<div class="msacwl-gallery-caption">
													<span class="image_title"></span>
													<span></span>
						 					</div>
							</div>
						<div class="msacwl-slide" data-item-index="3" >
				<a class="msacwl-img-link" href="javascript:void(0);" data-mfp-src="https://www.rivera.gub.uy/portal/wp-content/uploads/2019/11/18.png">
					<img decoding="async" class="msacwl-img" src="https://www.rivera.gub.uy/portal/wp-content/uploads/2019/11/18.png"  data-title="" alt="" />
				</a>
									<div class="msacwl-gallery-caption">
													<span class="image_title"></span>
													<span></span>
						 					</div>
							</div>
						<div class="msacwl-slide" data-item-index="4" >
				<a class="msacwl-img-link" href="javascript:void(0);" data-mfp-src="https://www.rivera.gub.uy/portal/wp-content/uploads/2019/11/17.png">
					<img decoding="async" class="msacwl-img" src="https://www.rivera.gub.uy/portal/wp-content/uploads/2019/11/17.png"  data-title="" alt="" />
				</a>
									<div class="msacwl-gallery-caption">
													<span class="image_title"></span>
													<span></span>
						 					</div>
							</div>
						<div class="msacwl-slide" data-item-index="5" >
				<a class="msacwl-img-link" href="javascript:void(0);" data-mfp-src="https://www.rivera.gub.uy/portal/wp-content/uploads/2019/11/16.png">
					<img decoding="async" class="msacwl-img" src="https://www.rivera.gub.uy/portal/wp-content/uploads/2019/11/16.png"  data-title="" alt="" />
				</a>
									<div class="msacwl-gallery-caption">
													<span class="image_title"></span>
													<span></span>
						 					</div>
							</div>
					</div>
	</div>

<p>En la jornada del 13 de diciembre de Rivera Brilla, en Plaza Artigas, tendrá lugar la Feria Gastronómica Navideña y Artesanías. El evento contará también con las presentaciones del Grupo Amanecer (Vichadero), Academia Actitutte y Escuela de Ballet Gabriela Oviedo. El cierre será con &#8220;Cultura a la Calle&#8221;, despliegue de Candombe por Av. Sarandí. &nbsp;</p>
