{"id":19925,"date":"2019-11-28T08:03:27","date_gmt":"2019-11-28T11:03:27","guid":{"rendered":"https:\/\/www.rivera.gub.uy\/portal\/?post_type=tribe_events&#038;p=19925"},"modified":"2019-12-13T13:05:19","modified_gmt":"2019-12-13T16:05:19","slug":"museos-en-la-noche","status":"publish","type":"tribe_events","link":"https:\/\/www.rivera.gub.uy\/portal\/evento\/museos-en-la-noche\/","title":{"rendered":"Museos en la Noche"},"content":{"rendered":"<p>En el marco de &#8220;<a href=\"http:\/\/www.rivera.gub.uy\/riverabrilla\" target=\"_blank\" rel=\"noopener noreferrer\">Rivera Brilla 2019<\/a>&#8220;, se llevar\u00e1 a cabo la edici\u00f3n &#8220;15 a\u00f1os Construyendo Cultura&#8221;, en el Museo de Artes Pl\u00e1sticas.<\/p>\n<p>&nbsp;<\/p>\n<p><a href=\"https:\/\/www.rivera.gub.uy\/portal\/wp-content\/uploads\/2019\/11\/INVITACI\u00d3N-2.png\"><img loading=\"lazy\" decoding=\"async\" class=\"aligncenter wp-image-20547 size-large\" src=\"https:\/\/www.rivera.gub.uy\/portal\/wp-content\/uploads\/2019\/11\/INVITACI\u00d3N-2-939x626.png\" alt=\"\" width=\"939\" height=\"626\" srcset=\"https:\/\/www.rivera.gub.uy\/portal\/wp-content\/uploads\/2019\/11\/INVITACI\u00d3N-2-939x626.png 939w, https:\/\/www.rivera.gub.uy\/portal\/wp-content\/uploads\/2019\/11\/INVITACI\u00d3N-2-141x94.png 141w, https:\/\/www.rivera.gub.uy\/portal\/wp-content\/uploads\/2019\/11\/INVITACI\u00d3N-2-282x188.png 282w, https:\/\/www.rivera.gub.uy\/portal\/wp-content\/uploads\/2019\/11\/INVITACI\u00d3N-2-768x512.png 768w, https:\/\/www.rivera.gub.uy\/portal\/wp-content\/uploads\/2019\/11\/INVITACI\u00d3N-2-600x400.png 600w, https:\/\/www.rivera.gub.uy\/portal\/wp-content\/uploads\/2019\/11\/INVITACI\u00d3N-2-820x547.png 820w, https:\/\/www.rivera.gub.uy\/portal\/wp-content\/uploads\/2019\/11\/INVITACI\u00d3N-2-272x182.png 272w, https:\/\/www.rivera.gub.uy\/portal\/wp-content\/uploads\/2019\/11\/INVITACI\u00d3N-2.png 1772w\" sizes=\"auto, (max-width: 939px) 100vw, 939px\" \/><\/a><\/p>\n<p>&nbsp;<\/p>\n","protected":false},"excerpt":{"rendered":"<p>En el marco de &#8220;Rivera Brilla 2019&#8220;, se llevar\u00e1 a cabo la edici\u00f3n &#8220;15 a\u00f1os Construyendo Cultura&#8221;, en el Museo de Artes Pl\u00e1sticas. &nbsp; &nbsp;<\/p>\n","protected":false},"author":1,"featured_media":19926,"template":"","meta":{"_tribe_events_status":"","_tribe_events_status_reason":"","footnotes":""},"tags":[1044,36,256,1045,33,289],"tribe_events_cat":[253,302,456],"class_list":["post-19925","tribe_events","type-tribe_events","status-publish","has-post-thumbnail","hentry","tag-artes","tag-intendencia","tag-museo","tag-plasticas","tag-rivera","tag-rivera-brilla","tribe_events_cat-cultura","tribe_events_cat-idr","tribe_events_cat-turismo","cat_cultura","cat_idr","cat_turismo"],"_links":{"self":[{"href":"https:\/\/www.rivera.gub.uy\/portal\/wp-json\/wp\/v2\/tribe_events\/19925","targetHints":{"allow":["GET"]}}],"collection":[{"href":"https:\/\/www.rivera.gub.uy\/portal\/wp-json\/wp\/v2\/tribe_events"}],"about":[{"href":"https:\/\/www.rivera.gub.uy\/portal\/wp-json\/wp\/v2\/types\/tribe_events"}],"author":[{"embeddable":true,"href":"https:\/\/www.rivera.gub.uy\/portal\/wp-json\/wp\/v2\/users\/1"}],"version-history":[{"count":2,"href":"https:\/\/www.rivera.gub.uy\/portal\/wp-json\/wp\/v2\/tribe_events\/19925\/revisions"}],"predecessor-version":[{"id":20548,"href":"https:\/\/www.rivera.gub.uy\/portal\/wp-json\/wp\/v2\/tribe_events\/19925\/revisions\/20548"}],"wp:featuredmedia":[{"embeddable":true,"href":"https:\/\/www.rivera.gub.uy\/portal\/wp-json\/wp\/v2\/media\/19926"}],"wp:attachment":[{"href":"https:\/\/www.rivera.gub.uy\/portal\/wp-json\/wp\/v2\/media?parent=19925"}],"wp:term":[{"taxonomy":"post_tag","embeddable":true,"href":"https:\/\/www.rivera.gub.uy\/portal\/wp-json\/wp\/v2\/tags?post=19925"},{"taxonomy":"tribe_events_cat","embeddable":true,"href":"https:\/\/www.rivera.gub.uy\/portal\/wp-json\/wp\/v2\/tribe_events_cat?post=19925"}],"curies":[{"name":"wp","href":"https:\/\/api.w.org\/{rel}","templated":true}]}}

<p>En el marco de &#8220;<a href="http://www.rivera.gub.uy/riverabrilla" target="_blank" rel="noopener noreferrer">Rivera Brilla 2019</a>&#8220;, se llevará a cabo la edición &#8220;15 años Construyendo Cultura&#8221;, en el Museo de Artes Plásticas.</p>
<p>&nbsp;</p>
<p><a href="https://www.rivera.gub.uy/portal/wp-content/uploads/2019/11/INVITACIÓN-2.png"><img loading="lazy" decoding="async" class="aligncenter wp-image-20547 size-large" src="https://www.rivera.gub.uy/portal/wp-content/uploads/2019/11/INVITACIÓN-2-939x626.png" alt="" width="939" height="626" srcset="https://www.rivera.gub.uy/portal/wp-content/uploads/2019/11/INVITACIÓN-2-939x626.png 939w, https://www.rivera.gub.uy/portal/wp-content/uploads/2019/11/INVITACIÓN-2-141x94.png 141w, https://www.rivera.gub.uy/portal/wp-content/uploads/2019/11/INVITACIÓN-2-282x188.png 282w, https://www.rivera.gub.uy/portal/wp-content/uploads/2019/11/INVITACIÓN-2-768x512.png 768w, https://www.rivera.gub.uy/portal/wp-content/uploads/2019/11/INVITACIÓN-2-600x400.png 600w, https://www.rivera.gub.uy/portal/wp-content/uploads/2019/11/INVITACIÓN-2-820x547.png 820w, https://www.rivera.gub.uy/portal/wp-content/uploads/2019/11/INVITACIÓN-2-272x182.png 272w, https://www.rivera.gub.uy/portal/wp-content/uploads/2019/11/INVITACIÓN-2.png 1772w" sizes="auto, (max-width: 939px) 100vw, 939px" /></a></p>
<p>&nbsp;</p>

<p>En el marco de &#8220;Rivera Brilla 2019&#8220;, se llevará a cabo la edición &#8220;15 años Construyendo Cultura&#8221;, en el Museo de Artes Plásticas. &nbsp; &nbsp;</p>
