{"id":20021,"date":"2019-11-28T09:31:41","date_gmt":"2019-11-28T12:31:41","guid":{"rendered":"https:\/\/www.rivera.gub.uy\/portal\/?post_type=tribe_events&#038;p=20021"},"modified":"2019-11-28T09:31:41","modified_gmt":"2019-11-28T12:31:41","slug":"rivera-brilla-tenis-de-mesa-2","status":"publish","type":"tribe_events","link":"https:\/\/www.rivera.gub.uy\/portal\/evento\/rivera-brilla-tenis-de-mesa-2\/","title":{"rendered":"Rivera Brilla-Tenis de Mesa"},"content":{"rendered":"<p>Los d\u00edas 7 y 14 de diciembre, en Shopping Melanc\u00eda, se llevar\u00e1 a cabo el &#8220;Torneo Rivera Brilla de Tenis de Mesa&#8221;<\/p>\n","protected":false},"excerpt":{"rendered":"<p>Los d\u00edas 7 y 14 de diciembre, en Shopping Melanc\u00eda, se llevar\u00e1 a cabo el &#8220;Torneo Rivera Brilla de Tenis de Mesa&#8221;<\/p>\n","protected":false},"author":1,"featured_media":20020,"template":"","meta":{"_tribe_events_status":"","_tribe_events_status_reason":"","footnotes":""},"tags":[36,33,289],"tribe_events_cat":[253,264,302,456],"class_list":["post-20021","tribe_events","type-tribe_events","status-publish","has-post-thumbnail","hentry","tag-intendencia","tag-rivera","tag-rivera-brilla","tribe_events_cat-cultura","tribe_events_cat-desarrollo","tribe_events_cat-idr","tribe_events_cat-turismo","cat_cultura","cat_desarrollo","cat_idr","cat_turismo"],"_links":{"self":[{"href":"https:\/\/www.rivera.gub.uy\/portal\/wp-json\/wp\/v2\/tribe_events\/20021","targetHints":{"allow":["GET"]}}],"collection":[{"href":"https:\/\/www.rivera.gub.uy\/portal\/wp-json\/wp\/v2\/tribe_events"}],"about":[{"href":"https:\/\/www.rivera.gub.uy\/portal\/wp-json\/wp\/v2\/types\/tribe_events"}],"author":[{"embeddable":true,"href":"https:\/\/www.rivera.gub.uy\/portal\/wp-json\/wp\/v2\/users\/1"}],"version-history":[{"count":1,"href":"https:\/\/www.rivera.gub.uy\/portal\/wp-json\/wp\/v2\/tribe_events\/20021\/revisions"}],"predecessor-version":[{"id":20022,"href":"https:\/\/www.rivera.gub.uy\/portal\/wp-json\/wp\/v2\/tribe_events\/20021\/revisions\/20022"}],"wp:featuredmedia":[{"embeddable":true,"href":"https:\/\/www.rivera.gub.uy\/portal\/wp-json\/wp\/v2\/media\/20020"}],"wp:attachment":[{"href":"https:\/\/www.rivera.gub.uy\/portal\/wp-json\/wp\/v2\/media?parent=20021"}],"wp:term":[{"taxonomy":"post_tag","embeddable":true,"href":"https:\/\/www.rivera.gub.uy\/portal\/wp-json\/wp\/v2\/tags?post=20021"},{"taxonomy":"tribe_events_cat","embeddable":true,"href":"https:\/\/www.rivera.gub.uy\/portal\/wp-json\/wp\/v2\/tribe_events_cat?post=20021"}],"curies":[{"name":"wp","href":"https:\/\/api.w.org\/{rel}","templated":true}]}}

<p>Los días 7 y 14 de diciembre, en Shopping Melancía, se llevará a cabo el &#8220;Torneo Rivera Brilla de Tenis de Mesa&#8221;</p>
