{"id":20249,"date":"2019-12-04T14:08:48","date_gmt":"2019-12-04T17:08:48","guid":{"rendered":"https:\/\/www.rivera.gub.uy\/portal\/?post_type=tribe_events&#038;p=20249"},"modified":"2019-12-04T14:08:54","modified_gmt":"2019-12-04T17:08:54","slug":"toto-garcia-y-cuarteto-gaucho","status":"publish","type":"tribe_events","link":"https:\/\/www.rivera.gub.uy\/portal\/evento\/toto-garcia-y-cuarteto-gaucho\/","title":{"rendered":"Toto Garc\u00eda y Cuarteto Ga\u00facho"},"content":{"rendered":"<p>El 28 de diciembre, se presenta en Plaza Artigas Toto Garc\u00eda y Cuarteto Ga\u00facho.<\/p>\n<p>El show, que se realiza en el marco de Rivera Brilla, tendr\u00e1 lugar a las 22 hs.<\/p>\n<p>&nbsp;<\/p>\n","protected":false},"excerpt":{"rendered":"<p>El 28 de diciembre, se presenta en Plaza Artigas Toto Garc\u00eda y Cuarteto Ga\u00facho. El show, que se realiza en el marco de Rivera Brilla, tendr\u00e1 lugar a las 22 hs. &nbsp;<\/p>\n","protected":false},"author":1,"featured_media":20250,"template":"","meta":{"_tribe_events_status":"","_tribe_events_status_reason":"","footnotes":""},"tags":[],"tribe_events_cat":[253,302,456],"class_list":["post-20249","tribe_events","type-tribe_events","status-publish","has-post-thumbnail","hentry","tribe_events_cat-cultura","tribe_events_cat-idr","tribe_events_cat-turismo","cat_cultura","cat_idr","cat_turismo"],"_links":{"self":[{"href":"https:\/\/www.rivera.gub.uy\/portal\/wp-json\/wp\/v2\/tribe_events\/20249","targetHints":{"allow":["GET"]}}],"collection":[{"href":"https:\/\/www.rivera.gub.uy\/portal\/wp-json\/wp\/v2\/tribe_events"}],"about":[{"href":"https:\/\/www.rivera.gub.uy\/portal\/wp-json\/wp\/v2\/types\/tribe_events"}],"author":[{"embeddable":true,"href":"https:\/\/www.rivera.gub.uy\/portal\/wp-json\/wp\/v2\/users\/1"}],"version-history":[{"count":1,"href":"https:\/\/www.rivera.gub.uy\/portal\/wp-json\/wp\/v2\/tribe_events\/20249\/revisions"}],"predecessor-version":[{"id":20251,"href":"https:\/\/www.rivera.gub.uy\/portal\/wp-json\/wp\/v2\/tribe_events\/20249\/revisions\/20251"}],"wp:featuredmedia":[{"embeddable":true,"href":"https:\/\/www.rivera.gub.uy\/portal\/wp-json\/wp\/v2\/media\/20250"}],"wp:attachment":[{"href":"https:\/\/www.rivera.gub.uy\/portal\/wp-json\/wp\/v2\/media?parent=20249"}],"wp:term":[{"taxonomy":"post_tag","embeddable":true,"href":"https:\/\/www.rivera.gub.uy\/portal\/wp-json\/wp\/v2\/tags?post=20249"},{"taxonomy":"tribe_events_cat","embeddable":true,"href":"https:\/\/www.rivera.gub.uy\/portal\/wp-json\/wp\/v2\/tribe_events_cat?post=20249"}],"curies":[{"name":"wp","href":"https:\/\/api.w.org\/{rel}","templated":true}]}}

Toto García y Cuarteto Gaúcho

<p>El 28 de diciembre, se presenta en Plaza Artigas Toto García y Cuarteto Gaúcho.</p>
<p>El show, que se realiza en el marco de Rivera Brilla, tendrá lugar a las 22 hs.</p>
<p>&nbsp;</p>

<p>El 28 de diciembre, se presenta en Plaza Artigas Toto García y Cuarteto Gaúcho. El show, que se realiza en el marco de Rivera Brilla, tendrá lugar a las 22 hs. &nbsp;</p>
