{"id":20288,"date":"2019-12-05T11:22:18","date_gmt":"2019-12-05T14:22:18","guid":{"rendered":"https:\/\/www.rivera.gub.uy\/portal\/?post_type=tribe_events&#038;p=20288"},"modified":"2019-12-05T11:22:29","modified_gmt":"2019-12-05T14:22:29","slug":"bryan-alvez","status":"publish","type":"tribe_events","link":"https:\/\/www.rivera.gub.uy\/portal\/evento\/bryan-alvez\/","title":{"rendered":"Bryan \u00c1lvez"},"content":{"rendered":"<p>El viernes 20 de diciembre, en el marco de Rivera Brilla, se presentar\u00e1 Bryan \u00c1lvez.<\/p>\n<p>El show tendr\u00e1 lugar en Plaza Artigas, a las 23 horas.<\/p>\n","protected":false},"excerpt":{"rendered":"<p>El viernes 20 de diciembre, en el marco de Rivera Brilla, se presentar\u00e1 Bryan \u00c1lvez. El show tendr\u00e1 lugar en Plaza Artigas, a las 23 horas.<\/p>\n","protected":false},"author":1,"featured_media":20289,"template":"","meta":{"_tribe_events_status":"","_tribe_events_status_reason":"","footnotes":""},"tags":[],"tribe_events_cat":[253,302],"class_list":["post-20288","tribe_events","type-tribe_events","status-publish","has-post-thumbnail","hentry","tribe_events_cat-cultura","tribe_events_cat-idr","cat_cultura","cat_idr"],"_links":{"self":[{"href":"https:\/\/www.rivera.gub.uy\/portal\/wp-json\/wp\/v2\/tribe_events\/20288","targetHints":{"allow":["GET"]}}],"collection":[{"href":"https:\/\/www.rivera.gub.uy\/portal\/wp-json\/wp\/v2\/tribe_events"}],"about":[{"href":"https:\/\/www.rivera.gub.uy\/portal\/wp-json\/wp\/v2\/types\/tribe_events"}],"author":[{"embeddable":true,"href":"https:\/\/www.rivera.gub.uy\/portal\/wp-json\/wp\/v2\/users\/1"}],"version-history":[{"count":1,"href":"https:\/\/www.rivera.gub.uy\/portal\/wp-json\/wp\/v2\/tribe_events\/20288\/revisions"}],"predecessor-version":[{"id":20290,"href":"https:\/\/www.rivera.gub.uy\/portal\/wp-json\/wp\/v2\/tribe_events\/20288\/revisions\/20290"}],"wp:featuredmedia":[{"embeddable":true,"href":"https:\/\/www.rivera.gub.uy\/portal\/wp-json\/wp\/v2\/media\/20289"}],"wp:attachment":[{"href":"https:\/\/www.rivera.gub.uy\/portal\/wp-json\/wp\/v2\/media?parent=20288"}],"wp:term":[{"taxonomy":"post_tag","embeddable":true,"href":"https:\/\/www.rivera.gub.uy\/portal\/wp-json\/wp\/v2\/tags?post=20288"},{"taxonomy":"tribe_events_cat","embeddable":true,"href":"https:\/\/www.rivera.gub.uy\/portal\/wp-json\/wp\/v2\/tribe_events_cat?post=20288"}],"curies":[{"name":"wp","href":"https:\/\/api.w.org\/{rel}","templated":true}]}}

Bryan Álvez

<p>El viernes 20 de diciembre, en el marco de Rivera Brilla, se presentará Bryan Álvez.</p>
<p>El show tendrá lugar en Plaza Artigas, a las 23 horas.</p>

<p>El viernes 20 de diciembre, en el marco de Rivera Brilla, se presentará Bryan Álvez. El show tendrá lugar en Plaza Artigas, a las 23 horas.</p>
