{"id":20294,"date":"2019-12-05T11:31:45","date_gmt":"2019-12-05T14:31:45","guid":{"rendered":"https:\/\/www.rivera.gub.uy\/portal\/?post_type=tribe_events&#038;p=20294"},"modified":"2019-12-05T11:32:01","modified_gmt":"2019-12-05T14:32:01","slug":"emiliano-y-agustin","status":"publish","type":"tribe_events","link":"https:\/\/www.rivera.gub.uy\/portal\/evento\/emiliano-y-agustin\/","title":{"rendered":"Emiliano y Agust\u00edn"},"content":{"rendered":"<p>El viernes 20 de diciembre, en el marco de Rivera Brilla, se presentar\u00e1 el d\u00fao &#8220;Emiliano y Agust\u00edn&#8221;.<\/p>\n<p>El show tendr\u00e1 lugar en Plaza Artigas, a las 21 horas.<\/p>\n","protected":false},"excerpt":{"rendered":"<p>El viernes 20 de diciembre, en el marco de Rivera Brilla, se presentar\u00e1 el d\u00fao &#8220;Emiliano y Agust\u00edn&#8221;. El show tendr\u00e1 lugar en Plaza Artigas, a las 21 horas.<\/p>\n","protected":false},"author":1,"featured_media":20295,"template":"","meta":{"_tribe_events_status":"","_tribe_events_status_reason":"","footnotes":""},"tags":[],"tribe_events_cat":[253,302],"class_list":["post-20294","tribe_events","type-tribe_events","status-publish","has-post-thumbnail","hentry","tribe_events_cat-cultura","tribe_events_cat-idr","cat_cultura","cat_idr"],"_links":{"self":[{"href":"https:\/\/www.rivera.gub.uy\/portal\/wp-json\/wp\/v2\/tribe_events\/20294","targetHints":{"allow":["GET"]}}],"collection":[{"href":"https:\/\/www.rivera.gub.uy\/portal\/wp-json\/wp\/v2\/tribe_events"}],"about":[{"href":"https:\/\/www.rivera.gub.uy\/portal\/wp-json\/wp\/v2\/types\/tribe_events"}],"author":[{"embeddable":true,"href":"https:\/\/www.rivera.gub.uy\/portal\/wp-json\/wp\/v2\/users\/1"}],"version-history":[{"count":1,"href":"https:\/\/www.rivera.gub.uy\/portal\/wp-json\/wp\/v2\/tribe_events\/20294\/revisions"}],"predecessor-version":[{"id":20296,"href":"https:\/\/www.rivera.gub.uy\/portal\/wp-json\/wp\/v2\/tribe_events\/20294\/revisions\/20296"}],"wp:featuredmedia":[{"embeddable":true,"href":"https:\/\/www.rivera.gub.uy\/portal\/wp-json\/wp\/v2\/media\/20295"}],"wp:attachment":[{"href":"https:\/\/www.rivera.gub.uy\/portal\/wp-json\/wp\/v2\/media?parent=20294"}],"wp:term":[{"taxonomy":"post_tag","embeddable":true,"href":"https:\/\/www.rivera.gub.uy\/portal\/wp-json\/wp\/v2\/tags?post=20294"},{"taxonomy":"tribe_events_cat","embeddable":true,"href":"https:\/\/www.rivera.gub.uy\/portal\/wp-json\/wp\/v2\/tribe_events_cat?post=20294"}],"curies":[{"name":"wp","href":"https:\/\/api.w.org\/{rel}","templated":true}]}}

Emiliano y Agustín

<p>El viernes 20 de diciembre, en el marco de Rivera Brilla, se presentará el dúo &#8220;Emiliano y Agustín&#8221;.</p>
<p>El show tendrá lugar en Plaza Artigas, a las 21 horas.</p>

<p>El viernes 20 de diciembre, en el marco de Rivera Brilla, se presentará el dúo &#8220;Emiliano y Agustín&#8221;. El show tendrá lugar en Plaza Artigas, a las 21 horas.</p>
